000
CDUS41 KCLE 230534
CLICAK


CLIMATE REPORT
NATIONAL WEATHER SERVICE CLEVELAND OH
133 AM EDT WED APR 23 2014


...................................

...THE AKRON CANTON OH CLIMATE SUMMARY FOR APRIL 22 2014...

CLIMATE NORMAL PERIOD 1981 TO 2010
CLIMATE RECORD PERIOD 1887 TO 2014


WEATHER ITEM   OBSERVED TIME   RECORD YEAR NORMAL DEPARTURE LAST
                VALUE   (LST)  VALUE       VALUE  FROM      YEAR
                                                  NORMAL
..................................................................
TEMPERATURE (F)
 YESTERDAY
  MAXIMUM         68   1057 AM  85    1985  62      6       65
  MINIMUM         43   1159 PM  23    1978  41      2       36
  AVERAGE         56                        52      4       51

PRECIPITATION (IN)
  YESTERDAY        0.00                      0.11  -0.11     0.00
  MONTH TO DATE    3.19                      2.63   0.56     3.20
  SINCE MAR 1      5.77                      5.61   0.16     5.26
  SINCE JAN 1      9.28                     10.53  -1.25     9.45

SNOWFALL (IN)
  YESTERDAY        0.0                       0.0    0.0      0.0
  MONTH TO DATE    0.9                       2.5   -1.6      0.3
  SINCE MAR 1     10.6                      10.7   -0.1     10.8
  SINCE JUL 1     69.9                      47.2   22.7     47.2
  SNOW DEPTH       0

DEGREE DAYS
 HEATING
  YESTERDAY        9                        14     -5       14
  MONTH TO DATE  297                       382    -85      349
  SINCE MAR 1   1313                      1233     80     1292
  SINCE JUL 1   6136                      5777    359     5553

 COOLING
  YESTERDAY        0                         0      0        0
  MONTH TO DATE    3                         0      3        7
  SINCE MAR 1      3                         0      3        7
  SINCE JAN 1      3                         0      3        7
..................................................................


WIND (MPH)
  HIGHEST WIND SPEED    21   HIGHEST WIND DIRECTION     N (10)
  HIGHEST GUST SPEED    21   HIGHEST GUST DIRECTION     N (10)
  AVERAGE WIND SPEED    12.5


SKY COVER
  POSSIBLE SUNSHINE  MM
  AVERAGE SKY COVER 0.9


WEATHER CONDITIONS
 THE FOLLOWING WEATHER WAS RECORDED YESTERDAY.
  LIGHT RAIN
  FOG
  FOG W/VISIBILITY <= 1/4 MILE
  HAZE


RELATIVE HUMIDITY (PERCENT)
 HIGHEST   100           700 AM
 LOWEST     45           500 PM
 AVERAGE    73

..........................................................


THE AKRON CANTON OH CLIMATE NORMALS FOR TODAY
                         NORMAL    RECORD    YEAR
 MAXIMUM TEMPERATURE (F)   63        88      1925
 MINIMUM TEMPERATURE (F)   41        23      1936


SUNRISE AND SUNSET
APRIL 23 2014.........SUNRISE   635 AM EDT   SUNSET   814 PM EDT
APRIL 24 2014.........SUNRISE   633 AM EDT   SUNSET   815 PM EDT


-  INDICATES NEGATIVE NUMBERS.
R  INDICATES RECORD WAS SET OR TIED.
MM INDICATES DATA IS MISSING.
T  INDICATES TRACE AMOUNT.




$$
