000
CDUS45 KABQ 300830
CLICAO


CLIMATE REPORT
NATIONAL WEATHER SERVICE ALBUQUERQUE NM
230 AM MDT TUE SEP 30 2014


...................................

...THE CLAYTON  NM CLIMATE SUMMARY FOR SEPTEMBER 29 2014...

CLIMATE NORMAL PERIOD 1981 TO 2010
CLIMATE RECORD PERIOD 1896 TO 2014


WEATHER ITEM   OBSERVED TIME   RECORD YEAR NORMAL DEPARTURE
                VALUE   (LST)  VALUE       VALUE  FROM
                                                  NORMAL
...............................................................
TEMPERATURE (F)
 YESTERDAY
  MAXIMUM         78    205 PM  94    2010  74      4
  MINIMUM         57   1159 PM  26    1985  47     10
  AVERAGE         68                        60      8

PRECIPITATION (IN)
  YESTERDAY        0.39          1.43 1945   0.04   0.35
  MONTH TO DATE    3.13                      1.63   1.50
  SINCE SEP 1      3.13                      1.63   1.50
  SINCE JAN 1     11.66                     13.83  -2.17

SNOWFALL (IN)
  YESTERDAY        0.0
  MONTH TO DATE    0.0
  SINCE SEP 1      0.0
  SINCE JUL 1      0.0

DEGREE DAYS
 HEATING
  YESTERDAY        0                         6     -6
  MONTH TO DATE   43                        73    -30
  SINCE SEP 1     43                        73    -30
  SINCE JUL 1     43                        79    -36

 COOLING
  YESTERDAY        3                         1      2
  MONTH TO DATE  111                       102      9
  SINCE SEP 1    111                       102      9
  SINCE JAN 1   1115                       899    216
...............................................................


WIND (MPH)
  HIGHEST WIND SPEED    35   HIGHEST WIND DIRECTION     S (170)
  HIGHEST GUST SPEED    41   HIGHEST GUST DIRECTION    SE (140)
  AVERAGE WIND SPEED    16.1


SKY COVER
  AVERAGE SKY COVER 0.7


WEATHER CONDITIONS
 THE FOLLOWING WEATHER WAS RECORDED YESTERDAY.
  THUNDERSTORM
  HEAVY RAIN
  LIGHT RAIN
  FOG


RELATIVE HUMIDITY (PERCENT)
 HIGHEST    93           600 PM
 LOWEST     46           200 PM
 AVERAGE    70

..........................................................


THE CLAYTON  NM CLIMATE NORMALS FOR TODAY
                         NORMAL    RECORD    YEAR
 MAXIMUM TEMPERATURE (F)   74        91      2009
                                             1928
 MINIMUM TEMPERATURE (F)   46        28      1985
                                             1984


SUNRISE AND SUNSET
SEPTEMBER 30 2014.....SUNRISE   647 AM MDT   SUNSET   638 PM MDT
OCTOBER  1 2014.......SUNRISE   648 AM MDT   SUNSET   636 PM MDT


-  INDICATES NEGATIVE NUMBERS.
R  INDICATES RECORD WAS SET OR TIED.
MM INDICATES DATA IS MISSING.
T  INDICATES TRACE AMOUNT.




$$
