000
CDUS45 KABQ 130845
CLICAO


CLIMATE REPORT
NATIONAL WEATHER SERVICE ALBUQUERQUE NM
145 AM MST WED DEC 13 2017


...................................

...THE CLAYTON  NM CLIMATE SUMMARY FOR DECEMBER 12 2017...

CLIMATE NORMAL PERIOD 1981 TO 2010
CLIMATE RECORD PERIOD 1896 TO 2017


WEATHER ITEM   OBSERVED TIME   RECORD YEAR NORMAL DEPARTURE
                VALUE   (LST)  VALUE       VALUE  FROM
                                                  NORMAL
...............................................................
TEMPERATURE (F)
 YESTERDAY
  MAXIMUM         62    207 PM  74    1921  47     15
  MINIMUM         23    435 AM  -5    1899  22      1
  AVERAGE         43                        34      9

PRECIPITATION (IN)
  YESTERDAY        0.00          0.40 1897   0.01  -0.01
  MONTH TO DATE    0.00                      0.13  -0.13
  SINCE DEC 1      0.00                      0.13  -0.13
  SINCE JAN 1     20.41                     15.56   4.85

SNOWFALL (IN)
  YESTERDAY        0.0
  MONTH TO DATE    0.0
  SINCE DEC 1      0.0
  SINCE JUL 1      0.5

DEGREE DAYS
 HEATING
  YESTERDAY       22                        30     -8
  MONTH TO DATE  285                       352    -67
  SINCE DEC 1    285                       352    -67
  SINCE JUL 1   1170                      1404   -234

 COOLING
  YESTERDAY        0                         0      0
  MONTH TO DATE    0                         0      0
  SINCE DEC 1      0                         0      0
  SINCE JAN 1    827                       909    -82
...............................................................


WIND (MPH)
  HIGHEST WIND SPEED    23   HIGHEST WIND DIRECTION     W (250)
  HIGHEST GUST SPEED    29   HIGHEST GUST DIRECTION     W (250)
  AVERAGE WIND SPEED    13.0


SKY COVER
  AVERAGE SKY COVER 0.0


WEATHER CONDITIONS
 THE FOLLOWING WEATHER WAS RECORDED YESTERDAY.
  NO SIGNIFICANT WEATHER WAS OBSERVED.


RELATIVE HUMIDITY (PERCENT)
 HIGHEST    50           500 AM
 LOWEST     11           100 PM
 AVERAGE    31

..........................................................


THE CLAYTON  NM CLIMATE NORMALS FOR TODAY
                         NORMAL    RECORD    YEAR
 MAXIMUM TEMPERATURE (F)   47        81      1921
 MINIMUM TEMPERATURE (F)   22         1      1919


SUNRISE AND SUNSET
DECEMBER 13 2017......SUNRISE   656 AM MST   SUNSET   438 PM MST
DECEMBER 14 2017......SUNRISE   657 AM MST   SUNSET   438 PM MST


-  INDICATES NEGATIVE NUMBERS.
R  INDICATES RECORD WAS SET OR TIED.
MM INDICATES DATA IS MISSING.
T  INDICATES TRACE AMOUNT.




$$
