000
CDUS45 KABQ 240826
CLICAO


CLIMATE REPORT
NATIONAL WEATHER SERVICE ALBUQUERQUE NM
225 AM MDT SAT JUN 24 2017


...................................

...THE CLAYTON  NM CLIMATE SUMMARY FOR JUNE 23 2017...

CLIMATE NORMAL PERIOD 1981 TO 2010
CLIMATE RECORD PERIOD 1896 TO 2017


WEATHER ITEM   OBSERVED TIME   RECORD YEAR NORMAL DEPARTURE
                VALUE   (LST)  VALUE       VALUE  FROM
                                                  NORMAL
...............................................................
TEMPERATURE (F)
 YESTERDAY
  MAXIMUM         74    114 PM 102    1924  87    -13
  MINIMUM         58    824 PM  45    1926  58      0
  AVERAGE         66                        72     -6

PRECIPITATION (IN)
  YESTERDAY        0.00          1.20 1932   0.07  -0.07
  MONTH TO DATE    0.24                      1.62  -1.38
  SINCE JUN 1      0.24                      1.62  -1.38
  SINCE JAN 1      7.99                      6.09   1.90

SNOWFALL (IN)
  YESTERDAY        0.0
  MONTH TO DATE    0.0
  SINCE JUN 1      0.0
  SINCE JUL 1     25.3

DEGREE DAYS
 HEATING
  YESTERDAY        0                         0      0
  MONTH TO DATE    0                        21    -21
  SINCE JUN 1      0                        21    -21
  SINCE JUL 1   4012                      4882   -870

 COOLING
  YESTERDAY        1                         8     -7
  MONTH TO DATE  153                       124     29
  SINCE JUN 1    153                       124     29
  SINCE JAN 1    185                       175     10
...............................................................


WIND (MPH)
  HIGHEST WIND SPEED    31   HIGHEST WIND DIRECTION     N (20)
  HIGHEST GUST SPEED    39   HIGHEST GUST DIRECTION    NE (50)
  AVERAGE WIND SPEED    15.4


SKY COVER
  AVERAGE SKY COVER 0.4


WEATHER CONDITIONS
 THE FOLLOWING WEATHER WAS RECORDED YESTERDAY.
  NO SIGNIFICANT WEATHER WAS OBSERVED.


RELATIVE HUMIDITY (PERCENT)
 HIGHEST    93           500 AM
 LOWEST     40          1100 AM
 AVERAGE    67

..........................................................


THE CLAYTON  NM CLIMATE NORMALS FOR TODAY
                         NORMAL    RECORD    YEAR
 MAXIMUM TEMPERATURE (F)   87       102      1990
 MINIMUM TEMPERATURE (F)   58        49      1940
                                             1928


SUNRISE AND SUNSET
JUNE 24 2017..........SUNRISE   536 AM MDT   SUNSET   814 PM MDT
JUNE 25 2017..........SUNRISE   536 AM MDT   SUNSET   815 PM MDT


-  INDICATES NEGATIVE NUMBERS.
R  INDICATES RECORD WAS SET OR TIED.
MM INDICATES DATA IS MISSING.
T  INDICATES TRACE AMOUNT.




$$
