000
CDUS45 KABQ 290839
CLICAO


CLIMATE REPORT
NATIONAL WEATHER SERVICE ALBUQUERQUE NM
238 AM MDT FRI APR 29 2016


...................................

...THE CLAYTON  NM CLIMATE SUMMARY FOR APRIL 28 2016...

CLIMATE NORMAL PERIOD 1981 TO 2010
CLIMATE RECORD PERIOD 1896 TO 2016


WEATHER ITEM   OBSERVED TIME   RECORD YEAR NORMAL DEPARTURE
                VALUE   (LST)  VALUE       VALUE  FROM
                                                  NORMAL
...............................................................
TEMPERATURE (F)
 YESTERDAY
  MAXIMUM         59    402 PM  89    1910  71    -12
  MINIMUM         38    150 AM  27    1917  42     -4
  AVERAGE         49                        56     -7

PRECIPITATION (IN)
  YESTERDAY        0.43          1.54 1944   0.04   0.39
  MONTH TO DATE    1.50                      0.87   0.63
  SINCE MAR 1      1.69                      1.82  -0.13
  SINCE JAN 1      2.13                      2.44  -0.31

SNOWFALL (IN)
  YESTERDAY        0.0
  MONTH TO DATE    0.0
  SINCE MAR 1      1.6
  SINCE JUL 1     25.0

DEGREE DAYS
 HEATING
  YESTERDAY       16                         9      7
  MONTH TO DATE  313                       367    -54
  SINCE MAR 1    833                      1011   -178
  SINCE JUL 1   4083                      4688   -605

 COOLING
  YESTERDAY        0                         0      0
  MONTH TO DATE    0                         0      0
  SINCE MAR 1      0                         1     -1
  SINCE JAN 1      0                         1     -1
...............................................................


WIND (MPH)
  HIGHEST WIND SPEED    29   HIGHEST WIND DIRECTION    NE (40)
  HIGHEST GUST SPEED    36   HIGHEST GUST DIRECTION     E (70)
  AVERAGE WIND SPEED    17.7


SKY COVER
  AVERAGE SKY COVER 0.7


WEATHER CONDITIONS
 THE FOLLOWING WEATHER WAS RECORDED YESTERDAY.
  THUNDERSTORM
  HEAVY RAIN
  RAIN
  LIGHT RAIN
  FOG


RELATIVE HUMIDITY (PERCENT)
 HIGHEST    76           600 AM
 LOWEST     51           400 PM
 AVERAGE    64

..........................................................


THE CLAYTON  NM CLIMATE NORMALS FOR TODAY
                         NORMAL    RECORD    YEAR
 MAXIMUM TEMPERATURE (F)   71        87      1981
 MINIMUM TEMPERATURE (F)   42        24      1917


SUNRISE AND SUNSET
APRIL 29 2016.........SUNRISE   601 AM MDT   SUNSET   739 PM MDT
APRIL 30 2016.........SUNRISE   600 AM MDT   SUNSET   740 PM MDT


-  INDICATES NEGATIVE NUMBERS.
R  INDICATES RECORD WAS SET OR TIED.
MM INDICATES DATA IS MISSING.
T  INDICATES TRACE AMOUNT.




$$
