284
CDUS45 KABQ 200828
CLICAO


CLIMATE REPORT
NATIONAL WEATHER SERVICE ALBUQUERQUE NM
228 AM MDT FRI OCT 20 2017


...................................

...THE CLAYTON  NM CLIMATE SUMMARY FOR OCTOBER 19 2017...

CLIMATE NORMAL PERIOD 1981 TO 2010
CLIMATE RECORD PERIOD 1896 TO 2017


WEATHER ITEM   OBSERVED TIME   RECORD YEAR NORMAL DEPARTURE
                VALUE   (LST)  VALUE       VALUE  FROM
                                                  NORMAL
...............................................................
TEMPERATURE (F)
 YESTERDAY
  MAXIMUM         76    153 PM  87    2003  68      8
  MINIMUM         42    632 AM  20    1916  40      2
  AVERAGE         59                        54      5

PRECIPITATION (IN)
  YESTERDAY        0.00          0.48 1935   0.04  -0.04
  MONTH TO DATE    1.02                      0.73   0.29
  SINCE SEP 1      5.41                      2.40   3.01
  SINCE JAN 1     20.33                     14.60   5.73

SNOWFALL (IN)
  YESTERDAY        0.0
  MONTH TO DATE    T
  SINCE SEP 1      T
  SINCE JUL 1      T

DEGREE DAYS
 HEATING
  YESTERDAY        6                        11     -5
  MONTH TO DATE  132                       168    -36
  SINCE SEP 1    209                       246    -37
  SINCE JUL 1    213                       252    -39

 COOLING
  YESTERDAY        0                         0      0
  MONTH TO DATE    5                         6     -1
  SINCE SEP 1    117                       108      9
  SINCE JAN 1    827                       905    -78
...............................................................


WIND (MPH)
  HIGHEST WIND SPEED    25   HIGHEST WIND DIRECTION     S (200)
  HIGHEST GUST SPEED    32   HIGHEST GUST DIRECTION     S (200)
  AVERAGE WIND SPEED    10.4


SKY COVER
  AVERAGE SKY COVER 0.0


WEATHER CONDITIONS
 THE FOLLOWING WEATHER WAS RECORDED YESTERDAY.
  NO SIGNIFICANT WEATHER WAS OBSERVED.


RELATIVE HUMIDITY (PERCENT)
 HIGHEST    83          1100 PM
 LOWEST     21           200 PM
 AVERAGE    52

..........................................................


THE CLAYTON  NM CLIMATE NORMALS FOR TODAY
                         NORMAL    RECORD    YEAR
 MAXIMUM TEMPERATURE (F)   67        89      2007
 MINIMUM TEMPERATURE (F)   40        20      1916


SUNRISE AND SUNSET
OCTOBER 20 2017.......SUNRISE   705 AM MDT   SUNSET   610 PM MDT
OCTOBER 21 2017.......SUNRISE   706 AM MDT   SUNSET   608 PM MDT


-  INDICATES NEGATIVE NUMBERS.
R  INDICATES RECORD WAS SET OR TIED.
MM INDICATES DATA IS MISSING.
T  INDICATES TRACE AMOUNT.




$$
