000
CDUS45 KABQ 230835
CLICAO


CLIMATE REPORT
NATIONAL WEATHER SERVICE ALBUQUERQUE NM
232 AM MDT WED APR 23 2014


...................................

...THE CLAYTON  NM CLIMATE SUMMARY FOR APRIL 22 2014...

CLIMATE NORMAL PERIOD 1981 TO 2010
CLIMATE RECORD PERIOD 1896 TO 2014


WEATHER ITEM   OBSERVED TIME   RECORD YEAR NORMAL DEPARTURE
                VALUE   (LST)  VALUE       VALUE  FROM
                                                  NORMAL
...............................................................
TEMPERATURE (F)
 YESTERDAY
  MAXIMUM         80    329 PM  91    1965  69     11
  MINIMUM         46    501 AM  24    1920  40      6
  AVERAGE         63                        54      9

PRECIPITATION (IN)
  YESTERDAY        0.00          1.36 1926   0.04  -0.04
  MONTH TO DATE    0.26                      0.64  -0.38
  SINCE MAR 1      0.28                      1.59  -1.31
  SINCE JAN 1      0.46                      2.21  -1.75

SNOWFALL (IN)
  YESTERDAY        0.0
  MONTH TO DATE    1.5
  SINCE MAR 1      1.6
  SINCE JUL 1      9.8

DEGREE DAYS
 HEATING
  YESTERDAY        2                        11     -9
  MONTH TO DATE  281                       307    -26
  SINCE MAR 1    895                       951    -56
  SINCE JUL 1   4594                      4628    -34

 COOLING
  YESTERDAY        0                         0      0
  MONTH TO DATE    3                         0      3
  SINCE MAR 1      3                         1      2
  SINCE JAN 1      3                         1      2
...............................................................


WIND (MPH)
  HIGHEST WIND SPEED    36   HIGHEST WIND DIRECTION     S (190)
  HIGHEST GUST SPEED    45   HIGHEST GUST DIRECTION     S (180)
  AVERAGE WIND SPEED    18.0


SKY COVER
  AVERAGE SKY COVER 0.0


WEATHER CONDITIONS
 THE FOLLOWING WEATHER WAS RECORDED YESTERDAY.
  NO SIGNIFICANT WEATHER WAS OBSERVED.


RELATIVE HUMIDITY (PERCENT)
 HIGHEST    80           400 AM
 LOWEST     21           300 PM
 AVERAGE    51

..........................................................


THE CLAYTON  NM CLIMATE NORMALS FOR TODAY
                         NORMAL    RECORD    YEAR
 MAXIMUM TEMPERATURE (F)   69        88      2006
                                             1989
 MINIMUM TEMPERATURE (F)   40        19      2013


SUNRISE AND SUNSET
APRIL 23 2014.........SUNRISE   609 AM MDT   SUNSET   734 PM MDT
APRIL 24 2014.........SUNRISE   607 AM MDT   SUNSET   735 PM MDT


-  INDICATES NEGATIVE NUMBERS.
R  INDICATES RECORD WAS SET OR TIED.
MM INDICATES DATA IS MISSING.
T  INDICATES TRACE AMOUNT.

$$
