000
CDUS45 KABQ 240829
CLICAO


CLIMATE REPORT
NATIONAL WEATHER SERVICE ALBUQUERQUE NM
229 AM MDT FRI MAR 24 2017


...................................

...THE CLAYTON  NM CLIMATE SUMMARY FOR MARCH 23 2017...

CLIMATE NORMAL PERIOD 1981 TO 2010
CLIMATE RECORD PERIOD 1896 TO 2017


WEATHER ITEM   OBSERVED TIME   RECORD YEAR NORMAL DEPARTURE
                VALUE   (LST)  VALUE       VALUE  FROM
                                                  NORMAL
...............................................................
TEMPERATURE (F)
 YESTERDAY
  MAXIMUM         83R   137 PM  80    2002  60     23
  MINIMUM         43   1036 PM  10    1952  32     11
  AVERAGE         63                        46     17

PRECIPITATION (IN)
  YESTERDAY        0.00          1.25 1919   0.03  -0.03
  MONTH TO DATE    0.00                      0.70  -0.70
  SINCE MAR 1      0.00                      0.70  -0.70
  SINCE JAN 1      1.38                      1.32   0.06

SNOWFALL (IN)
  YESTERDAY        0.0
  MONTH TO DATE    0.0
  SINCE MAR 1      0.0
  SINCE JUL 1     11.4

DEGREE DAYS
 HEATING
  YESTERDAY        2                        19    -17
  MONTH TO DATE  272                       500   -228
  SINCE MAR 1    272                       500   -228
  SINCE JUL 1   3292                      4177   -885

 COOLING
  YESTERDAY        0                         0      0
  MONTH TO DATE    6                         0      6
  SINCE MAR 1      6                         0      6
  SINCE JAN 1      8                         0      8
...............................................................


WIND (MPH)
  HIGHEST WIND SPEED    43   HIGHEST WIND DIRECTION     S (180)
  HIGHEST GUST SPEED    55   HIGHEST GUST DIRECTION    SW (220)
  AVERAGE WIND SPEED    20.1


SKY COVER
  AVERAGE SKY COVER 0.0


WEATHER CONDITIONS
 THE FOLLOWING WEATHER WAS RECORDED YESTERDAY.
  NO SIGNIFICANT WEATHER WAS OBSERVED.


RELATIVE HUMIDITY (PERCENT)
 HIGHEST   100          1200 AM
 LOWEST      9           300 PM
 AVERAGE    55

..........................................................


THE CLAYTON  NM CLIMATE NORMALS FOR TODAY
                         NORMAL    RECORD    YEAR
 MAXIMUM TEMPERATURE (F)   61        83      2012
 MINIMUM TEMPERATURE (F)   32        11      1974


SUNRISE AND SUNSET
MARCH 24 2017.........SUNRISE   650 AM MDT   SUNSET   708 PM MDT
MARCH 25 2017.........SUNRISE   648 AM MDT   SUNSET   709 PM MDT


-  INDICATES NEGATIVE NUMBERS.
R  INDICATES RECORD WAS SET OR TIED.
MM INDICATES DATA IS MISSING.
T  INDICATES TRACE AMOUNT.




$$
