000
CDUS45 KABQ 190841
CLICAO


CLIMATE REPORT
NATIONAL WEATHER SERVICE ALBUQUERQUE NM
241 AM MDT SAT AUG 19 2017


...................................

...THE CLAYTON  NM CLIMATE SUMMARY FOR AUGUST 18 2017...

CLIMATE NORMAL PERIOD 1981 TO 2010
CLIMATE RECORD PERIOD 1896 TO 2017


WEATHER ITEM   OBSERVED TIME   RECORD YEAR NORMAL DEPARTURE
                VALUE   (LST)  VALUE       VALUE  FROM
                                                  NORMAL
...............................................................
TEMPERATURE (F)
 YESTERDAY
  MAXIMUM         87    217 PM  99    2002  86      1
  MINIMUM         58    510 AM  46    1950  61     -3
  AVERAGE         73                        73      0

PRECIPITATION (IN)
  YESTERDAY        0.00          2.71 1956   0.10  -0.10
  MONTH TO DATE    2.50                      1.91   0.59
  SINCE JUN 1      7.07                      6.70   0.37
  SINCE JAN 1     14.82                     11.17   3.65

SNOWFALL (IN)
  YESTERDAY        0.0
  MONTH TO DATE    0.0
  SINCE JUN 1      0.0
  SINCE JUL 1      0.0

DEGREE DAYS
 HEATING
  YESTERDAY        0                         0      0
  MONTH TO DATE    2                         0      2
  SINCE JUN 1      4                        25    -21
  SINCE JUL 1      2                         2      0

 COOLING
  YESTERDAY        8                         8      0
  MONTH TO DATE   82                       161    -79
  SINCE JUN 1    626                       647    -21
  SINCE JAN 1    658                       698    -40
...............................................................


WIND (MPH)
  HIGHEST WIND SPEED    17   HIGHEST WIND DIRECTION     S (200)
  HIGHEST GUST SPEED    22   HIGHEST GUST DIRECTION     S (200)
  AVERAGE WIND SPEED     6.9


SKY COVER
  AVERAGE SKY COVER 0.0


WEATHER CONDITIONS
 THE FOLLOWING WEATHER WAS RECORDED YESTERDAY.
  FOG


RELATIVE HUMIDITY (PERCENT)
 HIGHEST   100           200 AM
 LOWEST     34           300 PM
 AVERAGE    67

..........................................................


THE CLAYTON  NM CLIMATE NORMALS FOR TODAY
                         NORMAL    RECORD    YEAR
 MAXIMUM TEMPERATURE (F)   86        99      2007
                                             1911
 MINIMUM TEMPERATURE (F)   60        49      1950


SUNRISE AND SUNSET
AUGUST 19 2017........SUNRISE   614 AM MDT   SUNSET   738 PM MDT
AUGUST 20 2017........SUNRISE   615 AM MDT   SUNSET   737 PM MDT


-  INDICATES NEGATIVE NUMBERS.
R  INDICATES RECORD WAS SET OR TIED.
MM INDICATES DATA IS MISSING.
T  INDICATES TRACE AMOUNT.




$$
