000
CDUS45 KABQ 260826
CLICAO


CLIMATE REPORT
NATIONAL WEATHER SERVICE ALBUQUERQUE NM
225 AM MDT THU MAR 26 2015


...................................

...THE CLAYTON  NM CLIMATE SUMMARY FOR MARCH 25 2015...

CLIMATE NORMAL PERIOD 1981 TO 2010
CLIMATE RECORD PERIOD 1896 TO 2015


WEATHER ITEM   OBSERVED TIME   RECORD YEAR NORMAL DEPARTURE
                VALUE   (LST)  VALUE       VALUE  FROM
                                                  NORMAL
...............................................................
TEMPERATURE (F)
 YESTERDAY
  MAXIMUM         61    150 AM  85    2012  61      0
  MINIMUM         33   1159 PM   8    1965  32      1
  AVERAGE         47                        46      1

PRECIPITATION (IN)
  YESTERDAY        0.02          0.68 1941   0.03  -0.01
  MONTH TO DATE    0.41                      0.76  -0.35
  SINCE MAR 1      0.41                      0.76  -0.35
  SINCE JAN 1      3.43                      1.38   2.05

SNOWFALL (IN)
  YESTERDAY        0.0
  MONTH TO DATE    0.9
  SINCE MAR 1      0.9
  SINCE JUL 1     26.1

DEGREE DAYS
 HEATING
  YESTERDAY       18                        19     -1
  MONTH TO DATE  462                       538    -76
  SINCE MAR 1    462                       538    -76
  SINCE JUL 1   3905                      4215   -310

 COOLING
  YESTERDAY        0                         0      0
  MONTH TO DATE    0                         0      0
  SINCE MAR 1      0                         0      0
  SINCE JAN 1      0                         0      0
...............................................................


WIND (MPH)
  HIGHEST WIND SPEED    36   HIGHEST WIND DIRECTION     N (10)
  HIGHEST GUST SPEED    45   HIGHEST GUST DIRECTION     N (360)
  AVERAGE WIND SPEED    19.3


SKY COVER
  AVERAGE SKY COVER 0.3


WEATHER CONDITIONS
 THE FOLLOWING WEATHER WAS RECORDED YESTERDAY.
  LIGHT RAIN


RELATIVE HUMIDITY (PERCENT)
 HIGHEST    92           500 PM
 LOWEST     20          1200 AM
 AVERAGE    56

..........................................................


THE CLAYTON  NM CLIMATE NORMALS FOR TODAY
                         NORMAL    RECORD    YEAR
 MAXIMUM TEMPERATURE (F)   61        81      1971
                                             1956
 MINIMUM TEMPERATURE (F)   32         4      1931


SUNRISE AND SUNSET
MARCH 26 2015.........SUNRISE   648 AM MDT   SUNSET   709 PM MDT
MARCH 27 2015.........SUNRISE   646 AM MDT   SUNSET   710 PM MDT


-  INDICATES NEGATIVE NUMBERS.
R  INDICATES RECORD WAS SET OR TIED.
MM INDICATES DATA IS MISSING.
T  INDICATES TRACE AMOUNT.




$$
