000
CDUS45 KABQ 280843
CLICAO


CLIMATE REPORT
NATIONAL WEATHER SERVICE ALBUQUERQUE NM
242 AM MDT MON JUL 28 2014


...................................

...THE CLAYTON  NM CLIMATE SUMMARY FOR JULY 27 2014...

CLIMATE NORMAL PERIOD 1981 TO 2010
CLIMATE RECORD PERIOD 1896 TO 2014


WEATHER ITEM   OBSERVED TIME   RECORD YEAR NORMAL DEPARTURE
                VALUE   (LST)  VALUE       VALUE  FROM
                                                  NORMAL
...............................................................
TEMPERATURE (F)
 YESTERDAY
  MAXIMUM         85    306 PM  99    2011  88     -3
                                      1946
                                      1910
  MINIMUM         60   1159 PM  49    2005  61     -1
  AVERAGE         73                        75     -2

PRECIPITATION (IN)
  YESTERDAY        0.54          0.68 1982   0.10   0.44
  MONTH TO DATE    1.03                      2.27  -1.24
  SINCE JUN 1      2.92                      4.40  -1.48
  SINCE JAN 1      4.69                      8.87  -4.18

SNOWFALL (IN)
  YESTERDAY        0.0
  MONTH TO DATE    0.0
  SINCE JUN 1      0.0
  SINCE JUL 1      0.0

DEGREE DAYS
 HEATING
  YESTERDAY        0                         0      0
  MONTH TO DATE    0                         0      0
  SINCE JUN 1     14                        23     -9
  SINCE JUL 1      0                         0      0

 COOLING
  YESTERDAY        8                        10     -2
  MONTH TO DATE  325                       266     59
  SINCE JUN 1    570                       449    121
  SINCE JAN 1    665                       500    165
...............................................................


WIND (MPH)
  HIGHEST WIND SPEED    29   HIGHEST WIND DIRECTION     E (70)
  HIGHEST GUST SPEED    36   HIGHEST GUST DIRECTION     E (70)
  AVERAGE WIND SPEED    12.4


SKY COVER
  AVERAGE SKY COVER 0.3


WEATHER CONDITIONS
 THE FOLLOWING WEATHER WAS RECORDED YESTERDAY.
  THUNDERSTORM
  HEAVY RAIN
  LIGHT RAIN
  FOG


RELATIVE HUMIDITY (PERCENT)
 HIGHEST    73          1200 AM
 LOWEST     47           200 PM
 AVERAGE    60

..........................................................


THE CLAYTON  NM CLIMATE NORMALS FOR TODAY
                         NORMAL    RECORD    YEAR
 MAXIMUM TEMPERATURE (F)   88       100      1898
 MINIMUM TEMPERATURE (F)   61        54      1959


SUNRISE AND SUNSET
JULY 28 2014..........SUNRISE   556 AM MDT   SUNSET   802 PM MDT
JULY 29 2014..........SUNRISE   557 AM MDT   SUNSET   801 PM MDT


-  INDICATES NEGATIVE NUMBERS.
R  INDICATES RECORD WAS SET OR TIED.
MM INDICATES DATA IS MISSING.
T  INDICATES TRACE AMOUNT.

$$
