565
CDUS45 KABQ 300844
CLICAO


CLIMATE REPORT
NATIONAL WEATHER SERVICE ALBUQUERQUE NM
242 AM MDT SUN APR 30 2017


...................................

...THE CLAYTON  NM CLIMATE SUMMARY FOR APRIL 29 2017...

CLIMATE NORMAL PERIOD 1981 TO 2010
CLIMATE RECORD PERIOD 1896 TO 2017


WEATHER ITEM   OBSERVED TIME   RECORD YEAR NORMAL DEPARTURE
                VALUE   (LST)  VALUE       VALUE  FROM
                                                  NORMAL
...............................................................
TEMPERATURE (F)
 YESTERDAY
  MAXIMUM         38    112 AM  87    1981  71    -33
  MINIMUM         29   1159 PM  24    1917  42    -13
  AVERAGE         34                        56    -22

PRECIPITATION (IN)
  YESTERDAY        0.48          0.65 1931   0.04   0.44
  MONTH TO DATE    3.30                      0.91   2.39
  SINCE MAR 1      4.10                      1.86   2.24
  SINCE JAN 1      5.48                      2.48   3.00

SNOWFALL (IN)
  YESTERDAY        7.5
  MONTH TO DATE   13.6
  SINCE MAR 1     13.7
  SINCE JUL 1     25.1

DEGREE DAYS
 HEATING
  YESTERDAY       31                         9     22
  MONTH TO DATE  331                       376    -45
  SINCE MAR 1    753                      1020   -267
  SINCE JUL 1   3773                      4697   -924

 COOLING
  YESTERDAY        0                         0      0
  MONTH TO DATE   12                         0     12
  SINCE MAR 1     18                         1     17
  SINCE JAN 1     20                         1     19
...............................................................


WIND (MPH)
  HIGHEST WIND SPEED    39   HIGHEST WIND DIRECTION     N (360)
  HIGHEST GUST SPEED    49   HIGHEST GUST DIRECTION     N (350)
  AVERAGE WIND SPEED    28.5


SKY COVER
  AVERAGE SKY COVER 1.0


WEATHER CONDITIONS
 THE FOLLOWING WEATHER WAS RECORDED YESTERDAY.
  RAIN
  LIGHT RAIN
  HEAVY SNOW
  SNOW
  LIGHT SNOW
  FOG
  FOG W/VISIBILITY <= 1/4 MILE


RELATIVE HUMIDITY (PERCENT)
 HIGHEST   100          1200 AM
 LOWEST     85          1100 AM
 AVERAGE    93

..........................................................


THE CLAYTON  NM CLIMATE NORMALS FOR TODAY
                         NORMAL    RECORD    YEAR
 MAXIMUM TEMPERATURE (F)   71        91      2013
 MINIMUM TEMPERATURE (F)   42        23      1909


SUNRISE AND SUNSET
APRIL 30 2017.........SUNRISE   600 AM MDT   SUNSET   740 PM MDT
MAY  1 2017...........SUNRISE   559 AM MDT   SUNSET   741 PM MDT


-  INDICATES NEGATIVE NUMBERS.
R  INDICATES RECORD WAS SET OR TIED.
MM INDICATES DATA IS MISSING.
T  INDICATES TRACE AMOUNT.

$$
