000
CDUS41 KCAR 250528
CLICAR


CLIMATE REPORT
NATIONAL WEATHER SERVICE CARIBOU, ME
127 AM EDT SAT OCT 25 2014


...................................

...THE CARIBOU ME CLIMATE SUMMARY FOR OCTOBER 24 2014...

CLIMATE NORMAL PERIOD 1981 TO 2010
CLIMATE RECORD PERIOD 1939 TO 2014


WEATHER ITEM   OBSERVED TIME   RECORD YEAR NORMAL DEPARTURE LAST
                VALUE   (LST)  VALUE       VALUE  FROM      YEAR
                                                  NORMAL
..................................................................
TEMPERATURE (F)
 YESTERDAY
  MAXIMUM         43    646 PM  74    1963  49     -6       41
  MINIMUM         40    110 PM  20    1969  32      8       30
  AVERAGE         42                        40      2       36

PRECIPITATION (IN)
  YESTERDAY        0.93          3.00 1990   0.11   0.82      T
  MONTH TO DATE    5.33                      2.72   2.61     1.93
  SINCE SEP 1      7.92                      6.04   1.88     8.94
  SINCE JAN 1     36.58                     30.78   5.80    41.96

SNOWFALL (IN)
  YESTERDAY        0.0           1.3  1981   0.1   -0.1       T
  MONTH TO DATE    0.0                       0.9   -0.9       T
  SINCE SEP 1      0.0                       1.0   -1.0       T
  SINCE JUL 1      0.0                       1.0   -1.0       T
  SNOW DEPTH       0

DEGREE DAYS
 HEATING
  YESTERDAY       23                        25     -2       29
  MONTH TO DATE  391                       490    -99      376
  SINCE SEP 1    685                       803   -118      633
  SINCE JUL 1    743                       957   -214      747

 COOLING
  YESTERDAY        0                         0      0        0
  MONTH TO DATE    1                         0      1        0
  SINCE SEP 1     25                        11     14       13
  SINCE JAN 1    266                       180     86      192
..................................................................


WIND (MPH)
  HIGHEST WIND SPEED    23   HIGHEST WIND DIRECTION     N (10)
  HIGHEST GUST SPEED    28   HIGHEST GUST DIRECTION     N (20)
  AVERAGE WIND SPEED    11.6


SKY COVER
  POSSIBLE SUNSHINE  MM
  AVERAGE SKY COVER 1.0


WEATHER CONDITIONS
 THE FOLLOWING WEATHER WAS RECORDED YESTERDAY.
  RAIN
  LIGHT RAIN
  FOG


RELATIVE HUMIDITY (PERCENT)
 HIGHEST    93          1000 PM
 LOWEST     79           900 AM
 AVERAGE    86

..........................................................


THE CARIBOU ME CLIMATE NORMALS FOR TODAY
                         NORMAL    RECORD    YEAR
 MAXIMUM TEMPERATURE (F)   48        75      1963
 MINIMUM TEMPERATURE (F)   32        20      1949


SUNRISE AND SUNSET
OCTOBER 25 2014.......SUNRISE   704 AM EDT   SUNSET   527 PM EDT
OCTOBER 26 2014.......SUNRISE   706 AM EDT   SUNSET   526 PM EDT


-  INDICATES NEGATIVE NUMBERS.
R  INDICATES RECORD WAS SET OR TIED.
MM INDICATES DATA IS MISSING.
T  INDICATES TRACE AMOUNT.




$$
