000
CDUS41 KCAR 302032
CLICAR

CLIMATE REPORT
NATIONAL WEATHER SERVICE CARIBOU, ME
431 PM EDT SAT JUL 30 2016


...................................

...THE CARIBOU ME CLIMATE SUMMARY FOR JULY 30 2016...
VALID TODAY AS OF 0400 PM LOCAL TIME.

CLIMATE NORMAL PERIOD 1981 TO 2010
CLIMATE RECORD PERIOD 1939 TO 2016


WEATHER ITEM   OBSERVED TIME   RECORD YEAR NORMAL DEPARTURE LAST
                VALUE   (LST)  VALUE       VALUE  FROM      YEAR
                                                  NORMAL
..................................................................
TEMPERATURE (F)
 TODAY
  MAXIMUM         78   1253 PM  90    1988  76      2       85
                                      1959
  MINIMUM         57    448 AM  40    1952  55      2       53
  AVERAGE         68                        66      2       69

PRECIPITATION (IN)
  TODAY            0.00          1.22 1969   0.12  -0.12     0.04
  MONTH TO DATE    5.64                      3.96   1.68     3.19
  SINCE JUN 1      9.29                      7.44   1.85     7.44
  SINCE JAN 1     25.22                     20.86   4.36    18.29

SNOWFALL (IN)
  TODAY            0.0           0.0  2002   0.0    0.0      0.0
                                      2001
  MONTH TO DATE    0.0                       0.0    0.0      0.0
  SINCE JUN 1      0.0                       0.0    0.0      0.0
  SINCE JUL 1      0.0                       0.0    0.0      0.0
  SNOW DEPTH       0

DEGREE DAYS
 HEATING
  TODAY            0                         2     -2        0
  MONTH TO DATE   48                        62    -14       65
  SINCE JUN 1    192                       227    -35      277
  SINCE JUL 1     48                        62    -14       65

 COOLING
  TODAY            3                         3      0        4
  MONTH TO DATE  109                        76     33       49
  SINCE JUN 1    154                       110     44       55
  SINCE JAN 1    162                       115     47       76
..................................................................


WIND (MPH)
  HIGHEST WIND SPEED    13   HIGHEST WIND DIRECTION    NW (320)
  HIGHEST GUST SPEED    19   HIGHEST GUST DIRECTION    NW (320)
  AVERAGE WIND SPEED     6.0


SKY COVER
  POSSIBLE SUNSHINE  MM
  AVERAGE SKY COVER 0.5


WEATHER CONDITIONS
 THE FOLLOWING WEATHER WAS RECORDED TODAY.
  NO SIGNIFICANT WEATHER WAS OBSERVED.


RELATIVE HUMIDITY (PERCENT)
 HIGHEST    86           400 AM
 LOWEST     46          1200 PM
 AVERAGE    66

..........................................................


THE CARIBOU ME CLIMATE NORMALS FOR TOMORROW
                         NORMAL    RECORD    YEAR
 MAXIMUM TEMPERATURE (F)   76        90      1995
 MINIMUM TEMPERATURE (F)   55        41      1978


SUNRISE AND SUNSET
JULY 30 2016..........SUNRISE   510 AM EDT   SUNSET   806 PM EDT
JULY 31 2016..........SUNRISE   511 AM EDT   SUNSET   805 PM EDT


-  INDICATES NEGATIVE NUMBERS.
R  INDICATES RECORD WAS SET OR TIED.
MM INDICATES DATA IS MISSING.
T  INDICATES TRACE AMOUNT.

---------------------------------------------------------------------

THE CARIBOU ME 4-INCH UNDER SOD SOIL TEMP FOR JULY 309 2016:

MAXIMUM SOIL TEMPERATURE: 77F
MINIMUM SOIL TEMPERATURE: 71F


$$
