000
CDUS41 KCAR 050529
CLICAR


CLIMATE REPORT
NATIONAL WEATHER SERVICE CARIBOU, ME
129 AM EDT WED AUG 5 2015


...................................

...THE CARIBOU ME CLIMATE SUMMARY FOR AUGUST 4 2015...

CLIMATE NORMAL PERIOD 1981 TO 2010
CLIMATE RECORD PERIOD 1939 TO 2015


WEATHER ITEM   OBSERVED TIME   RECORD YEAR NORMAL DEPARTURE LAST
                VALUE   (LST)  VALUE       VALUE  FROM      YEAR
                                                  NORMAL
..................................................................
TEMPERATURE (F)
 YESTERDAY
  MAXIMUM         79    116 PM  93    1944  76      3       79
  MINIMUM         58   1159 PM  40    1997  55      3       61
  AVERAGE         69                        65      4       70

PRECIPITATION (IN)
  YESTERDAY        T             1.63 1954   0.13  -0.13     0.08
  MONTH TO DATE    1.28                      0.52   0.76     0.22
  SINCE JUN 1      8.72                      8.08   0.64     9.89
  SINCE JAN 1     19.57                     21.50  -1.93    27.09

SNOWFALL (IN)
  YESTERDAY        0.0           0.0  2002   0.0    0.0      0.0
                                      2001
  MONTH TO DATE    0.0                       0.0    0.0      0.0
  SINCE JUN 1      0.0                       0.0    0.0      0.0
  SINCE JUL 1      0.0                       0.0    0.0      0.0
  SNOW DEPTH       0

DEGREE DAYS
 HEATING
  YESTERDAY        0                         2     -2        0
  MONTH TO DATE    0                         8     -8        0
  SINCE JUN 1    277                       231     46      113
  SINCE JUL 1     65                        66     -1       24

 COOLING
  YESTERDAY        4                         2      2        5
  MONTH TO DATE   14                         9      5       18
  SINCE JUN 1     76                       120    -44      184
  SINCE JAN 1     97                       125    -28      187
..................................................................


WIND (MPH)
  HIGHEST WIND SPEED    14   HIGHEST WIND DIRECTION     S (200)
  HIGHEST GUST SPEED    17   HIGHEST GUST DIRECTION     S (190)
  AVERAGE WIND SPEED     5.7


SKY COVER
  POSSIBLE SUNSHINE  MM
  AVERAGE SKY COVER 0.3


WEATHER CONDITIONS
 THE FOLLOWING WEATHER WAS RECORDED YESTERDAY.
  LIGHT RAIN
  FOG
  FOG W/VISIBILITY <= 1/4 MILE


RELATIVE HUMIDITY (PERCENT)
 HIGHEST    97           300 AM
 LOWEST     54           100 PM
 AVERAGE    76

..........................................................


THE CARIBOU ME CLIMATE NORMALS FOR TODAY
                         NORMAL    RECORD    YEAR
 MAXIMUM TEMPERATURE (F)   76        93      1944
 MINIMUM TEMPERATURE (F)   55        43      1972


SUNRISE AND SUNSET
AUGUST  5 2015........SUNRISE   516 AM EDT   SUNSET   759 PM EDT
AUGUST  6 2015........SUNRISE   518 AM EDT   SUNSET   757 PM EDT


-  INDICATES NEGATIVE NUMBERS.
R  INDICATES RECORD WAS SET OR TIED.
MM INDICATES DATA IS MISSING.
T  INDICATES TRACE AMOUNT.




$$
