000
CDUS41 KCAR 270528
CLICAR


CLIMATE REPORT
NATIONAL WEATHER SERVICE CARIBOU, ME
128 AM EDT THU APR 27 2017


...................................

...THE CARIBOU ME CLIMATE SUMMARY FOR APRIL 26 2017...

CLIMATE NORMAL PERIOD 1981 TO 2010
CLIMATE RECORD PERIOD 1939 TO 2017


WEATHER ITEM   OBSERVED TIME   RECORD YEAR NORMAL DEPARTURE LAST
                VALUE   (LST)  VALUE       VALUE  FROM      YEAR
                                                  NORMAL
..................................................................
TEMPERATURE (F)
 YESTERDAY
  MAXIMUM         56   1159 PM  74    1979  54      2       45
  MINIMUM         41    423 AM  20    1966  34      7       22
  AVERAGE         49                        44      5       34

PRECIPITATION (IN)
  YESTERDAY        0.60          0.85 1946   0.09   0.51     0.00
  MONTH TO DATE    3.83                      2.30   1.53     2.80
  SINCE MAR 1      6.55                      4.81   1.74     7.50
  SINCE JAN 1     12.17                      9.73   2.44    12.97

SNOWFALL (IN)
  YESTERDAY        0.0           1.2  1975   0.1   -0.1      0.0
  MONTH TO DATE    9.8                       7.1    2.7      2.8
  SINCE MAR 1     33.4                      25.4    8.0     30.0
  SINCE JUL 1    130.0                     107.9   22.1     90.0
  SNOW DEPTH       T

DEGREE DAYS
 HEATING
  YESTERDAY       16                        21     -5       31
  MONTH TO DATE  657                       715    -58      748
  SINCE MAR 1   2040                      1969     71     2005
  SINCE JUL 1   8021                      8690   -669     7747

 COOLING
  YESTERDAY        0                         0      0        0
  MONTH TO DATE    0                         0      0        0
  SINCE MAR 1      0                         0      0        0
  SINCE JAN 1      0                         0      0        0
..................................................................


WIND (MPH)
  HIGHEST WIND SPEED    16   HIGHEST WIND DIRECTION     S (170)
  HIGHEST GUST SPEED    21   HIGHEST GUST DIRECTION     S (170)
  AVERAGE WIND SPEED     6.8


SKY COVER
  POSSIBLE SUNSHINE  MM
  AVERAGE SKY COVER 1.0


WEATHER CONDITIONS
 THE FOLLOWING WEATHER WAS RECORDED YESTERDAY.
  LIGHT RAIN
  FOG
  FOG W/VISIBILITY <= 1/4 MILE


RELATIVE HUMIDITY (PERCENT)
 HIGHEST    96           700 AM
 LOWEST     82           100 AM
 AVERAGE    89

..........................................................


THE CARIBOU ME CLIMATE NORMALS FOR TODAY
                         NORMAL    RECORD    YEAR
 MAXIMUM TEMPERATURE (F)   54        86      1990
 MINIMUM TEMPERATURE (F)   34        17      1966


SUNRISE AND SUNSET
APRIL 27 2017.........SUNRISE   523 AM EDT   SUNSET   737 PM EDT
APRIL 28 2017.........SUNRISE   521 AM EDT   SUNSET   739 PM EDT


-  INDICATES NEGATIVE NUMBERS.
R  INDICATES RECORD WAS SET OR TIED.
MM INDICATES DATA IS MISSING.
T  INDICATES TRACE AMOUNT.




$$
