000
CDUS41 KCAR 020528
CLICAR


CLIMATE REPORT
NATIONAL WEATHER SERVICE CARIBOU, ME
126 AM EDT TUE JUN 2 2015


...................................

...THE CARIBOU ME CLIMATE SUMMARY FOR JUNE 1 2015...

CLIMATE NORMAL PERIOD 1981 TO 2010
CLIMATE RECORD PERIOD 1939 TO 2015


WEATHER ITEM   OBSERVED TIME   RECORD YEAR NORMAL DEPARTURE LAST
                VALUE   (LST)  VALUE       VALUE  FROM      YEAR
                                                  NORMAL
..................................................................
TEMPERATURE (F)
 YESTERDAY
  MAXIMUM         62    420 PM  87    1995  68     -6       75
  MINIMUM         45    356 AM  31    1946  45      0       45
  AVERAGE         54                        57     -3       60

PRECIPITATION (IN)
  YESTERDAY        0.00          1.04 1993   0.10  -0.10     0.00
  MONTH TO DATE    0.00                      0.10  -0.10     0.00
  SINCE JUN 1      0.00                      0.10  -0.10     0.00
  SINCE JAN 1     10.85                     13.52  -2.67    17.20

SNOWFALL (IN)
  YESTERDAY        0.0           T    2011   0.0    0.0      0.0
  MONTH TO DATE    0.0                       0.0    0.0      0.0
  SINCE JUN 1      0.0                       0.0    0.0      0.0
  SINCE JUL 1    142.1                     108.7   33.4    150.7
  SNOW DEPTH       0

DEGREE DAYS
 HEATING
  YESTERDAY       11                         9      2        5
  MONTH TO DATE   11                         9      2        5
  SINCE JUN 1     11                         9      2        5
  SINCE JUL 1   9301                      9198    103     9417

 COOLING
  YESTERDAY        0                         0      0        0
  MONTH TO DATE    0                         0      0        0
  SINCE JUN 1      0                         0      0        0
  SINCE JAN 1     21                         5     16        3
..................................................................


WIND (MPH)
  HIGHEST WIND SPEED    13   HIGHEST WIND DIRECTION     E (110)
  HIGHEST GUST SPEED    15   HIGHEST GUST DIRECTION     E (110)
  AVERAGE WIND SPEED     4.9


SKY COVER
  POSSIBLE SUNSHINE  MM
  AVERAGE SKY COVER 0.1


WEATHER CONDITIONS
 THE FOLLOWING WEATHER WAS RECORDED YESTERDAY.
  NO SIGNIFICANT WEATHER WAS OBSERVED.


RELATIVE HUMIDITY (PERCENT)
 HIGHEST    71           200 AM
 LOWEST     36           500 PM
 AVERAGE    54

..........................................................


THE CARIBOU ME CLIMATE NORMALS FOR TODAY
                         NORMAL    RECORD    YEAR
 MAXIMUM TEMPERATURE (F)   68        88      1963
 MINIMUM TEMPERATURE (F)   46        33      1998


SUNRISE AND SUNSET
JUNE  2 2015..........SUNRISE   441 AM EDT   SUNSET   819 PM EDT
JUNE  3 2015..........SUNRISE   440 AM EDT   SUNSET   820 PM EDT


-  INDICATES NEGATIVE NUMBERS.
R  INDICATES RECORD WAS SET OR TIED.
MM INDICATES DATA IS MISSING.
T  INDICATES TRACE AMOUNT.

THE CARIBOU ME 4 INCH SOIL TEMPERATURES FOR JUN 01 2015

MAXIMUM SOIL TEMPERATURE (F): 61
MINIMUM SOIL TEMPERATURE (F): 57


$$
