000
CDUS41 KCAR 250537
CLICAR


CLIMATE REPORT
NATIONAL WEATHER SERVICE CARIBOU, ME
1229 AM EST THU DEC 25 2014


...................................

...THE CARIBOU ME CLIMATE SUMMARY FOR DECEMBER 24 2014...

CLIMATE NORMAL PERIOD 1981 TO 2010
CLIMATE RECORD PERIOD 1939 TO 2014


WEATHER ITEM   OBSERVED TIME   RECORD YEAR NORMAL DEPARTURE LAST
                VALUE   (LST)  VALUE       VALUE  FROM      YEAR
                                                  NORMAL
..................................................................
TEMPERATURE (F)
 YESTERDAY
  MAXIMUM         35   1159 PM  48    2004  24     11       22
                                      2003
  MINIMUM         30    656 AM -18    1989   6     24       10
                                      1970
                                      1943
  AVERAGE         33                        15     18       16

PRECIPITATION (IN)
  YESTERDAY        0.84          0.92 1996   0.10   0.74     0.01
  MONTH TO DATE    5.24                      2.61   2.63     3.06
  SINCE DEC 1      5.24                      2.61   2.63     3.06
  SINCE JAN 1     45.65                     37.83   7.82    49.64

SNOWFALL (IN)
  YESTERDAY        0.0           5.7  1990   0.8   -0.8      0.6
  MONTH TO DATE   26.5                      17.2    9.3     35.7
  SINCE DEC 1     26.5                      17.2    9.3     35.7
  SINCE JUL 1     55.3                      29.4   25.9     45.8
  SNOW DEPTH      13

DEGREE DAYS
 HEATING
  YESTERDAY       32                        50    -18       49
  MONTH TO DATE 1010                      1089    -79     1196
  SINCE DEC 1   1010                      1089    -79     1196
  SINCE JUL 1   2962                      3234   -272     3152

 COOLING
  YESTERDAY        0                         0      0        0
  MONTH TO DATE    0                         0      0        0
  SINCE DEC 1      0                         0      0        0
  SINCE JAN 1    266                       180     86      192
..................................................................


WIND (MPH)
  HIGHEST WIND SPEED    13   HIGHEST WIND DIRECTION     S (160)
  HIGHEST GUST SPEED    17   HIGHEST GUST DIRECTION     S (160)
  AVERAGE WIND SPEED     3.7


SKY COVER
  POSSIBLE SUNSHINE  MM
  AVERAGE SKY COVER 1.0


WEATHER CONDITIONS
 THE FOLLOWING WEATHER WAS RECORDED YESTERDAY.
  HEAVY RAIN
  RAIN
  LIGHT RAIN
  FOG


RELATIVE HUMIDITY (PERCENT)
 HIGHEST   100           700 PM
 LOWEST     78           800 AM
 AVERAGE    89

..........................................................


THE CARIBOU ME CLIMATE NORMALS FOR TODAY
                         NORMAL    RECORD    YEAR
 MAXIMUM TEMPERATURE (F)   23        48      2003
                                             1964
 MINIMUM TEMPERATURE (F)    6       -26      1975


SUNRISE AND SUNSET
DECEMBER 25 2014......SUNRISE   716 AM EST   SUNSET   348 PM EST
DECEMBER 26 2014......SUNRISE   716 AM EST   SUNSET   349 PM EST


-  INDICATES NEGATIVE NUMBERS.
R  INDICATES RECORD WAS SET OR TIED.
MM INDICATES DATA IS MISSING.
T  INDICATES TRACE AMOUNT.




$$
