000
CDAK48 PACD 290040
CLICDB

CLIMATE REPORT
NATIONAL WEATHER SERVICE COLD BAY, AK
440 PM AKDT TUE JUL 28 2015

...................................
...THE COLD BAY AP CLIMATE SUMMARY FOR JULY 28 2015...
VALID TODAY AS OF 2:00 PM LOCAL TIME

CLIMATE NORMAL PERIOD  1981 TO  2010
CLIMATE RECORD PERIOD  1942 TO  2015

WEATHER ITEM   OBSERVED TIME    RECORD YEAR NORMAL DEPARTURE LAST
               VALUE    (LST)   VALUE       VALUE  FROM      YEAR
                                                   NORMAL
...................................................................
TEMPERATURE
TODAY
 MAXIMUM            55  0339 PM    68  1977     56      -1     57
 MINIMUM            48  0740 AM    38  1972     48       0     52
 AVERAGE            52                          52       0     55

PRECIPITATION
(INCHES)
 TODAY            0.02           1.04  1955   0.09   -0.07   0.02
 MONTH TO DATE    2.44                        2.20    0.24   2.12
 SINCE JUN 1      3.55                        4.92   -1.37   3.17
 SINCE JAN 1     16.40                       18.78   -2.38  15.15

SNOWFALL
(INCHES)
 TODAY             0.0            0.0  2015    0.0     0.0    0.0
 MONTH TO DATE     0.0                         0.0     0.0    0.0
 SINCE JUN 1       0.0                         0.0     0.0    0.0
 SINCE JUL 1       0.0                         0.0     0.0    0.0
 SNOW DEPTH (IN)     0                                          0

DEGREE DAYS
 HEATING
  TODAY             13                          13       0     10
  MONTH TO DATE    369                         399     -30    260
  SINCE JUN 1      829                         961    -132    705
  SINCE JUL 1      369                         399     -30    260

 COOLING
  TODAY              0                           0       0      0
  MONTH TO DATE      0                           0       0      0
  SINCE JUN 1        0                           0       0      0
  SINCE JAN 1        0                           0       0      0
...................................................................

WIND (MPH)
 HIGHEST WIND SPEED    13     HIGHEST WIND DIRECTION    280
 HIGHEST GUST SPEED    15     HIGHEST GUST DIRECTION    280
 AVERAGE WIND SPEED    MM

WEATHER CONDITIONS
 THE FOLLOWING WEATHER WAS RECORDED TODAY.
  FOG
  RAIN

...................................................................

THE COLD BAY CLIMATE NORMALS FOR TOMORROW
                        NORMAL    RECORD   YEAR
 MAXIMUM TEMPERATURE      56        67     1956
 MINIMUM TEMPERATURE      48        40     1949

SUNRISE AND SUNSET
 JUL 28 2015..........SUNRISE  6:52 AM      SUNSET 11:02 PM
 JUL 29 2015..........SUNRISE  6:54 AM      SUNSET 11:01 PM

-  INDICATES NEGATIVE NUMBERS.
R  INDICATES RECORD HAS BEEN SET OR TIED.
MM INDICATES DATA IS MISSING.
T  INDICATES TRACE OF PRECIPITATION.

&&
-------------------------------------------------------------------

AMOUNT OF DAYLIGHT TODAY  (HOUR:MIN)........16 HOURS 10 MINUTES
LOSS SINCE YESTERDAY (HOUR:MIN:SEC).........-0:03:31

$$
DK JUL 15
