000
CDAK48 PAFC 281308 RRA
CLICDB

CLIMATE REPORT
NATIONAL WEATHER SERVICE ANCHORAGE, AK
507 AM AKDT TUE MAR 28 2017


...................................

...THE COLD BAY CLIMATE SUMMARY FOR MARCH 27 2017...

CLIMATE NORMAL PERIOD 1981 TO 2010
CLIMATE RECORD PERIOD 1942 TO 2017


WEATHER ITEM   OBSERVED TIME   RECORD YEAR NORMAL DEPARTURE LAST
                VALUE   (LST)  VALUE       VALUE  FROM      YEAR
                                                  NORMAL
..................................................................
TEMPERATURE (F)
 YESTERDAY
  MAXIMUM         40    310 PM  51    1948  36      4       47
  MINIMUM         24   1157 PM   1    1976  26     -2       32
  AVERAGE         32                        31      1       40

PRECIPITATION (IN)
  YESTERDAY        0.00          0.93 1994   0.08  -0.08     0.15
  MONTH TO DATE    0.01                      2.39  -2.38     0.99
  SINCE MAR 1      0.01                      2.39  -2.38     0.99
  SINCE JAN 1      6.99                      8.53  -1.54     7.47

SNOWFALL (IN)
  YESTERDAY        0.0           4.1  1994   0.4   -0.4     MM
  MONTH TO DATE    T                        11.5  -11.5      0.0
  SINCE MAR 1      T                        11.5  -11.5      0.0
  SINCE JUL 1     36.6                      63.7  -27.1     38.3
  SNOW DEPTH       0

DEGREE DAYS
 HEATING
  YESTERDAY       33                        34     -1       25
  MONTH TO DATE 1045                       943    102      808
  SINCE MAR 1   1045                       943    102      808
  SINCE JUL 1   6605                      7161   -556     6024

 COOLING
  YESTERDAY        0                         0      0        0
  MONTH TO DATE    0                         0      0        0
  SINCE MAR 1      0                         0      0        0
  SINCE JAN 1      0                         0      0        0
..................................................................


WIND (MPH)
  RESULTANT WIND SPEED  16   RESULTANT WIND DIRECTION   N (20)
  HIGHEST WIND SPEED    25   HIGHEST WIND DIRECTION     N (10)
  HIGHEST GUST SPEED    31   HIGHEST GUST DIRECTION     N (20)
  AVERAGE WIND SPEED    16.3



WEATHER CONDITIONS
 THE FOLLOWING WEATHER WAS RECORDED YESTERDAY.
  NO SIGNIFICANT WEATHER WAS OBSERVED.


RELATIVE HUMIDITY (PERCENT)
 HIGHEST    88
 LOWEST     48
 AVERAGE    68

..........................................................


THE COLD BAY CLIMATE NORMALS FOR TODAY
                         NORMAL    RECORD    YEAR
 MAXIMUM TEMPERATURE (F)   36        47      1998
                                             1981
                                             1977
 MINIMUM TEMPERATURE (F)   26        -4      1976


SUNRISE AND SUNSET
MARCH 28 2017.........SUNRISE   831 AM AKDT  SUNSET   921 PM AKDT
MARCH 29 2017.........SUNRISE   829 AM AKDT  SUNSET   923 PM AKDT

CIVIL TWILIGHT
MARCH 28 2017           START    755 AM GMT     END    959 PM GMT
MARCH 29 2017           START    752 AM GMT     END   1001 PM GMT



-  INDICATES NEGATIVE NUMBERS.
R  INDICATES RECORD WAS SET OR TIED.
MM INDICATES DATA IS MISSING.
T  INDICATES TRACE AMOUNT.




$$
&&
------------------------------------------------------
AMOUNT OF DAYLIGHT TODAY  (HOUR:MIN)........12:50
GAIN/LOSS SINCE YESTERDAY (HOUR:MIN:SEC)....+0:04:32

$$
