000
CDAK48 PAFC 200101
CLICDB


CLIMATE REPORT
NATIONAL WEATHER SERVICE ANCHORAGE, AK
401 PM AKST FRI JAN 19 2018


...................................

...THE COLD BAY CLIMATE SUMMARY FOR JANUARY 19 2018...
VALID TODAY AS OF 0400 PM LOCAL TIME.

CLIMATE NORMAL PERIOD 1981 TO 2010
CLIMATE RECORD PERIOD 1942 TO 2018


WEATHER ITEM   OBSERVED TIME   RECORD YEAR NORMAL DEPARTURE LAST
                VALUE   (LST)  VALUE       VALUE  FROM      YEAR
                                                  NORMAL
..................................................................
TEMPERATURE (F)
 TODAY
  MAXIMUM         31        MM  45    2011  33     -2       32
  MINIMUM         26        MM   2    2009  23      3       24
                                      1980
                                      1947
  AVERAGE         29                        28      1       28

PRECIPITATION (IN)
  TODAY            0.07          1.63 1982   0.10  -0.03     0.03
  MONTH TO DATE    2.57                      1.96   0.61     2.31
  SINCE SEP 1     20.13                     20.89  -0.76    24.68
  SINCE JAN 1      2.57                      1.96   0.61     2.31

SNOWFALL (IN)
  TODAY            0.6           2.8  2004   0.5    0.1      0.3
  MONTH TO DATE    5.6                       8.6   -3.0      4.2
  SINCE SEP 1     28.6                      33.8   -5.2     21.0
  SINCE JUL 1     28.6                      33.8   -5.2     21.0
  SNOW DEPTH       1

DEGREE DAYS
 HEATING
  TODAY           36                        37     -1       37
  MONTH TO DATE  578                       695   -117      742
  SINCE DEC 1   1548                      1746   -198     1722
  SINCE JUL 1   4271                      4766   -495     4072

 COOLING
  TODAY            0                         0      0        0
  MONTH TO DATE    0                         0      0        0
  SINCE DEC 1      0                         0      0        0
  SINCE JAN 1      0                         0      0        0
..................................................................


WIND (MPH)
  RESULTANT WIND SPEED  11   RESULTANT WIND DIRECTION  NW (320)
  HIGHEST WIND SPEED    16   HIGHEST WIND DIRECTION     N (340)
  HIGHEST GUST SPEED    MM   HIGHEST GUST DIRECTION    MM
  AVERAGE WIND SPEED    11.2



WEATHER CONDITIONS
 THE FOLLOWING WEATHER WAS RECORDED TODAY.
  LIGHT SNOW
  FOG


RELATIVE HUMIDITY (PERCENT)
 HIGHEST    92
 LOWEST     75
 AVERAGE    84

..........................................................


THE COLD BAY CLIMATE NORMALS FOR TOMORROW
                         NORMAL    RECORD    YEAR
 MAXIMUM TEMPERATURE (F)   33        46      2003
 MINIMUM TEMPERATURE (F)   23        -2      1947


SUNRISE AND SUNSET
JANUARY 19 2018.......SUNRISE  1003 AM AKST  SUNSET   601 PM AKST
JANUARY 20 2018.......SUNRISE  1001 AM AKST  SUNSET   603 PM AKST


-  INDICATES NEGATIVE NUMBERS.
R  INDICATES RECORD WAS SET OR TIED.
MM INDICATES DATA IS MISSING.
T  INDICATES TRACE AMOUNT.




$$
