000
CDAK48 PACD 031219
CLICDB

CLIMATE REPORT
NATIONAL WEATHER SERVICE COLD BAY, AK
419 AM AKDT FRI JUL 3 2015

...................................
...THE COLD BAY AP CLIMATE SUMMARY FOR JULY 2 2015...

CLIMATE NORMAL PERIOD  1981 TO  2010
CLIMATE RECORD PERIOD  1942 TO  2015

WEATHER ITEM   OBSERVED TIME    RECORD YEAR NORMAL DEPARTURE LAST
               VALUE    (LST)   VALUE       VALUE  FROM      YEAR
                                                   NORMAL
...................................................................
TEMPERATURE
YESTERDAY
 MAXIMUM            61  0147 PM    68  1986     54       7     59
 MINIMUM            47  0220 AM    36  1971     45       2     49
 AVERAGE            54                          49       5     54

PRECIPITATION
(INCHES)
 YESTERDAY        0.00           1.02  1982   0.07   -0.07   0.00
 MONTH TO DATE    0.00                        0.15   -0.15   0.00
 SINCE JUN 1      1.11                        2.87   -1.76   1.05
 SINCE JAN 1     13.96                       16.73   -2.77  13.03

SNOWFALL
(INCHES)
 YESTERDAY         0.0            0.0  2015    0.0     0.0    0.0
 MONTH TO DATE     0.0                         0.0     0.0    0.0
 SINCE JUN 1       0.0                         0.0     0.0    0.0
 SINCE JUL 1       0.0                         0.0     0.0    0.0
 SNOW DEPTH (IN)     0                                          0

DEGREE DAYS
 HEATING
  YESTERDAY         11                          16      -5     11
  MONTH TO DATE     23                          32      -9     23
  SINCE JUN 1      483                         594    -111    468
  SINCE JUL 1       23                          32      -9     23

 COOLING
  YESTERDAY          0                           0       0      0
  MONTH TO DATE      0                           0       0      0
  SINCE JUN 1        0                           0       0      0
  SINCE JAN 1        0                           0       0      0
...................................................................

WIND (MPH)
 HIGHEST WIND SPEED    31     HIGHEST WIND DIRECTION    150
 HIGHEST GUST SPEED    39     HIGHEST GUST DIRECTION    150
 AVERAGE WIND SPEED  19.9

WEATHER CONDITIONS
 THE FOLLOWING WEATHER WAS RECORDED YESTERDAY.
  NO SIGNIFICANT WEATHER WAS OBSERVED.

...................................................................

THE COLD BAY CLIMATE NORMALS FOR TODAY
                           NORMAL    RECORD   YEAR
 MAXIMUM TEMPERATURE (F)     54        63     1980
 MINIMUM TEMPERATURE (F)     45        36     1999

SUNRISE AND SUNSET
 JUL 3 2015..........SUNRISE  6:17 AM      SUNSET 11:34 PM
 JUL 4 2015..........SUNRISE  6:18 AM      SUNSET 11:33 PM

-  INDICATES NEGATIVE NUMBERS.
R  INDICATES RECORD HAS BEEN SET OR TIED.
MM INDICATES DATA IS MISSING.
T  INDICATES TRACE OF PRECIPITATION.

&&
-------------------------------------------------------------------

AMOUNT OF DAYLIGHT TODAY  (HOUR:MIN)........17 HOURS 17 MINUTES
LOSS SINCE YESTERDAY (HOUR:MIN:SEC).........-0:01:25

$$
DK JUL 15
