000
CDAK48 PACD 191205
CLICDB

CLIMATE REPORT
NATIONAL WEATHER SERVICE COLD BAY, AK
405 AM AKDT FRI SEP 19 2014

...................................
...THE COLD BAY AP CLIMATE SUMMARY FOR SEPTEMBER 18 2014...

CLIMATE NORMAL PERIOD  1981 TO  2010
CLIMATE RECORD PERIOD  1942 TO  2014

WEATHER ITEM   OBSERVED TIME    RECORD YEAR NORMAL DEPARTURE LAST
               VALUE    (LST)   VALUE       VALUE  FROM      YEAR
                                                   NORMAL
...................................................................
TEMPERATURE
YESTERDAY
 MAXIMUM            54  0103 PM    61  2007     53       1     51
 MINIMUM            48  1130 PM    30  2003     43       5     47
 AVERAGE            51                          48       3     49

PRECIPITATION
(INCHES)
 YESTERDAY        0.04           2.12  1998   0.16   -0.12      T
 MONTH TO DATE    4.76                        2.77    1.99   2.64
 SINCE SEP 1      4.76                        2.77    1.99   2.64
 SINCE JAN 1     23.17                       25.51   -2.34  29.56

SNOWFALL
(INCHES)
 YESTERDAY         0.0              T  1996    0.0     0.0    0.0
 MONTH TO DATE     0.0                         0.0     0.0    0.0
 SINCE SEP 1       0.0                         0.0     0.0    0.0
 SINCE JUL 1       0.0                         0.0     0.0    0.0
 SNOW DEPTH (IN)     0                                          0

DEGREE DAYS
 HEATING
  YESTERDAY         14                          17      -3     16
  MONTH TO DATE    211                         279     -68    257
  SINCE SEP 1      211                         279     -68    257
  SINCE JUL 1      753                        1123    -370    928

 COOLING
  YESTERDAY          0                           0       0      0
  MONTH TO DATE      0                           0       0      0
  SINCE SEP 1        0                           0       0      0
  SINCE JAN 1        0                           0       0      0
...................................................................

WIND (MPH)
 HIGHEST WIND SPEED    29     HIGHEST WIND DIRECTION    300
 HIGHEST GUST SPEED    32     HIGHEST GUST DIRECTION    300
 AVERAGE WIND SPEED  18.1


WEATHER CONDITIONS
 THE FOLLOWING WEATHER WAS RECORDED YESTERDAY.
  FOG
  RAIN

...................................................................

THE COLD BAY CLIMATE NORMALS FOR TODAY
                           NORMAL    RECORD   YEAR
 MAXIMUM TEMPERATURE (F)     52        58     2007
 MINIMUM TEMPERATURE (F)     43        35     2000

SUNRISE AND SUNSET
 SEP 19 2014..........SUNRISE  8:32 AM      SUNSET  8:57 PM
 SEP 20 2014..........SUNRISE  8:34 AM      SUNSET  8:55 PM

-  INDICATES NEGATIVE NUMBERS.
R  INDICATES RECORD HAS BEEN SET OR TIED.
MM INDICATES DATA IS MISSING.
T  INDICATES TRACE OF PRECIPITATION.

&&
-------------------------------------------------------------------

AMOUNT OF DAYLIGHT TODAY  (HOUR:MIN)........12 HOURS 25 MINUTES
LOSS SINCE YESTERDAY (HOUR:MIN:SEC).........-0:04:28

$$

RCS SEP 14
