000
CDAK48 PACD 031110
CLICDB

CLIMATE REPORT
NATIONAL WEATHER SERVICE COLD BAY, AK
210 AM AKST TUE MAR 3 2015

...................................
...THE COLD BAY AP CLIMATE SUMMARY FOR MARCH 2 2015...

CLIMATE NORMAL PERIOD  1981 TO  2010
CLIMATE RECORD PERIOD  1942 TO  2015

WEATHER ITEM   OBSERVED TIME    RECORD YEAR NORMAL DEPARTURE LAST
               VALUE    (LST)   VALUE       VALUE  FROM      YEAR
                                                   NORMAL
...................................................................
TEMPERATURE
YESTERDAY
 MAXIMUM            44  1245 AM    56  1974     35       9     46
 MINIMUM            38  1055 PM    -5  1956     25      13     32
 AVERAGE            41                          30      11     39

PRECIPITATION
(INCHES)
 YESTERDAY        0.25           1.24  1951   0.10    0.15   0.00
 MONTH TO DATE    0.27                        0.20    0.07   0.00
 SINCE MAR 1      0.27                        0.20    0.07   0.00
 SINCE JAN 1      2.78                        6.34   -3.56   8.45

SNOWFALL
(INCHES)
 YESTERDAY         0.0            7.4  2012    0.5    -0.5    0.0
 MONTH TO DATE     0.0                         0.9    -0.9    0.0
 SINCE MAR 1       0.0                         0.9    -0.9    0.0
 SINCE JUL 1       8.7                        53.1   -44.4   29.1
 SNOW DEPTH (IN)     0                                          0

DEGREE DAYS
 HEATING
  YESTERDAY         24                          35     -11     26
  MONTH TO DATE     48                          70     -22     49
  SINCE MAR 1       48                          70     -22     49
  SINCE JUL 1     5421                        6294    -873   5193

 COOLING
  YESTERDAY          0                           0       0      0
  MONTH TO DATE      0                           0       0      0
  SINCE MAR 1        0                           0       0      0
  SINCE JAN 1        0                           0       0      0
...................................................................

WIND (MPH)
 HIGHEST WIND SPEED    30     HIGHEST WIND DIRECTION    140
 HIGHEST GUST SPEED    37     HIGHEST GUST DIRECTION    130
 AVERAGE WIND SPEED  14.6


WEATHER CONDITIONS
 THE FOLLOWING WEATHER WAS RECORDED YESTERDAY.
  FOG
  RAIN

...................................................................

THE COLD BAY CLIMATE NORMALS FOR TODAY
                           NORMAL    RECORD   YEAR
 MAXIMUM TEMPERATURE (F)     35        44     1963
 MINIMUM TEMPERATURE (F)     25        -1     1956

SUNRISE AND SUNSET
 MAR 3 2015..........SUNRISE  8:37 AM      SUNSET  7:31 PM
 MAR 4 2015..........SUNRISE  8:34 AM      SUNSET  7:33 PM

-  INDICATES NEGATIVE NUMBERS.
R  INDICATES RECORD HAS BEEN SET OR TIED.
MM INDICATES DATA IS MISSING.
T  INDICATES TRACE OF PRECIPITATION.

&&
-------------------------------------------------------------------

AMOUNT OF DAYLIGHT TODAY  (HOUR:MIN)........10 HOURS 54 MINUTES
GAIN SINCE YESTERDAY (HOUR:MIN:SEC).........+0:04:30

$$

RCS MAR 15
