000
CDAK48 PACD 281206
CLICDB

CLIMATE REPORT
NATIONAL WEATHER SERVICE COLD BAY, AK
406 AM AKDT SUN AUG 28 2016

...................................
...THE COLD BAY AP CLIMATE SUMMARY FOR AUGUST 27 2016...

CLIMATE NORMAL PERIOD  1981 TO  2010
CLIMATE RECORD PERIOD  1942 TO  2016

WEATHER ITEM   OBSERVED TIME    RECORD YEAR NORMAL DEPARTURE LAST
               VALUE    (LST)   VALUE       VALUE  FROM      YEAR
                                                   NORMAL
...................................................................
TEMPERATURE
YESTERDAY
 MAXIMUM            71  0601 PM    74  1953     56      15     57
 MINIMUM            47  0704 AM    39  1994     47       0     50
 AVERAGE            59                          52       7     54

PRECIPITATION
(INCHES)
 YESTERDAY        0.00           1.02  1944   0.14   -0.14   0.02
 MONTH TO DATE    3.14                        3.14    0.00   1.18
 SINCE JUN 1      6.89                        8.34   -1.45   4.76
 SINCE JAN 1     19.31                       22.20   -2.89  17.61

SNOWFALL
(INCHES)
 YESTERDAY         0.0            0.0  2016    0.0     0.0    0.0
 MONTH TO DATE     0.0                         0.0     0.0    0.0
 SINCE JUN 1       0.0                         0.0     0.0    0.0
 SINCE JUL 1       0.0                         0.0     0.0    0.0
 SNOW DEPTH (IN)     0                                          0

DEGREE DAYS
 HEATING
  YESTERDAY          6                          13      -7     11
  MONTH TO DATE    229                         351    -122    322
  SINCE JUN 1     1007                        1351    -344   1182
  SINCE JUL 1      540                         789    -249    722

 COOLING
  YESTERDAY          0                           0       0      0
  MONTH TO DATE      0                           0       0      0
  SINCE JUN 1        0                           0       0      0
  SINCE JAN 1        0                           0       0      0
...................................................................

WIND (MPH)
 HIGHEST WIND SPEED    17     HIGHEST WIND DIRECTION    140
 HIGHEST GUST SPEED    23     HIGHEST GUST DIRECTION    140
 AVERAGE WIND SPEED   5.8

WEATHER CONDITIONS
 THE FOLLOWING WEATHER WAS RECORDED YESTERDAY.
  FOG
...................................................................

THE COLD BAY CLIMATE NORMALS FOR TODAY
                           NORMAL    RECORD   YEAR
 MAXIMUM TEMPERATURE (F)     56        63     1962
 MINIMUM TEMPERATURE (F)     47        32     1999

SUNRISE AND SUNSET
 AUG 28 2016..........SUNRISE  7:51 AM      SUNSET  9:52 PM
 AUG 29 2016..........SUNRISE  7:53 AM      SUNSET  9:50 PM

-  INDICATES NEGATIVE NUMBERS.
R  INDICATES RECORD HAS BEEN SET OR TIED.
MM INDICATES DATA IS MISSING.
T  INDICATES TRACE OF PRECIPITATION.

&&
-------------------------------------------------------------------

AMOUNT OF DAYLIGHT TODAY  (HOUR:MIN)........14 HOURS 1 MINUTES
LOSS SINCE YESTERDAY  (HOUR:MIN:SEC)........-0:04:22

$$
DAB AUG 16
