855
CDAK48 PACD 252313
CLICDB

CLIMATE REPORT
NATIONAL WEATHER SERVICE COLD BAY, AK
313 PM AKDT WED MAY 25 2016

...................................
...THE COLD BAY AP CLIMATE SUMMARY FOR MAY 25 2016...
VALID TODAY AS OF 2:00 PM LOCAL TIME

CLIMATE NORMAL PERIOD  1981 TO  2010
CLIMATE RECORD PERIOD  1942 TO  2016

WEATHER ITEM   OBSERVED TIME    RECORD YEAR NORMAL DEPARTURE LAST
               VALUE    (LST)   VALUE       VALUE  FROM      YEAR
                                                   NORMAL
...................................................................
TEMPERATURE
TODAY
 MAXIMUM            53  0144 PM    60  1997     47       6     55
 MINIMUM            35  0447 AM    26  2001     37      -2     40
 AVERAGE            44                          42       2     48

PRECIPITATION
(INCHES)
 TODAY            0.00           0.99  1982   0.09   -0.09      T
 MONTH TO DATE    1.58                        2.04   -0.46   3.18
 SINCE MAR 1      5.81                        7.16   -1.35   8.29
 SINCE JAN 1     12.30                       13.30   -1.00  10.80

SNOWFALL
(INCHES)
 TODAY             0.0            0.1  1973    0.0     0.0    0.0
 MONTH TO DATE     0.0                         1.2    -1.2      T
 SINCE MAR 1       8.2                        20.8   -12.6   13.6
 SINCE JUL 1      50.1                        73.0   -22.9   22.3
 SNOW DEPTH (IN)     0                                          0

DEGREE DAYS
 HEATING
  TODAY             21                          23      -2     17
  MONTH TO DATE    532                         631     -99    549
  SINCE MAR 1     2266                        2640    -374   2397
  SINCE JUL 1     7991                        8864    -873   7770

 COOLING
  TODAY              0                           0       0      0
  MONTH TO DATE      0                           0       0      0
  SINCE MAR 1        0                           0       0      0
  SINCE JAN 1        0                           0       0      0
...................................................................

WIND (MPH)
 HIGHEST WIND SPEED    29     HIGHEST WIND DIRECTION    140
 HIGHEST GUST SPEED    35     HIGHEST GUST DIRECTION    150
 AVERAGE WIND SPEED    MM

WEATHER CONDITIONS
 THE FOLLOWING WEATHER WAS RECORDED TODAY.
  NO SIGNIFICANT WEATHER WAS OBSERVED.

...................................................................

THE COLD BAY CLIMATE NORMALS FOR TOMORROW
                        NORMAL    RECORD   YEAR
 MAXIMUM TEMPERATURE      48        65     1997
 MINIMUM TEMPERATURE      37        30     2000

SUNRISE AND SUNSET
 MAY 25 2016..........SUNRISE  6:26 AM      SUNSET 11:12 PM
 MAY 26 2016..........SUNRISE  6:25 AM      SUNSET 11:14 PM

-  INDICATES NEGATIVE NUMBERS.
R  INDICATES RECORD HAS BEEN SET OR TIED.
MM INDICATES DATA IS MISSING.
T  INDICATES TRACE OF PRECIPITATION.

&&
-------------------------------------------------------------------

AMOUNT OF DAYLIGHT TODAY  (HOUR:MIN)........16 HOURS 46 MINUTES
GAIN SINCE YESTERDAY (HOUR:MIN:SEC).........+0:02:52

$$
RCS MAY 16
