000
CDUS45 KSLC 231226
CLICDC


CLIMATE REPORT
NATIONAL WEATHER SERVICE SALT LAKE CITY UT
626 AM MDT SUN JUL 23 2017


...................................

...THE CEDAR CITY UT CLIMATE SUMMARY FOR JULY 22 2017...

CLIMATE NORMAL PERIOD 1981 TO 2010
CLIMATE RECORD PERIOD 1928 TO 2017


WEATHER ITEM   OBSERVED TIME   RECORD YEAR NORMAL DEPARTURE LAST
                VALUE   (LST)  VALUE       VALUE  FROM      YEAR
                                                  NORMAL
..................................................................
TEMPERATURE (F)
 YESTERDAY
  MAXIMUM         97    158 PM  98    1996  91      6       97
  MINIMUM         62    525 AM  47    1972  57      5       64
  AVERAGE         80                        74      6       81

PRECIPITATION (IN)
  YESTERDAY        T             0.95 1984   0.03  -0.03     0.00
  MONTH TO DATE    0.28                      0.51  -0.23     0.65
  SINCE OCT 1      8.53                      9.19  -0.66     8.88
  SINCE JAN 1      5.70                      6.08  -0.38     5.32

DEGREE DAYS
 HEATING
  YESTERDAY        0                         0      0        0
  MONTH TO DATE    0                         0      0        0
  SINCE JUN 1     23                        76    -53        4
  SINCE JUL 1      0                         0      0        0

 COOLING
  YESTERDAY       15                         9      6       16
  MONTH TO DATE  263                       174     89      200
  SINCE JUN 1    458                       267    191      436
  SINCE JAN 1    463                       275    188      439
..................................................................


WIND (MPH)
  RESULTANT WIND SPEED   3   RESULTANT WIND DIRECTION   E (80)
  HIGHEST WIND SPEED    25   HIGHEST WIND DIRECTION    SE (120)
  HIGHEST GUST SPEED    32   HIGHEST GUST DIRECTION     E (110)
  AVERAGE WIND SPEED     6.7



WEATHER CONDITIONS
 THE FOLLOWING WEATHER WAS RECORDED YESTERDAY.
  THUNDERSTORM


RELATIVE HUMIDITY (PERCENT)
 HIGHEST    63           500 AM
 LOWEST     17           200 PM
 AVERAGE    40

..........................................................


THE CEDAR CITY UT CLIMATE NORMALS FOR TODAY
                         NORMAL    RECORD    YEAR
 MAXIMUM TEMPERATURE (F)   90        99      1996
 MINIMUM TEMPERATURE (F)   57        48      1973


SUNRISE AND SUNSET
JULY 23 2017..........SUNRISE   629 AM MDT   SUNSET   848 PM MDT
JULY 24 2017..........SUNRISE   630 AM MDT   SUNSET   848 PM MDT


-  INDICATES NEGATIVE NUMBERS.
R  INDICATES RECORD WAS SET OR TIED.
MM INDICATES DATA IS MISSING.
T  INDICATES TRACE AMOUNT.




$$
