000
CDUS45 KSLC 050019
CLICDC


CLIMATE REPORT
NATIONAL WEATHER SERVICE SALT LAKE CITY UT
518 PM MST WED MAR 4 2015


...................................

...THE CEDAR CITY UT CLIMATE SUMMARY FOR MARCH 4 2015...
VALID TODAY AS OF 0500 PM LOCAL TIME.

CLIMATE NORMAL PERIOD 1981 TO 2010
CLIMATE RECORD PERIOD 1928 TO 2015


WEATHER ITEM   OBSERVED TIME   RECORD YEAR NORMAL DEPARTURE LAST
                VALUE   (LST)  VALUE       VALUE  FROM      YEAR
                                                  NORMAL
..................................................................
TEMPERATURE (F)
 TODAY
  MAXIMUM         36    304 PM  68    1994  51    -15       55
  MINIMUM          5    734 AM   1    1966  24    -19       29
  AVERAGE         21                        38    -17       42

PRECIPITATION (IN)
  TODAY            0.00          0.52 1969   0.04  -0.04      T
  MONTH TO DATE    1.10                      0.17   0.93     0.09
  SINCE OCT 1      5.15                      5.14   0.01     2.97
  SINCE JAN 1      3.02                      2.03   0.99     1.03

DEGREE DAYS
 HEATING
  TODAY           44                        27     17       23
  MONTH TO DATE  152                       111     41       95
  SINCE MAR 1    152                       111     41       95
  SINCE JUL 1   3990                      4673   -683     4682

 COOLING
  TODAY            0                         0      0        0
  MONTH TO DATE    0                         0      0        0
  SINCE MAR 1      0                         0      0        0
  SINCE JAN 1      0                         0      0        0
..................................................................


WIND (MPH)
  RESULTANT WIND SPEED   4   RESULTANT WIND DIRECTION   N (10)
  HIGHEST WIND SPEED    13   HIGHEST WIND DIRECTION     N (350)
  HIGHEST GUST SPEED    17   HIGHEST GUST DIRECTION     N (20)
  AVERAGE WIND SPEED     5.0



WEATHER CONDITIONS
 THE FOLLOWING WEATHER WAS RECORDED TODAY.
  NO SIGNIFICANT WEATHER WAS OBSERVED.


RELATIVE HUMIDITY (PERCENT)
 HIGHEST    91           800 AM
 LOWEST     47           100 PM
 AVERAGE    69

..........................................................


THE CEDAR CITY UT CLIMATE NORMALS FOR TOMORROW
                         NORMAL    RECORD    YEAR
 MAXIMUM TEMPERATURE (F)   52        72      1972
 MINIMUM TEMPERATURE (F)   24         6      1961


SUNRISE AND SUNSET
MARCH  4 2015.........SUNRISE   700 AM MST   SUNSET   629 PM MST
MARCH  5 2015.........SUNRISE   658 AM MST   SUNSET   630 PM MST


-  INDICATES NEGATIVE NUMBERS.
R  INDICATES RECORD WAS SET OR TIED.
MM INDICATES DATA IS MISSING.
T  INDICATES TRACE AMOUNT.




$$
