000
CDUS45 KSLC 290045
CLICDC


CLIMATE REPORT
NATIONAL WEATHER SERVICE SALT LAKE CITY UT
645 PM MDT FRI AUG 28 2015


...................................

...THE CEDAR CITY UT CLIMATE SUMMARY FOR AUGUST 28 2015...
VALID TODAY AS OF 0500 PM LOCAL TIME.

CLIMATE NORMAL PERIOD 1981 TO 2010
CLIMATE RECORD PERIOD 1928 TO 2015


WEATHER ITEM   OBSERVED TIME   RECORD YEAR NORMAL DEPARTURE LAST
                VALUE   (LST)  VALUE       VALUE  FROM      YEAR
                                                  NORMAL
..................................................................
TEMPERATURE (F)
 TODAY
  MAXIMUM         90    348 PM  95    2009  85      5       84
  MINIMUM         50    606 AM  37    1973  52     -2       47
  AVERAGE         70                        69      1       66

PRECIPITATION (IN)
  TODAY            0.00          0.53 2011   0.03  -0.03     0.00
  MONTH TO DATE    0.98                      1.04  -0.06     1.24
  SINCE OCT 1     11.04                     10.56   0.48     7.05
  SINCE JAN 1      8.91                      7.45   1.46     5.11

DEGREE DAYS
 HEATING
  TODAY            0                         1     -1        0
  MONTH TO DATE    0                         1     -1        6
  SINCE JUN 1     26                        80    -54       33
  SINCE JUL 1      1                         4     -3        6

 COOLING
  TODAY            5                         4      1        1
  MONTH TO DATE  201                       183     18      110
  SINCE JUN 1    593                       528     65      505
  SINCE JAN 1    595                       536     59      530
..................................................................


WIND (MPH)
  RESULTANT WIND SPEED   1   RESULTANT WIND DIRECTION   W (290)
  HIGHEST WIND SPEED    14   HIGHEST WIND DIRECTION    SW (220)
  HIGHEST GUST SPEED    17   HIGHEST GUST DIRECTION    SW (240)
  AVERAGE WIND SPEED     4.5



WEATHER CONDITIONS
 THE FOLLOWING WEATHER WAS RECORDED TODAY.
  HAZE


RELATIVE HUMIDITY (PERCENT)
 HIGHEST    83           600 AM
 LOWEST     16           300 PM
 AVERAGE    50

..........................................................


THE CEDAR CITY UT CLIMATE NORMALS FOR TOMORROW
                         NORMAL    RECORD    YEAR
 MAXIMUM TEMPERATURE (F)   85        96      1948
 MINIMUM TEMPERATURE (F)   52        42      2004
                                             1973


SUNRISE AND SUNSET
AUGUST 28 2015........SUNRISE   659 AM MDT   SUNSET   808 PM MDT
AUGUST 29 2015........SUNRISE   700 AM MDT   SUNSET   806 PM MDT


-  INDICATES NEGATIVE NUMBERS.
R  INDICATES RECORD WAS SET OR TIED.
MM INDICATES DATA IS MISSING.
T  INDICATES TRACE AMOUNT.




$$
