000
CDUS45 KSLC 261228
CLICDC


CLIMATE REPORT
NATIONAL WEATHER SERVICE SALT LAKE CITY UT
627 AM MDT MON SEP 26 2016


...................................

...THE CEDAR CITY UT CLIMATE SUMMARY FOR SEPTEMBER 25 2016...

CLIMATE NORMAL PERIOD 1981 TO 2010
CLIMATE RECORD PERIOD 1928 TO 2016


WEATHER ITEM   OBSERVED TIME   RECORD YEAR NORMAL DEPARTURE LAST
                VALUE   (LST)  VALUE       VALUE  FROM      YEAR
                                                  NORMAL
..................................................................
TEMPERATURE (F)
 YESTERDAY
  MAXIMUM         71    238 PM  87    2015  75     -4       87
                                      2010
  MINIMUM         34    631 AM  26    1958  41     -7       49
  AVERAGE         53                        58     -5       68

PRECIPITATION (IN)
  YESTERDAY        0.00          0.75 1986   0.03  -0.03     0.00
  MONTH TO DATE    0.63                      0.54   0.09     0.88
  SINCE OCT 1     11.43                     11.19   0.24    11.92
  SINCE JAN 1      7.87                      8.08  -0.21     9.79

DEGREE DAYS
 HEATING
  YESTERDAY       12                         7      5        0
  MONTH TO DATE   88                        92     -4       28
  SINCE SEP 1     88                        92     -4       28
  SINCE JUL 1     92                       101     -9       29

 COOLING
  YESTERDAY        0                         0      0        3
  MONTH TO DATE   31                        36     -5       67
  SINCE SEP 1     31                        36     -5       67
  SINCE JAN 1    824                       585    239      690
..................................................................


WIND (MPH)
  RESULTANT WIND SPEED   8   RESULTANT WIND DIRECTION   N (0)
  HIGHEST WIND SPEED    20   HIGHEST WIND DIRECTION     N (340)
  HIGHEST GUST SPEED    27   HIGHEST GUST DIRECTION     N (360)
  AVERAGE WIND SPEED     8.8



WEATHER CONDITIONS
 THE FOLLOWING WEATHER WAS RECORDED YESTERDAY.
  NO SIGNIFICANT WEATHER WAS OBSERVED.


RELATIVE HUMIDITY (PERCENT)
 HIGHEST    85           700 AM
 LOWEST     25           200 PM
 AVERAGE    55

..........................................................


THE CEDAR CITY UT CLIMATE NORMALS FOR TODAY
                         NORMAL    RECORD    YEAR
 MAXIMUM TEMPERATURE (F)   75        89      2010
 MINIMUM TEMPERATURE (F)   40        27      1970


SUNRISE AND SUNSET
SEPTEMBER 26 2016.....SUNRISE   724 AM MDT   SUNSET   722 PM MDT
SEPTEMBER 27 2016.....SUNRISE   725 AM MDT   SUNSET   721 PM MDT


-  INDICATES NEGATIVE NUMBERS.
R  INDICATES RECORD WAS SET OR TIED.
MM INDICATES DATA IS MISSING.
T  INDICATES TRACE AMOUNT.




$$
