000
CDUS45 KSLC 251226
CLICDC


CLIMATE REPORT
NATIONAL WEATHER SERVICE SALT LAKE CITY UT
626 AM MDT MON SEP 25 2017


...................................

...THE CEDAR CITY UT CLIMATE SUMMARY FOR SEPTEMBER 24 2017...

CLIMATE NORMAL PERIOD 1981 TO 2010
CLIMATE RECORD PERIOD 1928 TO 2017


WEATHER ITEM   OBSERVED TIME   RECORD YEAR NORMAL DEPARTURE LAST
                VALUE   (LST)  VALUE       VALUE  FROM      YEAR
                                                  NORMAL
..................................................................
TEMPERATURE (F)
 YESTERDAY
  MAXIMUM         55    409 PM  88    2015  75    -20       67
                                      2001
  MINIMUM         33    649 AM  27    2006  41     -8       35
  AVERAGE         44                        58    -14       51

PRECIPITATION (IN)
  YESTERDAY        T             2.09 1967   0.02  -0.02     0.00
  MONTH TO DATE    1.39                      0.51   0.88     0.63
  SINCE OCT 1     11.83                     11.16   0.67    11.43
  SINCE JAN 1      9.00                      8.05   0.95     7.87

DEGREE DAYS
 HEATING
  YESTERDAY       21                         7     14       14
  MONTH TO DATE  110                        85     25       76
  SINCE SEP 1    110                        85     25       76
  SINCE JUL 1    110                        94     16       80

 COOLING
  YESTERDAY        0                         0      0        0
  MONTH TO DATE   73                        36     37       31
  SINCE SEP 1     73                        36     37       31
  SINCE JAN 1    865                       585    280      824
..................................................................


WIND (MPH)
  RESULTANT WIND SPEED   4   RESULTANT WIND DIRECTION   N (10)
  HIGHEST WIND SPEED    15   HIGHEST WIND DIRECTION     N (360)
  HIGHEST GUST SPEED    20   HIGHEST GUST DIRECTION     N (350)
  AVERAGE WIND SPEED     5.6



WEATHER CONDITIONS
 THE FOLLOWING WEATHER WAS RECORDED YESTERDAY.
  LIGHT RAIN
  FOG
  FOG W/VISIBILITY <= 1/4 MILE


RELATIVE HUMIDITY (PERCENT)
 HIGHEST   100          1200 AM
 LOWEST     41           400 PM
 AVERAGE    71

..........................................................


THE CEDAR CITY UT CLIMATE NORMALS FOR TODAY
                         NORMAL    RECORD    YEAR
 MAXIMUM TEMPERATURE (F)   75        87      2015
                                             2010
 MINIMUM TEMPERATURE (F)   41        26      1958


SUNRISE AND SUNSET
SEPTEMBER 25 2017.....SUNRISE   723 AM MDT   SUNSET   724 PM MDT
SEPTEMBER 26 2017.....SUNRISE   724 AM MDT   SUNSET   723 PM MDT


-  INDICATES NEGATIVE NUMBERS.
R  INDICATES RECORD WAS SET OR TIED.
MM INDICATES DATA IS MISSING.
T  INDICATES TRACE AMOUNT.




$$
