000
CDUS45 KSLC 201226
CLICDC


CLIMATE REPORT
NATIONAL WEATHER SERVICE SALT LAKE CITY UT
526 AM MST MON NOV 20 2017


...................................

...THE CEDAR CITY UT CLIMATE SUMMARY FOR NOVEMBER 19 2017...

CLIMATE NORMAL PERIOD 1981 TO 2010
CLIMATE RECORD PERIOD 1928 TO 2017


WEATHER ITEM   OBSERVED TIME   RECORD YEAR NORMAL DEPARTURE LAST
                VALUE   (LST)  VALUE       VALUE  FROM      YEAR
                                                  NORMAL
..................................................................
TEMPERATURE (F)
 YESTERDAY
  MAXIMUM         59    302 PM  70    2007  50      9       61
                                      1949
  MINIMUM         13    716 AM   0    1956  22     -9       28
  AVERAGE         36                        36      0       45

PRECIPITATION (IN)
  YESTERDAY        0.00          0.32 1979   0.03  -0.03     0.00
  MONTH TO DATE    0.07                      0.62  -0.55     0.03
  SINCE OCT 1      0.10                      1.96  -1.86     0.67
  SINCE JAN 1      9.10                     10.16  -1.06     8.59

DEGREE DAYS
 HEATING
  YESTERDAY       29                        29      0       20
  MONTH TO DATE  366                       478   -112      353
  SINCE SEP 1    997                      1088    -91      773
  SINCE JUL 1    997                      1097   -100      777

 COOLING
  YESTERDAY        0                         0      0        0
  MONTH TO DATE    0                         0      0        0
  SINCE SEP 1     73                        39     34       33
  SINCE JAN 1    865                       588    277      826
..................................................................


WIND (MPH)
  RESULTANT WIND SPEED   4   RESULTANT WIND DIRECTION   S (180)
  HIGHEST WIND SPEED    16   HIGHEST WIND DIRECTION     S (200)
  HIGHEST GUST SPEED    20   HIGHEST GUST DIRECTION    SW (210)
  AVERAGE WIND SPEED     4.8



WEATHER CONDITIONS
 THE FOLLOWING WEATHER WAS RECORDED YESTERDAY.
  NO SIGNIFICANT WEATHER WAS OBSERVED.


RELATIVE HUMIDITY (PERCENT)
 HIGHEST    92           300 AM
 LOWEST      9           300 PM
 AVERAGE    51

..........................................................


THE CEDAR CITY UT CLIMATE NORMALS FOR TODAY
                         NORMAL    RECORD    YEAR
 MAXIMUM TEMPERATURE (F)   50        67      2006
 MINIMUM TEMPERATURE (F)   22        -7      1956


SUNRISE AND SUNSET
NOVEMBER 20 2017......SUNRISE   718 AM MST   SUNSET   518 PM MST
NOVEMBER 21 2017......SUNRISE   719 AM MST   SUNSET   517 PM MST


-  INDICATES NEGATIVE NUMBERS.
R  INDICATES RECORD WAS SET OR TIED.
MM INDICATES DATA IS MISSING.
T  INDICATES TRACE AMOUNT.




$$
