000
CDUS45 KSLC 271226
CLICDC


CLIMATE REPORT
NATIONAL WEATHER SERVICE SALT LAKE CITY UT
626 AM MDT FRI MAY 27 2016


...................................

...THE CEDAR CITY UT CLIMATE SUMMARY FOR MAY 26 2016...

CLIMATE NORMAL PERIOD 1981 TO 2010
CLIMATE RECORD PERIOD 1928 TO 2016


WEATHER ITEM   OBSERVED TIME   RECORD YEAR NORMAL DEPARTURE LAST
                VALUE   (LST)  VALUE       VALUE  FROM      YEAR
                                                  NORMAL
..................................................................
TEMPERATURE (F)
 YESTERDAY
  MAXIMUM         68   1247 PM  91    1951  76     -8       65
  MINIMUM         39    558 AM  28    1980  42     -3       49
  AVERAGE         54                        59     -5       57

PRECIPITATION (IN)
  YESTERDAY        0.01          0.36 2015   0.02  -0.01     0.36
  MONTH TO DATE    0.33                      0.64  -0.31     3.12
  SINCE OCT 1      7.94                      8.02  -0.08     8.94
  SINCE JAN 1      4.38                      4.91  -0.53     6.81

DEGREE DAYS
 HEATING
  YESTERDAY       11                         7      4        8
  MONTH TO DATE  269                       262      7      319
  SINCE MAR 1   1434                      1586   -152     1487
  SINCE JUL 1   5848                      6148   -300     5325

 COOLING
  YESTERDAY        0                         0      0        0
  MONTH TO DATE    3                         0      3        0
  SINCE MAR 1      3                         0      3        0
  SINCE JAN 1      3                         0      3        0
..................................................................


WIND (MPH)
  RESULTANT WIND SPEED   1   RESULTANT WIND DIRECTION   E (90)
  HIGHEST WIND SPEED    24   HIGHEST WIND DIRECTION     N (20)
  HIGHEST GUST SPEED    31   HIGHEST GUST DIRECTION     N (20)
  AVERAGE WIND SPEED     5.4



WEATHER CONDITIONS
 THE FOLLOWING WEATHER WAS RECORDED YESTERDAY.
  THUNDERSTORM
  LIGHT RAIN


RELATIVE HUMIDITY (PERCENT)
 HIGHEST    71          1000 PM
 LOWEST     24           100 PM
 AVERAGE    48

..........................................................


THE CEDAR CITY UT CLIMATE NORMALS FOR TODAY
                         NORMAL    RECORD    YEAR
 MAXIMUM TEMPERATURE (F)   76        90      2003
                                             1986
 MINIMUM TEMPERATURE (F)   42        33      2008
                                             1995


SUNRISE AND SUNSET
MAY 27 2016...........SUNRISE   614 AM MDT   SUNSET   845 PM MDT
MAY 28 2016...........SUNRISE   614 AM MDT   SUNSET   846 PM MDT


-  INDICATES NEGATIVE NUMBERS.
R  INDICATES RECORD WAS SET OR TIED.
MM INDICATES DATA IS MISSING.
T  INDICATES TRACE AMOUNT.




$$
