000
CDUS45 KSLC 261229
CLICDC


CLIMATE REPORT
NATIONAL WEATHER SERVICE SALT LAKE CITY UT
628 AM MDT FRI MAY 26 2017


...................................

...THE CEDAR CITY UT CLIMATE SUMMARY FOR MAY 25 2017...

CLIMATE NORMAL PERIOD 1981 TO 2010
CLIMATE RECORD PERIOD 1928 TO 2017


WEATHER ITEM   OBSERVED TIME   RECORD YEAR NORMAL DEPARTURE LAST
                VALUE   (LST)  VALUE       VALUE  FROM      YEAR
                                                  NORMAL
..................................................................
TEMPERATURE (F)
 YESTERDAY
  MAXIMUM         81    137 PM  90    2001  76      5       71
  MINIMUM         51    316 AM  27    2010  41     10       36
  AVERAGE         66                        58      8       54

PRECIPITATION (IN)
  YESTERDAY        T             0.48 1965   0.03  -0.03     0.00
  MONTH TO DATE    0.82                      0.62   0.20     0.32
  SINCE OCT 1      8.25                      8.00   0.25     7.93
  SINCE JAN 1      5.42                      4.89   0.53     4.37

DEGREE DAYS
 HEATING
  YESTERDAY        0                         7     -7       11
  MONTH TO DATE  248                       255     -7      258
  SINCE MAR 1   1382                      1579   -197     1423
  SINCE JUL 1   5403                      6141   -738     5837

 COOLING
  YESTERDAY        1                         0      1        0
  MONTH TO DATE    2                         0      2        3
  SINCE MAR 1      2                         0      2        3
  SINCE JAN 1      2                         0      2        3
..................................................................


WIND (MPH)
  RESULTANT WIND SPEED   6   RESULTANT WIND DIRECTION  SW (220)
  HIGHEST WIND SPEED    29   HIGHEST WIND DIRECTION    NW (310)
  HIGHEST GUST SPEED    39   HIGHEST GUST DIRECTION    SW (230)
  AVERAGE WIND SPEED    12.1



WEATHER CONDITIONS
 THE FOLLOWING WEATHER WAS RECORDED YESTERDAY.
  NO SIGNIFICANT WEATHER WAS OBSERVED.


RELATIVE HUMIDITY (PERCENT)
 HIGHEST    44           400 AM
 LOWEST     12           200 PM
 AVERAGE    28

..........................................................


THE CEDAR CITY UT CLIMATE NORMALS FOR TODAY
                         NORMAL    RECORD    YEAR
 MAXIMUM TEMPERATURE (F)   76        91      1951
 MINIMUM TEMPERATURE (F)   42        28      1980


SUNRISE AND SUNSET
MAY 26 2017...........SUNRISE   615 AM MDT   SUNSET   844 PM MDT
MAY 27 2017...........SUNRISE   614 AM MDT   SUNSET   845 PM MDT


-  INDICATES NEGATIVE NUMBERS.
R  INDICATES RECORD WAS SET OR TIED.
MM INDICATES DATA IS MISSING.
T  INDICATES TRACE AMOUNT.




$$
