000
CDUS45 KSLC 280027
CLICDC


CLIMATE REPORT
NATIONAL WEATHER SERVICE SALT LAKE CITY UT
527 PM MST SAT DEC 27 2014


...................................

...THE CEDAR CITY UT CLIMATE SUMMARY FOR DECEMBER 27 2014...
VALID TODAY AS OF 0500 PM LOCAL TIME.

CLIMATE NORMAL PERIOD 1981 TO 2010
CLIMATE RECORD PERIOD 1928 TO 2014


WEATHER ITEM   OBSERVED TIME   RECORD YEAR NORMAL DEPARTURE LAST
                VALUE   (LST)  VALUE       VALUE  FROM      YEAR
                                                  NORMAL
..................................................................
TEMPERATURE (F)
 TODAY
  MAXIMUM         25    359 PM  66    1980  41    -16       45
  MINIMUM         -1    754 AM -12    1990  16    -17       12
  AVERAGE         12                        28    -16       29

PRECIPITATION (IN)
  TODAY            0.00          0.62 2006   0.03  -0.03     0.00
  MONTH TO DATE    0.76                      0.73   0.03     0.91
  SINCE OCT 1      2.11                      3.00  -0.89     1.94
  SINCE JAN 1      9.79                     11.20  -1.41    14.98

DEGREE DAYS
 HEATING
  TODAY           53                        37     16       36
  MONTH TO DATE  781                       974   -193     1187
  SINCE DEC 1    781                       974   -193     1187
  SINCE JUL 1   1972                      2416   -444     2715

 COOLING
  TODAY            0                         0      0        0
  MONTH TO DATE    0                         0      0        0
  SINCE DEC 1      0                         0      0        0
  SINCE JAN 1    607                       588     19      667
..................................................................


WIND (MPH)
  RESULTANT WIND SPEED   2   RESULTANT WIND DIRECTION   N (10)
  HIGHEST WIND SPEED     8   HIGHEST WIND DIRECTION     N (360)
  HIGHEST GUST SPEED    10   HIGHEST GUST DIRECTION     N (350)
  AVERAGE WIND SPEED     3.3



WEATHER CONDITIONS
 THE FOLLOWING WEATHER WAS RECORDED TODAY.
  NO SIGNIFICANT WEATHER WAS OBSERVED.


RELATIVE HUMIDITY (PERCENT)
 HIGHEST    95           700 AM
 LOWEST     50           400 PM
 AVERAGE    73

..........................................................


THE CEDAR CITY UT CLIMATE NORMALS FOR TOMORROW
                         NORMAL    RECORD    YEAR
 MAXIMUM TEMPERATURE (F)   41        59      1980
 MINIMUM TEMPERATURE (F)   16       -11      1966


SUNRISE AND SUNSET
DECEMBER 27 2014......SUNRISE   746 AM MST   SUNSET   521 PM MST
DECEMBER 28 2014......SUNRISE   747 AM MST   SUNSET   521 PM MST


-  INDICATES NEGATIVE NUMBERS.
R  INDICATES RECORD WAS SET OR TIED.
MM INDICATES DATA IS MISSING.
T  INDICATES TRACE AMOUNT.




$$
