000
CDUS45 KSLC 070045
CLICDC


CLIMATE REPORT
NATIONAL WEATHER SERVICE SALT LAKE CITY UT
545 PM MST SAT FEB 6 2016


...................................

...THE CEDAR CITY UT CLIMATE SUMMARY FOR FEBRUARY 6 2016...
VALID TODAY AS OF 0500 PM LOCAL TIME.

CLIMATE NORMAL PERIOD 1981 TO 2010
CLIMATE RECORD PERIOD 1928 TO 2016


WEATHER ITEM   OBSERVED TIME   RECORD YEAR NORMAL DEPARTURE LAST
                VALUE   (LST)  VALUE       VALUE  FROM      YEAR
                                                  NORMAL
..................................................................
TEMPERATURE (F)
 TODAY
  MAXIMUM         35    317 PM  68    1963  44     -9       67
  MINIMUM          2    718 AM -24    1989  19    -17       32
  AVERAGE         19                        31    -12       50

PRECIPITATION (IN)
  TODAY            0.00          1.59 1965   0.04  -0.04     0.00
  MONTH TO DATE    0.33                      0.19   0.14     0.00
  SINCE OCT 1      4.99                      4.16   0.83     2.66
  SINCE JAN 1      1.43                      1.05   0.38     0.53

DEGREE DAYS
 HEATING
  TODAY           46                        34     12       15
  MONTH TO DATE  305                       204    101      120
  SINCE DEC 1   2557                      2437    120     2068
  SINCE JUL 1   3789                      3879    -90     3259

 COOLING
  TODAY            0                         0      0        0
  MONTH TO DATE    0                         0      0        0
  SINCE DEC 1      0                         0      0        0
  SINCE JAN 1      0                         0      0        0
..................................................................


WIND (MPH)
  RESULTANT WIND SPEED   2   RESULTANT WIND DIRECTION   N (20)
  HIGHEST WIND SPEED    12   HIGHEST WIND DIRECTION    NE (30)
  HIGHEST GUST SPEED    13   HIGHEST GUST DIRECTION    NE (30)
  AVERAGE WIND SPEED     3.2



WEATHER CONDITIONS
 THE FOLLOWING WEATHER WAS RECORDED TODAY.
  FOG


RELATIVE HUMIDITY (PERCENT)
 HIGHEST   100           900 AM
 LOWEST     56           300 PM
 AVERAGE    78

..........................................................


THE CEDAR CITY UT CLIMATE NORMALS FOR TOMORROW
                         NORMAL    RECORD    YEAR
 MAXIMUM TEMPERATURE (F)   44        66      1963
 MINIMUM TEMPERATURE (F)   19       -21      1989


SUNRISE AND SUNSET
FEBRUARY  6 2016......SUNRISE   732 AM MST   SUNSET   601 PM MST
FEBRUARY  7 2016......SUNRISE   731 AM MST   SUNSET   602 PM MST


-  INDICATES NEGATIVE NUMBERS.
R  INDICATES RECORD WAS SET OR TIED.
MM INDICATES DATA IS MISSING.
T  INDICATES TRACE AMOUNT.




$$
