000
CDUS45 KSLC 211243
CLICDC


CLIMATE REPORT
NATIONAL WEATHER SERVICE SALT LAKE CITY UT
642 AM MDT MON APR 21 2014


...................................

...THE CEDAR CITY UT CLIMATE SUMMARY FOR APRIL 20 2014...

CLIMATE NORMAL PERIOD 1981 TO 2010
CLIMATE RECORD PERIOD 1928 TO 2014


WEATHER ITEM   OBSERVED TIME   RECORD YEAR NORMAL DEPARTURE LAST
                VALUE   (LST)  VALUE       VALUE  FROM      YEAR
                                                  NORMAL
..................................................................
TEMPERATURE (F)
 YESTERDAY
  MAXIMUM         73    142 PM  81    1994  63     10       60
  MINIMUM         43    615 AM   8    1966  33     10       30
  AVERAGE         58                        48     10       45

PRECIPITATION (IN)
  YESTERDAY        T             0.83 1988   0.03  -0.03     0.00
  MONTH TO DATE    T                         0.76  -0.76     0.91
  SINCE OCT 1      3.30                      7.08  -3.78     6.43
  SINCE JAN 1      1.36                      3.97  -2.61     3.72

DEGREE DAYS
 HEATING
  YESTERDAY        7                        17    -10       20
  MONTH TO DATE  331                       397    -66      421
  SINCE MAR 1   1061                      1169   -108     1081
  SINCE JUL 1   5648                      5731    -83     5701

 COOLING
  YESTERDAY        0                         0      0        0
  MONTH TO DATE    0                         0      0        0
  SINCE MAR 1      0                         0      0        0
  SINCE JAN 1      0                         0      0        0
..................................................................


WIND (MPH)
  RESULTANT WIND SPEED   3   RESULTANT WIND DIRECTION   S (160)
  HIGHEST WIND SPEED    23   HIGHEST WIND DIRECTION     W (250)
  HIGHEST GUST SPEED    27   HIGHEST GUST DIRECTION     W (260)
  AVERAGE WIND SPEED     5.6



WEATHER CONDITIONS
 THE FOLLOWING WEATHER WAS RECORDED YESTERDAY.
  LIGHT RAIN


RELATIVE HUMIDITY (PERCENT)
 HIGHEST    65           700 AM
 LOWEST     20           100 PM
 AVERAGE    43

..........................................................


THE CEDAR CITY UT CLIMATE NORMALS FOR TODAY
                         NORMAL    RECORD    YEAR
 MAXIMUM TEMPERATURE (F)   63        81      2012
                                             1989
 MINIMUM TEMPERATURE (F)   33        18      2008


SUNRISE AND SUNSET
APRIL 21 2014.........SUNRISE   649 AM MDT   SUNSET   814 PM MDT
APRIL 22 2014.........SUNRISE   648 AM MDT   SUNSET   815 PM MDT


-  INDICATES NEGATIVE NUMBERS.
R  INDICATES RECORD WAS SET OR TIED.
MM INDICATES DATA IS MISSING.
T  INDICATES TRACE AMOUNT.




$$
