000
CDUS45 KSLC 241231
CLICDC


CLIMATE REPORT
NATIONAL WEATHER SERVICE SALT LAKE CITY UT
631 AM MDT FRI OCT 24 2014


...................................

...THE CEDAR CITY UT CLIMATE SUMMARY FOR OCTOBER 23 2014...

CLIMATE NORMAL PERIOD 1981 TO 2010
CLIMATE RECORD PERIOD 1928 TO 2014


WEATHER ITEM   OBSERVED TIME   RECORD YEAR NORMAL DEPARTURE LAST
                VALUE   (LST)  VALUE       VALUE  FROM      YEAR
                                                  NORMAL
..................................................................
TEMPERATURE (F)
 YESTERDAY
  MAXIMUM         74    134 PM  79    2003  63     11       70
  MINIMUM         32    629 AM  19    1995  31      1       27
  AVERAGE         53                        47      6       49

PRECIPITATION (IN)
  YESTERDAY        0.00          0.38 1991   0.05  -0.05     0.00
  MONTH TO DATE    0.22                      0.98  -0.76     0.27
  SINCE OCT 1      0.22                      0.98  -0.76     0.27
  SINCE JAN 1      7.90                      9.18  -1.28    13.31

DEGREE DAYS
 HEATING
  YESTERDAY       12                        18     -6       16
  MONTH TO DATE  250                       319    -69      430
  SINCE SEP 1    307                       453   -146      595
  SINCE JUL 1    313                       462   -149      598

 COOLING
  YESTERDAY        0                         0      0        0
  MONTH TO DATE    0                         0      0        0
  SINCE SEP 1     61                        39     22       35
  SINCE JAN 1    607                       588     19      667
..................................................................


WIND (MPH)
  RESULTANT WIND SPEED   4   RESULTANT WIND DIRECTION  SW (220)
  HIGHEST WIND SPEED    20   HIGHEST WIND DIRECTION    SW (220)
  HIGHEST GUST SPEED    26   HIGHEST GUST DIRECTION    SW (230)
  AVERAGE WIND SPEED     6.4



WEATHER CONDITIONS
 THE FOLLOWING WEATHER WAS RECORDED YESTERDAY.
  NO SIGNIFICANT WEATHER WAS OBSERVED.


RELATIVE HUMIDITY (PERCENT)
 HIGHEST    82           500 AM
 LOWEST     16           200 PM
 AVERAGE    49

..........................................................


THE CEDAR CITY UT CLIMATE NORMALS FOR TODAY
                         NORMAL    RECORD    YEAR
 MAXIMUM TEMPERATURE (F)   62        86      1959
 MINIMUM TEMPERATURE (F)   31        19      1975


SUNRISE AND SUNSET
OCTOBER 24 2014.......SUNRISE   750 AM MDT   SUNSET   643 PM MDT
OCTOBER 25 2014.......SUNRISE   751 AM MDT   SUNSET   642 PM MDT


-  INDICATES NEGATIVE NUMBERS.
R  INDICATES RECORD WAS SET OR TIED.
MM INDICATES DATA IS MISSING.
T  INDICATES TRACE AMOUNT.




$$
