000
CDUS45 KCYS 052235
CLICDR


CLIMATE REPORT
NATIONAL WEATHER SERVICE CHEYENNE WY
335 PM MST THU MAR 5 2015


...................................

...THE CHADRON NE AIRPORT CLIMATE SUMMARY FOR MARCH 5 2015...
VALID AS OF 0300 PM LOCAL TIME.

CLIMATE NORMAL PERIOD 1981 TO 2010
CLIMATE RECORD PERIOD 1895 TO 2015


WEATHER ITEM   OBSERVED TIME   RECORD YEAR NORMAL DEPARTURE LAST
                VALUE   (LST)  VALUE       VALUE  FROM      YEAR
                                                  NORMAL
..................................................................
TEMPERATURE (F)
 TODAY
  MAXIMUM         42    330 PM  74    1950  48     -6       50
  MINIMUM         -9    534 AM -26    1989  18    -27       13
  AVERAGE         17                        32    -15       32

PRECIPITATION (IN)
  TODAY            0.00          1.38 1983   0.04  -0.04     0.00
  MONTH TO DATE    0.02                      0.17  -0.15     0.11
  SINCE JAN 1      0.93                      1.14  -0.21     1.13

DEGREE DAYS
 HEATING
  TODAY           48                        32     16       33
  MONTH TO DATE  225                       165     60      243
  SINCE MAR 1    225                       165     60      243
  SINCE JUL 1   5170                      5417   -247     5717

 COOLING
  TODAY            0                         0      0        0
  MONTH TO DATE    0                         0      0        0
  SINCE MAR 1      0                         0      0        0
  SINCE JAN 1      0                         0      0        0
..................................................................


WIND (MPH)
  HIGHEST WIND SPEED    23   HIGHEST WIND DIRECTION     W (280)
  HIGHEST GUST SPEED    29   HIGHEST GUST DIRECTION     W (280)
  AVERAGE WIND SPEED     7.7


SKY COVER
  AVERAGE SKY COVER 0.1


WEATHER CONDITIONS
 THE FOLLOWING WEATHER WAS RECORDED TODAY.
  NO SIGNIFICANT WEATHER WAS OBSERVED.


RELATIVE HUMIDITY (PERCENT)
 HIGHEST    91           800 AM
 LOWEST     45           300 PM
 AVERAGE    68

..........................................................


THE CHADRON NE AIRPORT CLIMATE NORMALS FOR TOMORROW
                         NORMAL    RECORD    YEAR
 MAXIMUM TEMPERATURE (F)   48        76      2012
 MINIMUM TEMPERATURE (F)   18       -18      1943


SUNRISE AND SUNSET
MARCH  5 2015.........SUNRISE   622 AM MST   SUNSET   547 PM MST
MARCH  6 2015.........SUNRISE   620 AM MST   SUNSET   548 PM MST


-  INDICATES NEGATIVE NUMBERS.
R  INDICATES RECORD WAS SET OR TIED.
MM INDICATES DATA IS MISSING.
T  INDICATES TRACE AMOUNT.




$$
