000
CDUS45 KCYS 020727
CLICDR


CLIMATE REPORT
NATIONAL WEATHER SERVICE CHEYENNE WY
1226 AM MST FRI DEC 2 2016


...................................

...THE CHADRON NE AIRPORT CLIMATE SUMMARY FOR DECEMBER 1 2016...

CLIMATE NORMAL PERIOD 1981 TO 2010
CLIMATE RECORD PERIOD 1895 TO 2016


WEATHER ITEM   OBSERVED TIME   RECORD YEAR NORMAL DEPARTURE LAST
                VALUE   (LST)  VALUE       VALUE  FROM      YEAR
                                                  NORMAL
..................................................................
TEMPERATURE (F)
 YESTERDAY
  MAXIMUM         44    125 PM  68    1999  41      3       33
                                      1951
  MINIMUM         12    706 AM -21    1985  13     -1       24
  AVERAGE         28                        27      1       29

PRECIPITATION (IN)
  YESTERDAY        0.00          0.27 1978   0.02  -0.02     0.14
  MONTH TO DATE    0.00                      0.02  -0.02     0.14
  SINCE JAN 1     13.62                     17.55  -3.93    19.38

DEGREE DAYS
 HEATING
  YESTERDAY       37                        38     -1       36
  MONTH TO DATE   37                        38     -1       36
  SINCE DEC 1     37                        38     -1       36
  SINCE JUL 1   1149                      1722   -573     1416

 COOLING
  YESTERDAY        0                         0      0        0
  MONTH TO DATE    0                         0      0        0
  SINCE DEC 1      0                         0      0        0
  SINCE JAN 1    883                       712    171      718
..................................................................


WIND (MPH)
  HIGHEST WIND SPEED    17   HIGHEST WIND DIRECTION    NW (300)
  HIGHEST GUST SPEED    21   HIGHEST GUST DIRECTION    NW (300)
  AVERAGE WIND SPEED     7.9


SKY COVER
  AVERAGE SKY COVER 0.5


WEATHER CONDITIONS
 THE FOLLOWING WEATHER WAS RECORDED YESTERDAY.
  HAZE


RELATIVE HUMIDITY (PERCENT)
 HIGHEST    80           100 AM
 LOWEST     29           200 PM
 AVERAGE    55

..........................................................


THE CHADRON NE AIRPORT CLIMATE NORMALS FOR TODAY
                         NORMAL    RECORD    YEAR
 MAXIMUM TEMPERATURE (F)   40        70      1998
 MINIMUM TEMPERATURE (F)   13       -25      1985


SUNRISE AND SUNSET
DECEMBER  2 2016......SUNRISE   705 AM MST   SUNSET   419 PM MST
DECEMBER  3 2016......SUNRISE   706 AM MST   SUNSET   419 PM MST


-  INDICATES NEGATIVE NUMBERS.
R  INDICATES RECORD WAS SET OR TIED.
MM INDICATES DATA IS MISSING.
T  INDICATES TRACE AMOUNT.




$$
