000
CDUS45 KCYS 030753
CLICDR


CLIMATE REPORT
NATIONAL WEATHER SERVICE CHEYENNE WY
153 AM MDT FRI JUL 3 2015


...................................

...THE CHADRON NE AIRPORT CLIMATE SUMMARY FOR JULY 2 2015...

CLIMATE NORMAL PERIOD 1981 TO 2010
CLIMATE RECORD PERIOD 1895 TO 2015


WEATHER ITEM   OBSERVED TIME   RECORD YEAR NORMAL DEPARTURE LAST
                VALUE   (LST)  VALUE       VALUE  FROM      YEAR
                                                  NORMAL
..................................................................
TEMPERATURE (F)
 YESTERDAY
  MAXIMUM         82    312 PM 109    1990  87     -5       80
  MINIMUM         59    352 AM  39    1945  55      4       42
  AVERAGE         71                        71      0       61

PRECIPITATION (IN)
  YESTERDAY        0.08          2.02 1926   0.07   0.01     0.00
  MONTH TO DATE    0.64                      0.14   0.50     0.00
  SINCE JAN 1     13.59                     10.32   3.27    11.13

DEGREE DAYS
 HEATING
  YESTERDAY        0                         1     -1        4
  MONTH TO DATE    0                         2     -2        7
  SINCE JUN 1      9                        83    -74       90
  SINCE JUL 1      0                         2     -2        7

 COOLING
  YESTERDAY        6                         7     -1        0
  MONTH TO DATE   17                        14      3        0
  SINCE JUN 1    150                       122     28       54
  SINCE JAN 1    150                       142      8       85
..................................................................


WIND (MPH)
  HIGHEST WIND SPEED    21   HIGHEST WIND DIRECTION     S (190)
  HIGHEST GUST SPEED    24   HIGHEST GUST DIRECTION     S (190)
  AVERAGE WIND SPEED     7.7


SKY COVER
  AVERAGE SKY COVER 0.2


WEATHER CONDITIONS
 THE FOLLOWING WEATHER WAS RECORDED YESTERDAY.
  THUNDERSTORM
  RAIN
  LIGHT RAIN
  FOG


RELATIVE HUMIDITY (PERCENT)
 HIGHEST    93          1100 PM
 LOWEST     51          1100 AM
 AVERAGE    72

..........................................................


THE CHADRON NE AIRPORT CLIMATE NORMALS FOR TODAY
                         NORMAL    RECORD    YEAR
 MAXIMUM TEMPERATURE (F)   88       106      1936
 MINIMUM TEMPERATURE (F)   55        43      1972


SUNRISE AND SUNSET
JULY  3 2015..........SUNRISE   519 AM MDT   SUNSET   834 PM MDT
JULY  4 2015..........SUNRISE   519 AM MDT   SUNSET   834 PM MDT


-  INDICATES NEGATIVE NUMBERS.
R  INDICATES RECORD WAS SET OR TIED.
MM INDICATES DATA IS MISSING.
T  INDICATES TRACE AMOUNT.




$$
