000
CDUS44 KLUB 060625
CLICDS


CLIMATE REPORT
NATIONAL WEATHER SERVICE LUBBOCK, TX
1225 AM CST FRI MAR 6 2015


...................................

...THE CHILDRESS CLIMATE SUMMARY FOR MARCH 5 2015...

CLIMATE NORMAL PERIOD 1981 TO 2010
CLIMATE RECORD PERIOD 1893 TO 2015


WEATHER ITEM   OBSERVED TIME   RECORD YEAR NORMAL DEPARTURE LAST
                VALUE   (LST)  VALUE       VALUE  FROM      YEAR
                                                  NORMAL
..................................................................
TEMPERATURE (F)
 YESTERDAY
  MAXIMUM         43    555 PM  92    2009  63    -20       49
  MINIMUM         12R   649 AM  13    1989  37    -25       29
  AVERAGE         28                        50    -22       39

PRECIPITATION (IN)
  YESTERDAY        0.00          0.56 1926   0.05  -0.05     0.03
  MONTH TO DATE    0.04                      0.22  -0.18     0.03
  SINCE MAR 1      0.04                      0.22  -0.18     0.03
  SINCE JAN 1      1.21                      2.00  -0.79     0.39

SNOWFALL (IN)
  YESTERDAY        0.0          MM      MM   0.0    0.0      0.0
  MONTH TO DATE    0.0                       0.1   -0.1       T
  SINCE MAR 1      0.0                       0.1   -0.1       T
  SINCE JUL 1      2.0                       6.5   -4.5      9.5
  SNOW DEPTH       0

DEGREE DAYS
 HEATING
  YESTERDAY       37                        15     22       26
  MONTH TO DATE  147                        78     69      169
  SINCE MAR 1    147                        78     69      169
  SINCE JUL 1   2644                      2638      6     2985

 COOLING
  YESTERDAY        0                         0      0        0
  MONTH TO DATE    0                         0      0        0
  SINCE MAR 1      0                         0      0        0
  SINCE JAN 1      0                         1     -1        0
..................................................................


WIND (MPH)
  RESULTANT WIND SPEED   5   RESULTANT WIND DIRECTION   W (260)
  HIGHEST WIND SPEED    16   HIGHEST WIND DIRECTION     W (250)
  HIGHEST GUST SPEED    21   HIGHEST GUST DIRECTION     W (250)
  AVERAGE WIND SPEED     8.1


SKY COVER
  AVERAGE SKY COVER 0.1


WEATHER CONDITIONS
 THE FOLLOWING WEATHER WAS RECORDED YESTERDAY.
  NO SIGNIFICANT WEATHER WAS OBSERVED.


RELATIVE HUMIDITY (PERCENT)
 HIGHEST    96           600 AM
 LOWEST     39           400 PM
 AVERAGE    68

..........................................................


THE CHILDRESS CLIMATE NORMALS FOR TODAY
                         NORMAL    RECORD    YEAR
 MAXIMUM TEMPERATURE (F)   64        87      2009
                                             1974
 MINIMUM TEMPERATURE (F)   37        13      1943


SUNRISE AND SUNSET
MARCH  6 2015.........SUNRISE   704 AM CST   SUNSET   641 PM CST
MARCH  7 2015.........SUNRISE   703 AM CST   SUNSET   642 PM CST


-  INDICATES NEGATIVE NUMBERS.
R  INDICATES RECORD WAS SET OR TIED.
MM INDICATES DATA IS MISSING.
T  INDICATES TRACE AMOUNT.




$$
