000
CDUS44 KLUB 180627
CLICDS


CLIMATE REPORT
NATIONAL WEATHER SERVICE LUBBOCK, TX
1226 AM CST SUN FEB 18 2018


...................................

...THE CHILDRESS CLIMATE SUMMARY FOR FEBRUARY 17 2018...

CLIMATE NORMAL PERIOD 1981 TO 2010
CLIMATE RECORD PERIOD 1893 TO 2018


WEATHER ITEM   OBSERVED TIME   RECORD YEAR NORMAL DEPARTURE LAST
                VALUE   (LST)  VALUE       VALUE  FROM      YEAR
                                                  NORMAL
..................................................................
TEMPERATURE (F)
 YESTERDAY
  MAXIMUM         61    427 PM  88    1970  59      2       73
  MINIMUM         35    742 AM   8    1978  33      2       38
  AVERAGE         48                        46      2       56

PRECIPITATION (IN)
  YESTERDAY        0.16          3.64 1911   0.04   0.12     0.00
  MONTH TO DATE    0.16                      0.62  -0.46     2.50
  SINCE DEC 1      0.20                      2.26  -2.06     5.51
  SINCE JAN 1      0.17                      1.35  -1.18     4.22

SNOWFALL (IN)
  YESTERDAY       MM            MM      MM   0.0   MM        0.0
  MONTH TO DATE    0.0                       0.8   -0.8       T
  SINCE DEC 1      1.0                       5.2   -4.2      1.5
  SINCE JUL 1      1.0                       6.1   -5.1      1.5
  SNOW DEPTH       0

DEGREE DAYS
 HEATING
  YESTERDAY       17                        20     -3        9
  MONTH TO DATE  386                       359     27      258
  SINCE DEC 1   1816                      1802     14     1583
  SINCE JUL 1   2253                      2362   -109     1850

 COOLING
  YESTERDAY        0                         0      0        0
  MONTH TO DATE    6                         0      6       10
  SINCE DEC 1      6                         0      6       10
  SINCE JAN 1      6                         0      6       10
..................................................................


WIND (MPH)
  RESULTANT WIND SPEED   3   RESULTANT WIND DIRECTION   E (70)
  HIGHEST WIND SPEED    24   HIGHEST WIND DIRECTION     N (20)
  HIGHEST GUST SPEED    33   HIGHEST GUST DIRECTION     N (20)
  AVERAGE WIND SPEED     8.7


SKY COVER
  AVERAGE SKY COVER 0.1


WEATHER CONDITIONS
 THE FOLLOWING WEATHER WAS RECORDED YESTERDAY.
  RAIN
  LIGHT RAIN
  FOG


RELATIVE HUMIDITY (PERCENT)
 HIGHEST    92           500 AM
 LOWEST     23           500 PM
 AVERAGE    58

..........................................................


THE CHILDRESS CLIMATE NORMALS FOR TODAY
                         NORMAL    RECORD    YEAR
 MAXIMUM TEMPERATURE (F)   59        88      2016
 MINIMUM TEMPERATURE (F)   33         5      1978


SUNRISE AND SUNSET
FEBRUARY 18 2018......SUNRISE   723 AM CST   SUNSET   627 PM CST
FEBRUARY 19 2018......SUNRISE   722 AM CST   SUNSET   628 PM CST


-  INDICATES NEGATIVE NUMBERS.
R  INDICATES RECORD WAS SET OR TIED.
MM INDICATES DATA IS MISSING.
T  INDICATES TRACE AMOUNT.




$$
