000
CDUS44 KLUB 290626
CLICDS


CLIMATE REPORT
NATIONAL WEATHER SERVICE LUBBOCK, TX
126 AM CDT FRI MAY 29 2015


...................................

...THE CHILDRESS CLIMATE SUMMARY FOR MAY 28 2015...

CLIMATE NORMAL PERIOD 1981 TO 2010
CLIMATE RECORD PERIOD 1893 TO 2015


WEATHER ITEM   OBSERVED TIME   RECORD YEAR NORMAL DEPARTURE LAST
                VALUE   (LST)  VALUE       VALUE  FROM      YEAR
                                                  NORMAL
..................................................................
TEMPERATURE (F)
 YESTERDAY
  MAXIMUM         77    238 PM 101    2011  87    -10       87
                                      1974
  MINIMUM         56   1249 AM  43    1907  62     -6       60
  AVERAGE         67                        74     -7       74

PRECIPITATION (IN)
  YESTERDAY        1.23          2.43 1902   0.12   1.11     0.00
  MONTH TO DATE   13.21                      2.75  10.46     3.88
  SINCE MAR 1     18.43                      6.40  12.03     5.87
  SINCE JAN 1     19.60                      8.18  11.42     6.23

SNOWFALL (IN)
  YESTERDAY        0.0          MM      MM   0.0    0.0      0.0
  MONTH TO DATE    0.0                       0.0    0.0      0.0
  SINCE MAR 1      0.0                       0.6   -0.6       T
  SINCE JUL 1      2.0                       7.0   -5.0      9.5
  SNOW DEPTH       0

DEGREE DAYS
 HEATING
  YESTERDAY        0                         0      0        0
  MONTH TO DATE   42                        27     15       30
  SINCE MAR 1    476                       555    -79      640
  SINCE JUL 1   2973                      3115   -142     3456

 COOLING
  YESTERDAY        2                        10     -8        9
  MONTH TO DATE   92                       190    -98      234
  SINCE MAR 1    188                       280    -92      328
  SINCE JAN 1    188                       281    -93      328
..................................................................


WIND (MPH)
  RESULTANT WIND SPEED   8   RESULTANT WIND DIRECTION  SE (140)
  HIGHEST WIND SPEED    40   HIGHEST WIND DIRECTION    NW (320)
  HIGHEST GUST SPEED    51   HIGHEST GUST DIRECTION    NW (320)
  AVERAGE WIND SPEED    10.2


SKY COVER
  AVERAGE SKY COVER 0.3


WEATHER CONDITIONS
 THE FOLLOWING WEATHER WAS RECORDED YESTERDAY.
  THUNDERSTORM
  HEAVY RAIN
  RAIN
  LIGHT RAIN
  FOG


RELATIVE HUMIDITY (PERCENT)
 HIGHEST    93          1200 AM
 LOWEST     68          1000 AM
 AVERAGE    81

..........................................................


THE CHILDRESS CLIMATE NORMALS FOR TODAY
                         NORMAL    RECORD    YEAR
 MAXIMUM TEMPERATURE (F)   87       104      2012
                                             2011
 MINIMUM TEMPERATURE (F)   62        43      1984


SUNRISE AND SUNSET
MAY 29 2015...........SUNRISE   631 AM CDT   SUNSET   846 PM CDT
MAY 30 2015...........SUNRISE   631 AM CDT   SUNSET   847 PM CDT


-  INDICATES NEGATIVE NUMBERS.
R  INDICATES RECORD WAS SET OR TIED.
MM INDICATES DATA IS MISSING.
T  INDICATES TRACE AMOUNT.




$$
