000
CDUS44 KLUB 290628
CLICDS


CLIMATE REPORT
NATIONAL WEATHER SERVICE LUBBOCK, TX
128 AM CDT SAT APR 29 2017


...................................

...THE CHILDRESS CLIMATE SUMMARY FOR APRIL 28 2017...

CLIMATE NORMAL PERIOD 1981 TO 2010
CLIMATE RECORD PERIOD 1893 TO 2017


WEATHER ITEM   OBSERVED TIME   RECORD YEAR NORMAL DEPARTURE LAST
                VALUE   (LST)  VALUE       VALUE  FROM      YEAR
                                                  NORMAL
..................................................................
TEMPERATURE (F)
 YESTERDAY
  MAXIMUM         82    532 PM  98    1898  80      2       80
  MINIMUM         52    621 AM  38    1994  52      0       52
                                      1969
  AVERAGE         67                        66      1       66

PRECIPITATION (IN)
  YESTERDAY        0.13          2.88 1957   0.08   0.05     0.03
  MONTH TO DATE    2.01                      1.94   0.07     1.97
  SINCE MAR 1      3.50                      3.47   0.03     2.75
  SINCE JAN 1      7.72                      5.25   2.47     4.00

SNOWFALL (IN)
  YESTERDAY        0.0          MM      MM   0.0    0.0      0.0
  MONTH TO DATE    0.0                       0.2   -0.2      0.0
  SINCE MAR 1      0.0                       0.6   -0.6      0.0
  SINCE JUL 1      1.5                       7.0   -5.5      7.0
  SNOW DEPTH       0

DEGREE DAYS
 HEATING
  YESTERDAY        0                         3     -3        0
  MONTH TO DATE  103                       148    -45       81
  SINCE MAR 1    326                       523   -197      314
  SINCE JUL 1   2274                      3083   -809     2482

 COOLING
  YESTERDAY        2                         4     -2        1
  MONTH TO DATE   77                        64     13       39
  SINCE MAR 1    135                        82     53       61
  SINCE JAN 1    150                        83     67       63
..................................................................


WIND (MPH)
  RESULTANT WIND SPEED   6   RESULTANT WIND DIRECTION  NE (60)
  HIGHEST WIND SPEED    26   HIGHEST WIND DIRECTION     N (10)
  HIGHEST GUST SPEED    34   HIGHEST GUST DIRECTION     N (10)
  AVERAGE WIND SPEED    10.4


SKY COVER
  AVERAGE SKY COVER 0.1


WEATHER CONDITIONS
 THE FOLLOWING WEATHER WAS RECORDED YESTERDAY.
  THUNDERSTORM
  HEAVY RAIN
  RAIN
  FOG


RELATIVE HUMIDITY (PERCENT)
 HIGHEST    89           500 AM
 LOWEST     25           600 PM
 AVERAGE    57

..........................................................


THE CHILDRESS CLIMATE NORMALS FOR TODAY
                         NORMAL    RECORD    YEAR
 MAXIMUM TEMPERATURE (F)   80        97      1893
 MINIMUM TEMPERATURE (F)   53        33      1908


SUNRISE AND SUNSET
APRIL 29 2017.........SUNRISE   653 AM CDT   SUNSET   824 PM CDT
APRIL 30 2017.........SUNRISE   652 AM CDT   SUNSET   825 PM CDT


-  INDICATES NEGATIVE NUMBERS.
R  INDICATES RECORD WAS SET OR TIED.
MM INDICATES DATA IS MISSING.
T  INDICATES TRACE AMOUNT.




$$
