000
CDUS44 KLUB 190626
CLICDS


CLIMATE REPORT
NATIONAL WEATHER SERVICE LUBBOCK, TX
1225 AM CST THU JAN 19 2017


...................................

...THE CHILDRESS CLIMATE SUMMARY FOR JANUARY 18 2017...

CLIMATE NORMAL PERIOD 1981 TO 2010
CLIMATE RECORD PERIOD 1893 TO 2017


WEATHER ITEM   OBSERVED TIME   RECORD YEAR NORMAL DEPARTURE LAST
                VALUE   (LST)  VALUE       VALUE  FROM      YEAR
                                                  NORMAL
..................................................................
TEMPERATURE (F)
 YESTERDAY
  MAXIMUM         56    502 PM  77    2015  55      1       37
                                      2006
  MINIMUM         40    342 AM  -6    1930  28     12       23
  AVERAGE         48                        42      6       30

PRECIPITATION (IN)
  YESTERDAY        T             1.22 1945   0.02  -0.02     0.00
  MONTH TO DATE    1.72                      0.35   1.37     0.51
  SINCE DEC 1      3.01                      1.26   1.75     1.36
  SINCE JAN 1      1.72                      0.35   1.37     0.51

SNOWFALL (IN)
  YESTERDAY        0.0          MM      MM   0.1   -0.1      0.0
  MONTH TO DATE    1.5                       1.5    0.0      1.2
  SINCE DEC 1      1.5                       3.2   -1.7      6.2
  SINCE JUL 1      1.5                       4.1   -2.6      7.0
  SNOW DEPTH       0

DEGREE DAYS
 HEATING
  YESTERDAY       17                        24     -7       35
  MONTH TO DATE  440                       432      8      470
  SINCE DEC 1   1127                      1145    -18     1061
  SINCE JUL 1   1394                      1705   -311     1514

 COOLING
  YESTERDAY        0                         0      0        0
  MONTH TO DATE    0                         0      0        0
  SINCE DEC 1      0                         0      0        0
  SINCE JAN 1      0                         0      0        0
..................................................................


WIND (MPH)
  RESULTANT WIND SPEED   6   RESULTANT WIND DIRECTION   S (160)
  HIGHEST WIND SPEED    14   HIGHEST WIND DIRECTION     S (170)
  HIGHEST GUST SPEED    17   HIGHEST GUST DIRECTION     S (180)
  AVERAGE WIND SPEED     6.9


SKY COVER
  AVERAGE SKY COVER 0.7


WEATHER CONDITIONS
 THE FOLLOWING WEATHER WAS RECORDED YESTERDAY.
  LIGHT RAIN
  FOG
  FOG W/VISIBILITY <= 1/4 MILE


RELATIVE HUMIDITY (PERCENT)
 HIGHEST   100          1200 AM
 LOWEST     72           500 PM
 AVERAGE    86

..........................................................


THE CHILDRESS CLIMATE NORMALS FOR TODAY
                         NORMAL    RECORD    YEAR
 MAXIMUM TEMPERATURE (F)   55        81      1951
 MINIMUM TEMPERATURE (F)   28        -1      1943


SUNRISE AND SUNSET
JANUARY 19 2017.......SUNRISE   746 AM CST   SUNSET   558 PM CST
JANUARY 20 2017.......SUNRISE   746 AM CST   SUNSET   559 PM CST


-  INDICATES NEGATIVE NUMBERS.
R  INDICATES RECORD WAS SET OR TIED.
MM INDICATES DATA IS MISSING.
T  INDICATES TRACE AMOUNT.




$$
