000
CDUS44 KLUB 240645
CLICDS


CLIMATE REPORT
NATIONAL WEATHER SERVICE LUBBOCK, TX
145 AM CDT SUN JUL 24 2016


...................................

...THE CHILDRESS CLIMATE SUMMARY FOR JULY 23 2016...

CLIMATE NORMAL PERIOD 1981 TO 2010
CLIMATE RECORD PERIOD 1893 TO 2016


WEATHER ITEM   OBSERVED TIME   RECORD YEAR NORMAL DEPARTURE LAST
                VALUE   (LST)  VALUE       VALUE  FROM      YEAR
                                                  NORMAL
..................................................................
TEMPERATURE (F)
 YESTERDAY
  MAXIMUM        101    301 PM 110    1943  96      5       99
  MINIMUM         73    544 AM  61    1970  71      2       76
  AVERAGE         87                        84      3       88

PRECIPITATION (IN)
  YESTERDAY        0.00          1.60 1928   0.06  -0.06     0.00
  MONTH TO DATE    2.74                      1.48   1.26     4.68
  SINCE JUN 1      6.65                      5.43   1.22     8.72
  SINCE JAN 1     18.51                     14.00   4.51    28.58

SNOWFALL (IN)
  YESTERDAY        0.0          MM      MM   0.0    0.0      0.0
  MONTH TO DATE    0.0                       0.0    0.0      0.0
  SINCE JUN 1      0.0                       0.0    0.0      0.0
  SINCE JUL 1      0.0                       0.0    0.0      0.0
  SNOW DEPTH       0

DEGREE DAYS
 HEATING
  YESTERDAY        0                         0      0        0
  MONTH TO DATE    0                         0      0        0
  SINCE JUN 1      0                         2     -2        0
  SINCE JUL 1      0                         0      0        0

 COOLING
  YESTERDAY       22                        19      3       23
  MONTH TO DATE  471                       422     49      401
  SINCE JUN 1    940                       843     97      860
  SINCE JAN 1   1204                      1155     49     1060
..................................................................


WIND (MPH)
  RESULTANT WIND SPEED   8   RESULTANT WIND DIRECTION   S (180)
  HIGHEST WIND SPEED    18   HIGHEST WIND DIRECTION     S (190)
  HIGHEST GUST SPEED    27   HIGHEST GUST DIRECTION     S (200)
  AVERAGE WIND SPEED     8.9


SKY COVER
  AVERAGE SKY COVER 0.0


WEATHER CONDITIONS
 THE FOLLOWING WEATHER WAS RECORDED YESTERDAY.
  NO SIGNIFICANT WEATHER WAS OBSERVED.


RELATIVE HUMIDITY (PERCENT)
 HIGHEST    64           500 AM
 LOWEST     26           200 PM
 AVERAGE    45

..........................................................


THE CHILDRESS CLIMATE NORMALS FOR TODAY
                         NORMAL    RECORD    YEAR
 MAXIMUM TEMPERATURE (F)   96       110      1943
 MINIMUM TEMPERATURE (F)   71        62      1980


SUNRISE AND SUNSET
JULY 24 2016..........SUNRISE   646 AM CDT   SUNSET   849 PM CDT
JULY 25 2016..........SUNRISE   647 AM CDT   SUNSET   848 PM CDT


-  INDICATES NEGATIVE NUMBERS.
R  INDICATES RECORD WAS SET OR TIED.
MM INDICATES DATA IS MISSING.
T  INDICATES TRACE AMOUNT.




$$
