567
CDUS44 KLUB 140626
CLICDS


CLIMATE REPORT
NATIONAL WEATHER SERVICE LUBBOCK, TX
1226 AM CST SUN FEB 14 2016


...................................

...THE CHILDRESS CLIMATE SUMMARY FOR FEBRUARY 13 2016...

CLIMATE NORMAL PERIOD 1981 TO 2010
CLIMATE RECORD PERIOD 1893 TO 2016


WEATHER ITEM   OBSERVED TIME   RECORD YEAR NORMAL DEPARTURE LAST
                VALUE   (LST)  VALUE       VALUE  FROM      YEAR
                                                  NORMAL
..................................................................
TEMPERATURE (F)
 YESTERDAY
  MAXIMUM         67    516 PM  87    1904  58      9       72
  MINIMUM         30    754 AM -10    1905  32     -2       31
  AVERAGE         49                        45      4       52

PRECIPITATION (IN)
  YESTERDAY        0.00          0.55 1935   0.04  -0.04     0.00
  MONTH TO DATE    T                         0.47  -0.47      T
  SINCE DEC 1      1.36                      2.11  -0.75     1.28
  SINCE JAN 1      0.51                      1.20  -0.69     1.08

SNOWFALL (IN)
  YESTERDAY        0.0          MM      MM   0.1   -0.1      0.0
  MONTH TO DATE    0.0                       0.7   -0.7      0.0
  SINCE DEC 1      6.2                       5.1    1.1      1.5
  SINCE JUL 1      7.0                       6.0    1.0      3.5
  SNOW DEPTH       0

DEGREE DAYS
 HEATING
  YESTERDAY       16                        20     -4       13
  MONTH TO DATE  252                       279    -27      218
  SINCE DEC 1   1545                      1722   -177     1543
  SINCE JUL 1   1998                      2282   -284     2098

 COOLING
  YESTERDAY        0                         0      0        0
  MONTH TO DATE    0                         0      0        0
  SINCE DEC 1      0                         0      0        0
  SINCE JAN 1      0                         0      0        0
..................................................................


WIND (MPH)
  RESULTANT WIND SPEED   6   RESULTANT WIND DIRECTION  SE (140)
  HIGHEST WIND SPEED    20   HIGHEST WIND DIRECTION     S (190)
  HIGHEST GUST SPEED    26   HIGHEST GUST DIRECTION     S (180)
  AVERAGE WIND SPEED     8.8


SKY COVER
  AVERAGE SKY COVER 0.0


WEATHER CONDITIONS
 THE FOLLOWING WEATHER WAS RECORDED YESTERDAY.
  FOG
  HAZE


RELATIVE HUMIDITY (PERCENT)
 HIGHEST    85           400 AM
 LOWEST     37           200 PM
 AVERAGE    61

..........................................................


THE CHILDRESS CLIMATE NORMALS FOR TODAY
                         NORMAL    RECORD    YEAR
 MAXIMUM TEMPERATURE (F)   58        93      1979
 MINIMUM TEMPERATURE (F)   32         6      1905


SUNRISE AND SUNSET
FEBRUARY 14 2016......SUNRISE   728 AM CST   SUNSET   623 PM CST
FEBRUARY 15 2016......SUNRISE   727 AM CST   SUNSET   624 PM CST


-  INDICATES NEGATIVE NUMBERS.
R  INDICATES RECORD WAS SET OR TIED.
MM INDICATES DATA IS MISSING.
T  INDICATES TRACE AMOUNT.




$$
