000
CDUS44 KLUB 132326
CLICDS


CLIMATE REPORT
NATIONAL WEATHER SERVICE LUBBOCK, TX
525 PM CST WED DEC 13 2017


...................................

...THE CHILDRESS CLIMATE SUMMARY FOR DECEMBER 13 2017...
VALID TODAY AS OF 0500 PM LOCAL TIME.

CLIMATE NORMAL PERIOD 1981 TO 2010
CLIMATE RECORD PERIOD 1893 TO 2017


WEATHER ITEM   OBSERVED TIME   RECORD YEAR NORMAL DEPARTURE LAST
                VALUE   (LST)  VALUE       VALUE  FROM      YEAR
                                                  NORMAL
..................................................................
TEMPERATURE (F)
 TODAY
  MAXIMUM         69    320 PM  82    1995  54     15       48
                                      1948
  MINIMUM         37    403 AM   6    1985  29      8       30
  AVERAGE         53                        42     11       39

PRECIPITATION (IN)
  TODAY            0.00          0.35 1905   0.04  -0.04     0.00
  MONTH TO DATE    0.00                      0.43  -0.43     1.14
  SINCE DEC 1      0.00                      0.43  -0.43     1.14
  SINCE JAN 1     23.51                     23.44   0.07    29.89

SNOWFALL (IN)
  TODAY            0.0          MM      MM   0.1   -0.1      0.0
  MONTH TO DATE    0.0                       0.7   -0.7      0.0
  SINCE DEC 1      0.0                       0.7   -0.7      0.0
  SINCE JUL 1      0.0                       1.6   -1.6      0.0
  SNOW DEPTH       0

DEGREE DAYS
 HEATING
  TODAY           12                        23    -11       26
  MONTH TO DATE  199                       281    -82      307
  SINCE DEC 1    199                       281    -82      307
  SINCE JUL 1    636                       841   -205      574

 COOLING
  TODAY            0                         0      0        0
  MONTH TO DATE    0                         0      0        0
  SINCE DEC 1      0                         0      0        0
  SINCE JAN 1   2307                      2207    100     2370
..................................................................


WIND (MPH)
  RESULTANT WIND SPEED   3   RESULTANT WIND DIRECTION   W (270)
  HIGHEST WIND SPEED    20   HIGHEST WIND DIRECTION    NW (310)
  HIGHEST GUST SPEED    26   HIGHEST GUST DIRECTION    NE (50)
  AVERAGE WIND SPEED    10.2


SKY COVER
  AVERAGE SKY COVER 0.0


WEATHER CONDITIONS
 THE FOLLOWING WEATHER WAS RECORDED TODAY.
  NO SIGNIFICANT WEATHER WAS OBSERVED.


RELATIVE HUMIDITY (PERCENT)
 HIGHEST    35           400 AM
 LOWEST     14           100 PM
 AVERAGE    25

..........................................................


THE CHILDRESS CLIMATE NORMALS FOR TOMORROW
                         NORMAL    RECORD    YEAR
 MAXIMUM TEMPERATURE (F)   54        76      2008
 MINIMUM TEMPERATURE (F)   29         7      1985


SUNRISE AND SUNSET
DECEMBER 13 2017......SUNRISE   739 AM CST   SUNSET   532 PM CST
DECEMBER 14 2017......SUNRISE   740 AM CST   SUNSET   532 PM CST


-  INDICATES NEGATIVE NUMBERS.
R  INDICATES RECORD WAS SET OR TIED.
MM INDICATES DATA IS MISSING.
T  INDICATES TRACE AMOUNT.




$$
