000
CDUS44 KLUB 080227
CLICDS


CLIMATE REPORT
NATIONAL WEATHER SERVICE LUBBOCK, TX
826 PM CST WED DEC 7 2016


...................................

...THE CHILDRESS CLIMATE SUMMARY FOR DECEMBER 7 2016...
VALID TODAY AS OF 0800 PM LOCAL TIME.

CLIMATE NORMAL PERIOD 1981 TO 2010
CLIMATE RECORD PERIOD 1893 TO 2016


WEATHER ITEM   OBSERVED TIME   RECORD YEAR NORMAL DEPARTURE LAST
                VALUE   (LST)  VALUE       VALUE  FROM      YEAR
                                                  NORMAL
..................................................................
TEMPERATURE (F)
 TODAY
  MAXIMUM         41    439 PM  83    2003  56    -15       66
  MINIMUM         29    650 AM   6    2013  31     -2       33
  AVERAGE         35                        43     -8       50

PRECIPITATION (IN)
  TODAY            0.00          0.83 1988   0.03  -0.03     0.00
  MONTH TO DATE    1.14                      0.23   0.91     0.00
  SINCE DEC 1      1.14                      0.23   0.91     0.00
  SINCE JAN 1     29.89                     23.24   6.65    35.91

SNOWFALL (IN)
  TODAY            0.0          MM      MM   0.1   -0.1      0.0
  MONTH TO DATE    0.0                       0.4   -0.4      0.0
  SINCE DEC 1      0.0                       0.4   -0.4      0.0
  SINCE JUL 1      0.0                       1.3   -1.3      0.8
  SNOW DEPTH       0

DEGREE DAYS
 HEATING
  TODAY           30                        22      8       15
  MONTH TO DATE  153                       146      7      121
  SINCE DEC 1    153                       146      7      121
  SINCE JUL 1    420                       706   -286      574

 COOLING
  TODAY            0                         0      0        0
  MONTH TO DATE    0                         0      0        0
  SINCE DEC 1      0                         0      0        0
  SINCE JAN 1   2370                      2207    163     2321
..................................................................


WIND (MPH)
  RESULTANT WIND SPEED   6   RESULTANT WIND DIRECTION  NE (60)
  HIGHEST WIND SPEED    20   HIGHEST WIND DIRECTION    NE (50)
  HIGHEST GUST SPEED    26   HIGHEST GUST DIRECTION    NE (50)
  AVERAGE WIND SPEED     7.3


SKY COVER
  AVERAGE SKY COVER 0.6


WEATHER CONDITIONS
 THE FOLLOWING WEATHER WAS RECORDED TODAY.
  NO SIGNIFICANT WEATHER WAS OBSERVED.


RELATIVE HUMIDITY (PERCENT)
 HIGHEST    78           300 AM
 LOWEST     48           700 PM
 AVERAGE    63

..........................................................


THE CHILDRESS CLIMATE NORMALS FOR TOMORROW
                         NORMAL    RECORD    YEAR
 MAXIMUM TEMPERATURE (F)   56        76      2008
                                             1970
 MINIMUM TEMPERATURE (F)   30         5      2005


SUNRISE AND SUNSET
DECEMBER  7 2016......SUNRISE   735 AM CST   SUNSET   531 PM CST
DECEMBER  8 2016......SUNRISE   736 AM CST   SUNSET   531 PM CST


-  INDICATES NEGATIVE NUMBERS.
R  INDICATES RECORD WAS SET OR TIED.
MM INDICATES DATA IS MISSING.
T  INDICATES TRACE AMOUNT.




$$
