000
CDUS44 KLUB 250627
CLICDS


CLIMATE REPORT
NATIONAL WEATHER SERVICE LUBBOCK, TX
127 AM CDT SUN JUN 25 2017


...................................

...THE CHILDRESS CLIMATE SUMMARY FOR JUNE 24 2017...

CLIMATE NORMAL PERIOD 1981 TO 2010
CLIMATE RECORD PERIOD 1893 TO 2017


WEATHER ITEM   OBSERVED TIME   RECORD YEAR NORMAL DEPARTURE LAST
                VALUE   (LST)  VALUE       VALUE  FROM      YEAR
                                                  NORMAL
..................................................................
TEMPERATURE (F)
 YESTERDAY
  MAXIMUM         77    706 PM 112    1980  94    -17       95
  MINIMUM         61    350 AM  58    1957  68     -7       74
  AVERAGE         69                        81    -12       85

PRECIPITATION (IN)
  YESTERDAY        0.83          1.90 1919   0.11   0.72     0.00
  MONTH TO DATE    2.57                      3.32  -0.75     3.68
  SINCE JUN 1      2.57                      3.32  -0.75     3.68
  SINCE JAN 1     11.84                     11.89  -0.05    15.54

SNOWFALL (IN)
  YESTERDAY        0.0          MM      MM   0.0    0.0      0.0
  MONTH TO DATE    0.0                       0.0    0.0      0.0
  SINCE JUN 1      0.0                       0.0    0.0      0.0
  SINCE JUL 1      1.5                       7.0   -5.5      7.0
  SNOW DEPTH       0

DEGREE DAYS
 HEATING
  YESTERDAY        0                         0      0        0
  MONTH TO DATE    0                         0      0        0
  SINCE JUN 1      0                         0      0        0
  SINCE JUL 1   2328                      3115   -787     2555

 COOLING
  YESTERDAY        4                        16    -12       20
  MONTH TO DATE  381                       322     59      365
  SINCE JUN 1    381                       322     59      365
  SINCE JAN 1    732                       634     98      629
..................................................................


WIND (MPH)
  RESULTANT WIND SPEED   3   RESULTANT WIND DIRECTION   E (70)
  HIGHEST WIND SPEED    20   HIGHEST WIND DIRECTION    NE (50)
  HIGHEST GUST SPEED    28   HIGHEST GUST DIRECTION    NE (50)
  AVERAGE WIND SPEED     6.6


SKY COVER
  AVERAGE SKY COVER 0.7


WEATHER CONDITIONS
 THE FOLLOWING WEATHER WAS RECORDED YESTERDAY.
  THUNDERSTORM
  HEAVY RAIN
  RAIN
  LIGHT RAIN
  FOG
  HAZE


RELATIVE HUMIDITY (PERCENT)
 HIGHEST    90           400 AM
 LOWEST     60           600 PM
 AVERAGE    75

..........................................................


THE CHILDRESS CLIMATE NORMALS FOR TODAY
                         NORMAL    RECORD    YEAR
 MAXIMUM TEMPERATURE (F)   94       112      2011
                                             1994
 MINIMUM TEMPERATURE (F)   69        55      1958


SUNRISE AND SUNSET
JUNE 25 2017..........SUNRISE   630 AM CDT   SUNSET   857 PM CDT
JUNE 26 2017..........SUNRISE   631 AM CDT   SUNSET   857 PM CDT


-  INDICATES NEGATIVE NUMBERS.
R  INDICATES RECORD WAS SET OR TIED.
MM INDICATES DATA IS MISSING.
T  INDICATES TRACE AMOUNT.




$$
