000
CDUS46 KEKA 230017
CLICEC


CLIMATE REPORT
NATIONAL WEATHER SERVICE EUREKA CA
417 PM PST MON JAN 22 2018


...................................

...THE CRESCENT CITY CA CLIMATE SUMMARY FOR JANUARY 22 2018...
VALID TODAY AS OF 0400 PM LOCAL TIME.

CLIMATE NORMAL PERIOD 1981 TO 2010
CLIMATE RECORD PERIOD 1894 TO 2018


WEATHER ITEM   OBSERVED TIME   RECORD YEAR NORMAL DEPARTURE LAST
                VALUE   (LST)  VALUE       VALUE  FROM      YEAR
                                                  NORMAL
..................................................................
TEMPERATURE (F)
 TODAY
  MAXIMUM         56    241 PM  74    1968  54      2       50
  MINIMUM         43    336 AM  26    1962  41      2       42
  AVERAGE         50                        48      2       46

PRECIPITATION (IN)
  TODAY            0.01          3.72 1981   0.27  -0.26     0.81
  MONTH TO DATE    6.69                      8.08  -1.39    12.08
  SINCE OCT 1     20.71                     33.32 -12.61    57.18
  SINCE JAN 1      6.69                      8.08  -1.39    12.08

SNOWFALL (IN)
  TODAY            0.0          MM      MM  MM     MM       MM
  MONTH TO DATE    0.0                      MM     MM        0.0
  SINCE DEC 1      0.0                      MM     MM        0.0
  SINCE JUL 1      0.0                      MM     MM        0.0
  SNOW DEPTH       0

..................................................................


WIND (MPH)
  HIGHEST WIND SPEED     8   HIGHEST WIND DIRECTION     E (80)
  HIGHEST GUST SPEED    11   HIGHEST GUST DIRECTION     E (90)
  AVERAGE WIND SPEED     4.8


SKY COVER
  AVERAGE SKY COVER 0.2


WEATHER CONDITIONS
 THE FOLLOWING WEATHER WAS RECORDED TODAY.
  LIGHT RAIN
  FOG
  HAZE


RELATIVE HUMIDITY (PERCENT)
 HIGHEST    92
 LOWEST     66
 AVERAGE    79

..........................................................


THE CRESCENT CITY CA CLIMATE NORMALS FOR TOMORROW
                         NORMAL    RECORD    YEAR
 MAXIMUM TEMPERATURE (F)   54        75      2014
 MINIMUM TEMPERATURE (F)   41        28      1997


SUNRISE AND SUNSET
JANUARY 22 2018.......SUNRISE   738 AM PST   SUNSET   520 PM PST
JANUARY 23 2018.......SUNRISE   737 AM PST   SUNSET   521 PM PST


-  INDICATES NEGATIVE NUMBERS.
R  INDICATES RECORD WAS SET OR TIED.
MM INDICATES DATA IS MISSING.
T  INDICATES TRACE AMOUNT.




$$
