000
CDUS46 KEKA 230026
CLICEC


CLIMATE REPORT
NATIONAL WEATHER SERVICE EUREKA CA
525 PM PDT SAT JUL 22 2017


...................................

...THE CRESCENT CITY CA CLIMATE SUMMARY FOR JULY 22 2017...
VALID TODAY AS OF 0500 PM LOCAL TIME.

CLIMATE NORMAL PERIOD 1981 TO 2010
CLIMATE RECORD PERIOD 1894 TO 2017


WEATHER ITEM   OBSERVED TIME   RECORD YEAR NORMAL DEPARTURE LAST
                VALUE   (LST)  VALUE       VALUE  FROM      YEAR
                                                  NORMAL
..................................................................
TEMPERATURE (F)
 TODAY
  MAXIMUM         65    208 PM  78    1954  61      4       65
  MINIMUM         51    238 AM  45    1966  52     -1       52
  AVERAGE         58                        56      2       59

PRECIPITATION (IN)
  TODAY            0.00          1.43 1993   0.01  -0.01     0.00
  MONTH TO DATE    0.00                      0.35  -0.35     1.03
  SINCE OCT 1     94.29                     62.52  31.77    67.46
  SINCE JAN 1     49.19                     37.28  11.91    32.78

SNOWFALL (IN)
  TODAY            0.0          MM      MM  MM     MM        0.0
  MONTH TO DATE    0.0                      MM     MM        0.0
  SINCE JUN 1      0.0                      MM     MM        0.0
  SINCE JUL 1      0.0                      MM     MM        0.0
  SNOW DEPTH       0

..................................................................


WIND (MPH)
  HIGHEST WIND SPEED    21   HIGHEST WIND DIRECTION     N (350)
  HIGHEST GUST SPEED    30   HIGHEST GUST DIRECTION     N (360)
  AVERAGE WIND SPEED     6.6


SKY COVER
  AVERAGE SKY COVER 0.4


WEATHER CONDITIONS
 THE FOLLOWING WEATHER WAS RECORDED TODAY.
  FOG
  FOG W/VISIBILITY <= 1/4 MILE


RELATIVE HUMIDITY (PERCENT)
 HIGHEST   100
 LOWEST     72
 AVERAGE    86

..........................................................


THE CRESCENT CITY CA CLIMATE NORMALS FOR TOMORROW
                         NORMAL    RECORD    YEAR
 MAXIMUM TEMPERATURE (F)   61        77      1979
 MINIMUM TEMPERATURE (F)   52        42      1922


SUNRISE AND SUNSET
JULY 22 2017..........SUNRISE   602 AM PDT   SUNSET   845 PM PDT
JULY 23 2017..........SUNRISE   603 AM PDT   SUNSET   844 PM PDT


-  INDICATES NEGATIVE NUMBERS.
R  INDICATES RECORD WAS SET OR TIED.
MM INDICATES DATA IS MISSING.
T  INDICATES TRACE AMOUNT.




$$
