793
CDUS46 KEKA 061220
CLICEC


CLIMATE REPORT
NATIONAL WEATHER SERVICE EUREKA CA
420 AM PST SAT FEB 6 2016


...................................

...THE CRESCENT CITY CA CLIMATE SUMMARY FOR FEBRUARY 5 2016...

CLIMATE NORMAL PERIOD 1981 TO 2010
CLIMATE RECORD PERIOD 1894 TO 2016


WEATHER ITEM   OBSERVED TIME   RECORD YEAR NORMAL DEPARTURE LAST
                VALUE   (LST)  VALUE       VALUE  FROM      YEAR
                                                  NORMAL
..................................................................
TEMPERATURE (F)
 YESTERDAY
  MAXIMUM         56    646 PM  71    1987  53      3       61
  MINIMUM         42    508 AM  24    1989  42      0       56
  AVERAGE         49                        47      2       59

PRECIPITATION (IN)
  YESTERDAY        0.12          3.05 1953   0.35  -0.23     0.82
  MONTH TO DATE    0.64                      1.71  -1.07     3.91
  SINCE OCT 1     49.75                     37.34  12.41    26.47
  SINCE JAN 1     15.07                     12.10   2.97     5.64

SNOWFALL (IN)
  YESTERDAY       MM            MM      MM  MM     MM        0.0
  MONTH TO DATE    0.0                      MM     MM        0.0
  SINCE DEC 1      0.0                      MM     MM        0.0
  SINCE JUL 1      0.0                      MM     MM        0.0
  SNOW DEPTH       0

DEGREE DAYS
 HEATING
  YESTERDAY       16                        18     -2        6
  MONTH TO DATE   91                        90      1       47
  SINCE DEC 1   1019                      1159   -140      840
  SINCE JUL 1   2188                      2776   -588     1947

 COOLING
  YESTERDAY        0                         0      0        0
  MONTH TO DATE    0                         0      0        0
  SINCE DEC 1      0                         0      0        0
  SINCE JAN 1      0                         0      0        0
..................................................................


WIND (MPH)
  HIGHEST WIND SPEED    18   HIGHEST WIND DIRECTION    SE (150)
  HIGHEST GUST SPEED    24   HIGHEST GUST DIRECTION     S (160)
  AVERAGE WIND SPEED     9.3


SKY COVER
  AVERAGE SKY COVER 0.4


WEATHER CONDITIONS
 THE FOLLOWING WEATHER WAS RECORDED YESTERDAY.
  LIGHT RAIN
  FOG
  HAZE


RELATIVE HUMIDITY (PERCENT)
 HIGHEST    96
 LOWEST     66
 AVERAGE    81

..........................................................


THE CRESCENT CITY CA CLIMATE NORMALS FOR TODAY
                         NORMAL    RECORD    YEAR
 MAXIMUM TEMPERATURE (F)   53        71      1987
 MINIMUM TEMPERATURE (F)   42        30      1989


SUNRISE AND SUNSET
FEBRUARY  6 2016......SUNRISE   724 AM PST   SUNSET   538 PM PST
FEBRUARY  7 2016......SUNRISE   723 AM PST   SUNSET   540 PM PST


-  INDICATES NEGATIVE NUMBERS.
R  INDICATES RECORD WAS SET OR TIED.
MM INDICATES DATA IS MISSING.
T  INDICATES TRACE AMOUNT.




$$
