000
CDUS46 KEKA 230043
CLICEC


CLIMATE REPORT
NATIONAL WEATHER SERVICE EUREKA CA
541 PM PDT FRI MAY 22 2015


...................................

...THE CRESCENT CITY CA CLIMATE SUMMARY FOR MAY 22 2015...
VALID TODAY AS OF 0500 PM LOCAL TIME.

CLIMATE NORMAL PERIOD 1981 TO 2010
CLIMATE RECORD PERIOD 1894 TO 2015


WEATHER ITEM   OBSERVED TIME   RECORD YEAR NORMAL DEPARTURE LAST
                VALUE   (LST)  VALUE       VALUE  FROM      YEAR
                                                  NORMAL
..................................................................
TEMPERATURE (F)
 TODAY
  MAXIMUM         61   1203 PM  73    1985  59      2       62
  MINIMUM         52    639 AM  37    2002  47      5       44
  AVERAGE         57                        53      4       53

PRECIPITATION (IN)
  TODAY            0.00          1.75 1990   0.08  -0.08     0.00
  MONTH TO DATE    T                         2.26  -2.26     1.48
  SINCE OCT 1     41.20                     59.83 -18.63    26.69
  SINCE JAN 1     20.37                     34.59 -14.22    22.75

SNOWFALL (IN)
  TODAY            0.0          MM      MM  MM     MM        0.0
  MONTH TO DATE    0.0                      MM     MM        0.0
  SINCE MAR 1      0.0                      MM     MM        0.0
  SINCE JUL 1      0.0                      MM     MM        0.0
  SNOW DEPTH       0

..................................................................


WIND (MPH)
  HIGHEST WIND SPEED    17   HIGHEST WIND DIRECTION     N (340)
  HIGHEST GUST SPEED    23   HIGHEST GUST DIRECTION     N (340)
  AVERAGE WIND SPEED     7.8


SKY COVER
  AVERAGE SKY COVER 0.9


WEATHER CONDITIONS
 THE FOLLOWING WEATHER WAS RECORDED TODAY.
  FOG


RELATIVE HUMIDITY (PERCENT)
 HIGHEST   100
 LOWEST     75
 AVERAGE    88

..........................................................


THE CRESCENT CITY CA CLIMATE NORMALS FOR TOMORROW
                         NORMAL    RECORD    YEAR
 MAXIMUM TEMPERATURE (F)   59        71      1992
 MINIMUM TEMPERATURE (F)   47        37      2002


SUNRISE AND SUNSET
MAY 22 2015...........SUNRISE   551 AM PDT   SUNSET   837 PM PDT
MAY 23 2015...........SUNRISE   550 AM PDT   SUNSET   838 PM PDT


-  INDICATES NEGATIVE NUMBERS.
R  INDICATES RECORD WAS SET OR TIED.
MM INDICATES DATA IS MISSING.
T  INDICATES TRACE AMOUNT.




$$
