000
CDUS45 KGJT 040736
CLICEZ


CLIMATE REPORT
NATIONAL WEATHER SERVICE GRAND JUNCTION CO
128 AM MDT SAT JUL 4 2015


...................................

...THE CORTEZ CO CLIMATE SUMMARY FOR JULY 3 2015...

CLIMATE NORMAL PERIOD 1981 TO 2010
CLIMATE RECORD PERIOD 9999 TO 9999


WEATHER ITEM   OBSERVED TIME   RECORD YEAR NORMAL DEPARTURE LAST
                VALUE   (LST)  VALUE       VALUE  FROM      YEAR
                                                  NORMAL
..................................................................
TEMPERATURE (F)
 YESTERDAY
  MAXIMUM         90    304 PM  MM      MM  90      0       93
  MINIMUM         57    450 AM  MM      MM  49      8       69
  AVERAGE         74                        70      4       81

PRECIPITATION (IN)
  YESTERDAY        0.00         MM      MM   0.00   0.00     0.10
  MONTH TO DATE    T                         0.02  -0.02     0.10
  SINCE JUN 1      1.63                      0.50   1.13     0.10
  SINCE JAN 1      5.63                      5.64  -0.01     3.09

SNOWFALL (IN)
  YESTERDAY       MM            MM      MM  MM     MM       MM
  MONTH TO DATE   MM                        MM     MM       MM
  SINCE JUN 1     MM                        MM     MM       MM
  SINCE JUL 1     MM                        MM     MM       MM
  SNOW DEPTH      MM

DEGREE DAYS
 HEATING
  YESTERDAY        0                         0      0        0
  MONTH TO DATE    0                         0      0        0
  SINCE JUN 1     40                        75    -35       31
  SINCE JUL 1      0                         0      0        0

 COOLING
  YESTERDAY        9                         5      4       16
  MONTH TO DATE   39                        14     25       27
  SINCE JUN 1    154                        72     82       84
  SINCE JAN 1    154                        77     77      100
..................................................................


WIND (MPH)
  HIGHEST WIND SPEED    26   HIGHEST WIND DIRECTION     E (70)
  HIGHEST GUST SPEED    33   HIGHEST GUST DIRECTION    NE (60)
  AVERAGE WIND SPEED     5.7


SKY COVER
  POSSIBLE SUNSHINE  MM
  AVERAGE SKY COVER 0.0


WEATHER CONDITIONS
 THE FOLLOWING WEATHER WAS RECORDED YESTERDAY.
  THUNDERSTORM


RELATIVE HUMIDITY (PERCENT)
 HIGHEST    80           400 AM
 LOWEST     24           200 PM
 AVERAGE    52

..........................................................


THE CORTEZ CO CLIMATE NORMALS FOR TODAY
                         NORMAL    RECORD    YEAR
 MAXIMUM TEMPERATURE (F)   90        MM        MM
 MINIMUM TEMPERATURE (F)   50        MM        MM


SUNRISE AND SUNSET
JULY  4 2015..........SUNRISE   559 AM MDT   SUNSET   839 PM MDT
JULY  5 2015..........SUNRISE   600 AM MDT   SUNSET   838 PM MDT


-  INDICATES NEGATIVE NUMBERS.
R  INDICATES RECORD WAS SET OR TIED.
MM INDICATES DATA IS MISSING.
T  INDICATES TRACE AMOUNT.




$$
