567
CDUS43 KPAH 270629
CLICGI


CLIMATE REPORT
NATIONAL WEATHER SERVICE PADUCAH KY
128 AM CDT TUE SEP 27 2016

...................................

...THE CAPE GIRARDEAU MO CLIMATE SUMMARY FOR SEPTEMBER 26 2016...

CLIMATE NORMAL PERIOD 1981 TO 2010
CLIMATE RECORD PERIOD 1960 TO 2016

WEATHER ITEM   OBSERVED TIME   RECORD YEAR NORMAL DEPARTURE LAST
                VALUE   (LST)  VALUE       VALUE  FROM      YEAR
                                                  NORMAL
..................................................................
TEMPERATURE (F)
 YESTERDAY
  MAXIMUM         75    338 PM  90    1998  77     -2       71
  MINIMUM         48   1159 PM  34    2001  52     -4       60
  AVERAGE         62                        64     -2

PRECIPITATION (IN)
  YESTERDAY        T             2.23 2007   0.11  -0.11      T
  MONTH TO DATE    5.01                      2.85   2.16     1.23
  SINCE SEP 1      5.01                      2.85   2.16     1.23
  SINCE JAN 1     41.71                     33.90   7.81    44.78

DEGREE DAYS
 HEATING
  YESTERDAY        3                         3      0        0
  MONTH TO DATE    3                        29    -26       14
  SINCE SEP 1      3                        29    -26       14
  SINCE JUL 1      3                        30    -27       14

 COOLING
  YESTERDAY        0                         3     -3        1
  MONTH TO DATE  257                       152    105      168
  SINCE SEP 1    257                       152    105      168
  SINCE JAN 1   1700                      1412    288     1497
..................................................................

WIND (MPH)
  HIGHEST WIND SPEED    25   HIGHEST WIND DIRECTION     N (360)
  HIGHEST GUST SPEED    33   HIGHEST GUST DIRECTION     N (10)
  AVERAGE WIND SPEED     8.0

SKY COVER
  AVERAGE SKY COVER 0.5

WEATHER CONDITIONS
 THE FOLLOWING WEATHER WAS RECORDED YESTERDAY.
  LIGHT RAIN
  FOG

RELATIVE HUMIDITY (PERCENT)
 HIGHEST    89
 LOWEST     46
 AVERAGE    68
..........................................................

THE CAPE GIRARDEAU MO CLIMATE NORMALS FOR TODAY
                         NORMAL    RECORD    YEAR
 MAXIMUM TEMPERATURE (F)   77        93      1998
 MINIMUM TEMPERATURE (F)   51        36      2001

SUNRISE AND SUNSET
SEPTEMBER 27 2016.....SUNRISE   651 AM CDT   SUNSET   647 PM CDT
SEPTEMBER 28 2016.....SUNRISE   652 AM CDT   SUNSET   645 PM CDT

-  INDICATES NEGATIVE NUMBERS.
R  INDICATES RECORD WAS SET OR TIED.
MM INDICATES DATA IS MISSING.
T  INDICATES TRACE AMOUNT.

$$
