000
CDUS43 KPAH 170629
CLICGI


CLIMATE REPORT
NATIONAL WEATHER SERVICE PADUCAH KY
126 AM CDT TUE OCT 17 2017


...................................

...THE CAPE GIRARDEAU MO CLIMATE SUMMARY FOR OCTOBER 16 2017...

CLIMATE NORMAL PERIOD 1981 TO 2010
CLIMATE RECORD PERIOD 1960 TO 2017


WEATHER ITEM   OBSERVED TIME   RECORD YEAR NORMAL DEPARTURE LAST
                VALUE   (LST)  VALUE       VALUE  FROM      YEAR
                                                  NORMAL
..................................................................
TEMPERATURE (F)
 YESTERDAY
  MAXIMUM         66    306 PM  87    2011  71     -5       84
  MINIMUM         37    623 AM  32    2001  45     -8       64
  AVERAGE         52                        58     -6

PRECIPITATION (IN)
  YESTERDAY        0.00          2.82 2006   0.12  -0.12     0.00
  MONTH TO DATE    1.01                      1.87  -0.86     0.40
  SINCE SEP 1      1.74                      5.15  -3.41     5.45
  SINCE JAN 1     27.49                     36.20  -8.71    42.15

DEGREE DAYS
 HEATING
  YESTERDAY       13                         8      5        0
  MONTH TO DATE   34                       103    -69       46
  SINCE SEP 1     50                       151   -101       65
  SINCE JUL 1     50                       152   -102       65

 COOLING
  YESTERDAY        0                         1     -1        9
  MONTH TO DATE   89                        23     66       43
  SINCE SEP 1    280                       185     95      300
  SINCE JAN 1   1482                      1445     37     1743
..................................................................


WIND (MPH)
  HIGHEST WIND SPEED    15   HIGHEST WIND DIRECTION     N (10)
  HIGHEST GUST SPEED    20   HIGHEST GUST DIRECTION     N (20)
  AVERAGE WIND SPEED     5.0


SKY COVER
  AVERAGE SKY COVER 0.0


WEATHER CONDITIONS
 THE FOLLOWING WEATHER WAS RECORDED YESTERDAY.
  NO SIGNIFICANT WEATHER WAS OBSERVED.


RELATIVE HUMIDITY (PERCENT)
 HIGHEST   100
 LOWEST     32
 AVERAGE    66

..........................................................


THE CAPE GIRARDEAU MO CLIMATE NORMALS FOR TODAY
                         NORMAL    RECORD    YEAR
 MAXIMUM TEMPERATURE (F)   70        87      2016
                                             1965
 MINIMUM TEMPERATURE (F)   45        30      2015
                                             2001


SUNRISE AND SUNSET
OCTOBER 17 2017.......SUNRISE   708 AM CDT   SUNSET   618 PM CDT
OCTOBER 18 2017.......SUNRISE   709 AM CDT   SUNSET   617 PM CDT


-  INDICATES NEGATIVE NUMBERS.
R  INDICATES RECORD WAS SET OR TIED.
MM INDICATES DATA IS MISSING.
T  INDICATES TRACE AMOUNT.




$$
