000
CDUS43 KPAH 302137
CLICGI


CLIMATE REPORT
NATIONAL WEATHER SERVICE PADUCAH KY
434 PM CDT SUN APR 30 2017


...................................

...THE CAPE GIRARDEAU MO CLIMATE SUMMARY FOR APRIL 30 2017...
VALID TODAY AS OF 0400 PM LOCAL TIME.

CLIMATE NORMAL PERIOD 1981 TO 2010
CLIMATE RECORD PERIOD 1960 TO 2017


WEATHER ITEM   OBSERVED TIME   RECORD YEAR NORMAL DEPARTURE LAST
                VALUE   (LST)  VALUE       VALUE  FROM      YEAR
                                                  NORMAL
..................................................................
TEMPERATURE (F)
 TODAY
  MAXIMUM         71    259 PM  88    2007  73     -2       75
  MINIMUM         63    344 AM  36    1964  51     12       59
  AVERAGE         67                        62      5

PRECIPITATION (IN)
  TODAY           MM             1.49 2011   0.17  MM        0.84
  MONTH TO DATE    8.28                      4.36   3.92     4.70
  SINCE MAR 1     11.09                      8.76   2.33    10.16
  SINCE JAN 1     14.11                     15.64  -1.53    14.94

DEGREE DAYS
 HEATING
  TODAY            0                         5     -5        0
  MONTH TO DATE  144                       264   -120      191
  SINCE MAR 1    626                       821   -195      579
  SINCE JUL 1   3361                      4318   -957     3471

 COOLING
  TODAY            2                         2      0        2
  MONTH TO DATE   41                        27     14       18
  SINCE MAR 1     44                        31     13       18
  SINCE JAN 1     44                        31     13       18
..................................................................


WIND (MPH)
  HIGHEST WIND SPEED    37   HIGHEST WIND DIRECTION    SW (230)
  HIGHEST GUST SPEED    52   HIGHEST GUST DIRECTION    SW (230)
  AVERAGE WIND SPEED     9.9


SKY COVER
  AVERAGE SKY COVER 0.9


WEATHER CONDITIONS
 THE FOLLOWING WEATHER WAS RECORDED TODAY.
  THUNDERSTORM
  HEAVY RAIN
  RAIN
  LIGHT RAIN
  FOG


RELATIVE HUMIDITY (PERCENT)
 HIGHEST    93
 LOWEST     84
 AVERAGE    89

..........................................................


THE CAPE GIRARDEAU MO CLIMATE NORMALS FOR TOMORROW
                         NORMAL
 MAXIMUM TEMPERATURE (F)   74
 MINIMUM TEMPERATURE (F)   51


SUNRISE AND SUNSET
APRIL 30 2017.........SUNRISE   604 AM CDT   SUNSET   747 PM CDT
MAY  1 2017...........SUNRISE   603 AM CDT   SUNSET   748 PM CDT


-  INDICATES NEGATIVE NUMBERS.
R  INDICATES RECORD WAS SET OR TIED.
MM INDICATES DATA IS MISSING.
T  INDICATES TRACE AMOUNT.




$$
