000
CDUS43 KPAH 220633
CLICGI


CLIMATE REPORT
NATIONAL WEATHER SERVICE PADUCAH KY
1231 AM CST WED FEB 22 2017


...................................

...THE CAPE GIRARDEAU MO CLIMATE SUMMARY FOR FEBRUARY 21 2017...

CLIMATE NORMAL PERIOD 1981 TO 2010
CLIMATE RECORD PERIOD 1960 TO 2017


WEATHER ITEM   OBSERVED TIME   RECORD YEAR NORMAL DEPARTURE LAST
                VALUE   (LST)  VALUE       VALUE  FROM      YEAR
                                                  NORMAL
..................................................................
TEMPERATURE (F)
 YESTERDAY
  MAXIMUM         64    153 PM  69    1983  50     14       66
  MINIMUM         55    714 AM   5    1963  30     25       46
  AVERAGE         60                        40     20

PRECIPITATION (IN)
  YESTERDAY        0.01          1.97 1971   0.12  -0.11     0.00
  MONTH TO DATE    0.96                      2.56  -1.60     0.90
  SINCE DEC 1      6.26                     10.28  -4.02     4.95
  SINCE JAN 1      2.92                      6.03  -3.11     2.56

DEGREE DAYS
 HEATING
  YESTERDAY        5                        25    -20        9
  MONTH TO DATE  418                       591   -173      549
  SINCE DEC 1   2069                      2478   -409     2064
  SINCE JUL 1   2646                      3329   -683     2714

 COOLING
  YESTERDAY        0                         0      0        0
  MONTH TO DATE    0                         0      0        0
  SINCE DEC 1      0                         0      0        2
  SINCE JAN 1      0                         0      0        0
..................................................................


WIND (MPH)
  HIGHEST WIND SPEED    16   HIGHEST WIND DIRECTION     N (350)
  HIGHEST GUST SPEED    20   HIGHEST GUST DIRECTION     N (340)
  AVERAGE WIND SPEED     5.6


SKY COVER
  AVERAGE SKY COVER 0.8


WEATHER CONDITIONS
 THE FOLLOWING WEATHER WAS RECORDED YESTERDAY.
  NO SIGNIFICANT WEATHER WAS OBSERVED.


RELATIVE HUMIDITY (PERCENT)
 HIGHEST    93
 LOWEST     65
 AVERAGE    79

..........................................................


THE CAPE GIRARDEAU MO CLIMATE NORMALS FOR TODAY
                         NORMAL    RECORD    YEAR
 MAXIMUM TEMPERATURE (F)   50        68      1992
 MINIMUM TEMPERATURE (F)   30         0      1963


SUNRISE AND SUNSET
FEBRUARY 22 2017......SUNRISE   638 AM CST   SUNSET   546 PM CST
FEBRUARY 23 2017......SUNRISE   637 AM CST   SUNSET   547 PM CST


-  INDICATES NEGATIVE NUMBERS.
R  INDICATES RECORD WAS SET OR TIED.
MM INDICATES DATA IS MISSING.
T  INDICATES TRACE AMOUNT.




$$
