000
CDUS43 KPAH 300630
CLICGI


CLIMATE REPORT
NATIONAL WEATHER SERVICE PADUCAH KY
128 AM CDT MON MAR 30 2015


...................................

...THE CAPE GIRARDEAU MO CLIMATE SUMMARY FOR MARCH 29 2015...

CLIMATE NORMAL PERIOD 1981 TO 2010
CLIMATE RECORD PERIOD 1960 TO 2015


WEATHER ITEM   OBSERVED TIME   RECORD YEAR NORMAL DEPARTURE LAST
                VALUE   (LST)  VALUE       VALUE  FROM      YEAR
                                                  NORMAL
..................................................................
TEMPERATURE (F)
 YESTERDAY
  MAXIMUM         56    551 PM  82    1963  63     -7       47
  MINIMUM         30    207 AM  24    1964  40    -10       32
  AVERAGE         43                        51     -8

PRECIPITATION (IN)
  YESTERDAY        0.00          1.47 1988   0.16  -0.16     0.05
  MONTH TO DATE    8.79                      4.08   4.71     2.30
  SINCE MAR 1      8.79                      4.08   4.71     2.30
  SINCE JAN 1     15.31                     10.96   4.35     5.44

DEGREE DAYS
 HEATING
  YESTERDAY       22                        14      8       25
  MONTH TO DATE  589                       532     57      687
  SINCE MAR 1    589                       532     57      687
  SINCE JUL 1   4367                      4029    338     4612

 COOLING
  YESTERDAY        0                         0      0        0
  MONTH TO DATE    0                         0      0        0
  SINCE MAR 1      0                         0      0        0
  SINCE JAN 1      0                         0      0        0
..................................................................


WIND (MPH)
  HIGHEST WIND SPEED    24   HIGHEST WIND DIRECTION    SW (220)
  HIGHEST GUST SPEED    31   HIGHEST GUST DIRECTION    SW (210)
  AVERAGE WIND SPEED    11.6


SKY COVER
  AVERAGE SKY COVER 0.2


WEATHER CONDITIONS
 THE FOLLOWING WEATHER WAS RECORDED YESTERDAY.
  NO SIGNIFICANT WEATHER WAS OBSERVED.


RELATIVE HUMIDITY (PERCENT)
 HIGHEST    93
 LOWEST     42
 AVERAGE    68

..........................................................


THE CAPE GIRARDEAU MO CLIMATE NORMALS FOR TODAY
                         NORMAL    RECORD    YEAR
 MAXIMUM TEMPERATURE (F)   63        84      1986
 MINIMUM TEMPERATURE (F)   40        16      1964


SUNRISE AND SUNSET
MARCH 30 2015.........SUNRISE   647 AM CDT   SUNSET   719 PM CDT
MARCH 31 2015.........SUNRISE   646 AM CDT   SUNSET   720 PM CDT


-  INDICATES NEGATIVE NUMBERS.
R  INDICATES RECORD WAS SET OR TIED.
MM INDICATES DATA IS MISSING.
T  INDICATES TRACE AMOUNT.




$$
