194
CDUS44 KMRX 130953
CLICHA


CLIMATE REPORT
NATIONAL WEATHER SERVICE MORRISTOWN TN
453 AM EST SAT FEB 13 2016


...................................

...THE CHATTANOOGA  ASOS CLIMATE SUMMARY FOR FEBRUARY 12 2016...

CLIMATE NORMAL PERIOD 1981 TO 2010
CLIMATE RECORD PERIOD 1879 TO 2016


WEATHER ITEM   OBSERVED TIME   RECORD YEAR NORMAL DEPARTURE LAST
                VALUE   (LST)  VALUE       VALUE  FROM      YEAR
                                                  NORMAL
..................................................................
TEMPERATURE (F)
 YESTERDAY
  MAXIMUM         54    443 PM  76    1938  54      0       42
  MINIMUM         34    729 AM   1    1899  33      1       27
  AVERAGE         44                        44      0       35

PRECIPITATION (IN)
  YESTERDAY        T             3.35 1948   0.17  -0.17     0.00
  MONTH TO DATE    2.77                      2.04   0.73     0.55
  SINCE DEC 1     16.85                     11.85   5.00     8.44
  SINCE JAN 1      6.44                      6.95  -0.51     4.04

SNOWFALL (IN)
  YESTERDAY        0.0                       0.0    0.0      0.0
  MONTH TO DATE    0.3                       0.3    0.0       T
  SINCE DEC 1      0.5                       2.3   -1.8      0.7
  SINCE JUL 1      0.5                       2.3   -1.8      0.7
  SNOW DEPTH       0

DEGREE DAYS
 HEATING
  YESTERDAY       21                        21      0       30
  MONTH TO DATE  250                       269    -19      270
  SINCE DEC 1   1399                      1725   -326     1630
  SINCE JUL 1   1779                      2314   -535     2306
..................................................................


WIND (MPH)
  HIGHEST WIND SPEED    21   HIGHEST WIND DIRECTION    NW (320)
  HIGHEST GUST SPEED    26   HIGHEST GUST DIRECTION    NW (330)
  AVERAGE WIND SPEED     7.8


SKY COVER
  POSSIBLE SUNSHINE  MM
  AVERAGE SKY COVER 0.6


WEATHER CONDITIONS
 THE FOLLOWING WEATHER WAS RECORDED YESTERDAY.
  NO SIGNIFICANT WEATHER WAS OBSERVED.


RELATIVE HUMIDITY (PERCENT)
 HIGHEST    64          1200 AM
 LOWEST     35           400 PM
 AVERAGE    50

..........................................................


THE CHATTANOOGA  ASOS CLIMATE NORMALS FOR TODAY
                         NORMAL    RECORD    YEAR
 MAXIMUM TEMPERATURE (F)   54        75      1962
                                             1949
 MINIMUM TEMPERATURE (F)   34       -10      1899


SUNRISE AND SUNSET
FEBRUARY 13 2016......SUNRISE   729 AM EST   SUNSET   621 PM EST
FEBRUARY 14 2016......SUNRISE   728 AM EST   SUNSET   622 PM EST


-  INDICATES NEGATIVE NUMBERS.
R  INDICATES RECORD WAS SET OR TIED.
MM INDICATES DATA IS MISSING.
T  INDICATES TRACE AMOUNT.




$$
