000
CDUS44 KMRX 280816
CLICHA


CLIMATE REPORT
NATIONAL WEATHER SERVICE MORRISTOWN TN
416 AM EDT SAT MAY 28 2016


...................................

...THE CHATTANOOGA  ASOS CLIMATE SUMMARY FOR MAY 27 2016...

CLIMATE NORMAL PERIOD 1981 TO 2010
CLIMATE RECORD PERIOD 1879 TO 2016


WEATHER ITEM   OBSERVED TIME   RECORD YEAR NORMAL DEPARTURE LAST
                VALUE   (LST)  VALUE       VALUE  FROM      YEAR
                                                  NORMAL
..................................................................
TEMPERATURE (F)
 YESTERDAY
  MAXIMUM         89    352 PM  95    1911  83      6       85
  MINIMUM         65    608 AM  41    1961  61      4       66
  AVERAGE         77                        72      5       76

PRECIPITATION (IN)
  YESTERDAY        0.00          2.23 1973   0.12  -0.12     0.00
  MONTH TO DATE    1.43                      3.59  -2.16     2.09
  SINCE MAR 1      6.50                     12.56  -6.06    15.57
  SINCE JAN 1     17.24                     22.31  -5.07    22.56

DEGREE DAYS
 COOLING
  YESTERDAY       12                         7      5       11
  MONTH TO DATE  143                       119     24      186
  SINCE MAR 1    222                       165     57      233
  SINCE JAN 1    222                       165     57      233
..................................................................


WIND (MPH)
  HIGHEST WIND SPEED    16   HIGHEST WIND DIRECTION    SE (130)
  HIGHEST GUST SPEED    22   HIGHEST GUST DIRECTION    SE (120)
  AVERAGE WIND SPEED     5.5


SKY COVER
  POSSIBLE SUNSHINE  MM
  AVERAGE SKY COVER 0.6


WEATHER CONDITIONS
 THE FOLLOWING WEATHER WAS RECORDED YESTERDAY.
  FOG


RELATIVE HUMIDITY (PERCENT)
 HIGHEST    87           400 AM
 LOWEST     40           400 PM
 AVERAGE    64

..........................................................


THE CHATTANOOGA  ASOS CLIMATE NORMALS FOR TODAY
                         NORMAL    RECORD    YEAR
 MAXIMUM TEMPERATURE (F)   83        95      1962
                                             1941
 MINIMUM TEMPERATURE (F)   61        43      1961


SUNRISE AND SUNSET
MAY 28 2016...........SUNRISE   629 AM EDT   SUNSET   847 PM EDT
MAY 29 2016...........SUNRISE   629 AM EDT   SUNSET   848 PM EDT


-  INDICATES NEGATIVE NUMBERS.
R  INDICATES RECORD WAS SET OR TIED.
MM INDICATES DATA IS MISSING.
T  INDICATES TRACE AMOUNT.




$$
