000
CDUS44 KMRX 010830
CLICHA


CLIMATE REPORT
NATIONAL WEATHER SERVICE MORRISTOWN TN
430 AM EDT TUE SEP 1 2015


...................................

...THE CHATTANOOGA  ASOS CLIMATE SUMMARY FOR AUGUST 31 2015...

CLIMATE NORMAL PERIOD 1981 TO 2010
CLIMATE RECORD PERIOD 1879 TO 2015


WEATHER ITEM   OBSERVED TIME   RECORD YEAR NORMAL DEPARTURE LAST
                VALUE   (LST)  VALUE       VALUE  FROM      YEAR
                                                  NORMAL
..................................................................
TEMPERATURE (F)
 YESTERDAY
  MAXIMUM         86    529 PM  99    1993  88     -2       84
  MINIMUM         68    318 AM  50    1946  67      1       69
  AVERAGE         77                        78     -1       77

PRECIPITATION (IN)
  YESTERDAY        0.00          1.68 1917   0.10  -0.10     0.17
  MONTH TO DATE    7.09                      3.48   3.61     3.80
  SINCE JUN 1     17.48                     12.44   5.04    11.36
  SINCE JAN 1     40.68                     35.26   5.42    28.65

DEGREE DAYS
 COOLING
  YESTERDAY       12                        12      0       12
  MONTH TO DATE  415                       446    -31      447
  SINCE JUN 1   1371                      1254    117     1243
  SINCE JAN 1   1647                      1450    197     1501
..................................................................


WIND (MPH)
  HIGHEST WIND SPEED    10   HIGHEST WIND DIRECTION    NE (30)
  HIGHEST GUST SPEED    13   HIGHEST GUST DIRECTION     E (70)
  AVERAGE WIND SPEED     2.2


SKY COVER
  POSSIBLE SUNSHINE  MM
  AVERAGE SKY COVER 0.5


WEATHER CONDITIONS
 THE FOLLOWING WEATHER WAS RECORDED YESTERDAY.
  NO SIGNIFICANT WEATHER WAS OBSERVED.


RELATIVE HUMIDITY (PERCENT)
 HIGHEST    90           600 AM
 LOWEST     48           400 PM
 AVERAGE    69

..........................................................


THE CHATTANOOGA  ASOS CLIMATE NORMALS FOR TODAY
                         NORMAL    RECORD    YEAR
 MAXIMUM TEMPERATURE (F)   88       100      1957
                                             1951
 MINIMUM TEMPERATURE (F)   67        49      1946


SUNRISE AND SUNSET
SEPTEMBER  1 2015.....SUNRISE   713 AM EDT   SUNSET   808 PM EDT
SEPTEMBER  2 2015.....SUNRISE   714 AM EDT   SUNSET   806 PM EDT


-  INDICATES NEGATIVE NUMBERS.
R  INDICATES RECORD WAS SET OR TIED.
MM INDICATES DATA IS MISSING.
T  INDICATES TRACE AMOUNT.




$$
