000
CDUS44 KMRX 270807
CLICHA


CLIMATE REPORT
NATIONAL WEATHER SERVICE MORRISTOWN TN
407 AM EDT THU JUL 27 2017


...................................

...THE CHATTANOOGA  ASOS CLIMATE SUMMARY FOR JULY 26 2017...

CLIMATE NORMAL PERIOD 1981 TO 2010
CLIMATE RECORD PERIOD 1879 TO 2017


WEATHER ITEM   OBSERVED TIME   RECORD YEAR NORMAL DEPARTURE LAST
                VALUE   (LST)  VALUE       VALUE  FROM      YEAR
                                                  NORMAL
..................................................................
TEMPERATURE (F)
 YESTERDAY
  MAXIMUM         95    549 PM 103    1993  90      5       98
  MINIMUM         73    558 AM  58    1911  70      3       78
  AVERAGE         84                        80      4       88

PRECIPITATION (IN)
  YESTERDAY        0.00          2.89 1950   0.15  -0.15      T
  MONTH TO DATE    5.94                      4.17   1.77     1.63
  SINCE JUN 1     10.42                      8.22   2.20     2.85
  SINCE JAN 1     39.28                     31.04   8.24    20.09

DEGREE DAYS
 COOLING
  YESTERDAY       19                        15      4       23
  MONTH TO DATE  432                       386     46      498
  SINCE JUN 1    771                       731     40      970
  SINCE JAN 1   1097                       927    170     1246
..................................................................


WIND (MPH)
  HIGHEST WIND SPEED    10   HIGHEST WIND DIRECTION     N (340)
  HIGHEST GUST SPEED    12   HIGHEST GUST DIRECTION     N (340)
  AVERAGE WIND SPEED     2.6


SKY COVER
  POSSIBLE SUNSHINE  MM
  AVERAGE SKY COVER 0.3


WEATHER CONDITIONS
 THE FOLLOWING WEATHER WAS RECORDED YESTERDAY.
  NO SIGNIFICANT WEATHER WAS OBSERVED.


RELATIVE HUMIDITY (PERCENT)
 HIGHEST    93           500 AM
 LOWEST     44           600 PM
 AVERAGE    69

..........................................................


THE CHATTANOOGA  ASOS CLIMATE NORMALS FOR TODAY
                         NORMAL    RECORD    YEAR
 MAXIMUM TEMPERATURE (F)   90       104      1952
 MINIMUM TEMPERATURE (F)   70        57      1911


SUNRISE AND SUNSET
JULY 27 2017..........SUNRISE   647 AM EDT   SUNSET   848 PM EDT
JULY 28 2017..........SUNRISE   647 AM EDT   SUNSET   847 PM EDT


-  INDICATES NEGATIVE NUMBERS.
R  INDICATES RECORD WAS SET OR TIED.
MM INDICATES DATA IS MISSING.
T  INDICATES TRACE AMOUNT.




$$
