000
CDUS44 KMRX 030847
CLICHA


CLIMATE REPORT
NATIONAL WEATHER SERVICE MORRISTOWN TN
447 AM EDT TUE MAY 3 2016


...................................

...THE CHATTANOOGA  ASOS CLIMATE SUMMARY FOR MAY 2 2016...

CLIMATE NORMAL PERIOD 1981 TO 2010
CLIMATE RECORD PERIOD 1879 TO 2016


WEATHER ITEM   OBSERVED TIME   RECORD YEAR NORMAL DEPARTURE LAST
                VALUE   (LST)  VALUE       VALUE  FROM      YEAR
                                                  NORMAL
..................................................................
TEMPERATURE (F)
 YESTERDAY
  MAXIMUM         80    132 PM  92    1942  77      3       77
  MINIMUM         61    521 AM  36    1963  53      8       47
  AVERAGE         71                        65      6       62

PRECIPITATION (IN)
  YESTERDAY        0.26          3.41 1964   0.15   0.11     0.00
  MONTH TO DATE    0.26                      0.29  -0.03     0.00
  SINCE MAR 1      5.33                      9.26  -3.93    13.48
  SINCE JAN 1     16.07                     19.01  -2.94    20.47

DEGREE DAYS
 COOLING
  YESTERDAY        6                         2      4        0
  MONTH TO DATE   14                         4     10        0
  SINCE MAR 1     93                        50     43       47
  SINCE JAN 1     93                        50     43       47
..................................................................


WIND (MPH)
  HIGHEST WIND SPEED    14   HIGHEST WIND DIRECTION     N (360)
  HIGHEST GUST SPEED    24   HIGHEST GUST DIRECTION    SE (150)
  AVERAGE WIND SPEED     3.9


SKY COVER
  POSSIBLE SUNSHINE  MM
  AVERAGE SKY COVER 0.6


WEATHER CONDITIONS
 THE FOLLOWING WEATHER WAS RECORDED YESTERDAY.
  THUNDERSTORM
  HEAVY RAIN
  RAIN
  LIGHT RAIN
  FOG


RELATIVE HUMIDITY (PERCENT)
 HIGHEST    93          1200 AM
 LOWEST     54           100 PM
 AVERAGE    74

..........................................................


THE CHATTANOOGA  ASOS CLIMATE NORMALS FOR TODAY
                         NORMAL    RECORD    YEAR
 MAXIMUM TEMPERATURE (F)   77        91      1899
 MINIMUM TEMPERATURE (F)   53        38      1971


SUNRISE AND SUNSET
MAY  3 2016...........SUNRISE   647 AM EDT   SUNSET   828 PM EDT
MAY  4 2016...........SUNRISE   646 AM EDT   SUNSET   829 PM EDT


-  INDICATES NEGATIVE NUMBERS.
R  INDICATES RECORD WAS SET OR TIED.
MM INDICATES DATA IS MISSING.
T  INDICATES TRACE AMOUNT.




$$
