000
CDUS44 KMRX 280811
CLICHA


CLIMATE REPORT
NATIONAL WEATHER SERVICE MORRISTOWN TN
410 AM EDT SUN AUG 28 2016


...................................

...THE CHATTANOOGA  ASOS CLIMATE SUMMARY FOR AUGUST 27 2016...

CLIMATE NORMAL PERIOD 1981 TO 2010
CLIMATE RECORD PERIOD 1879 TO 2016


WEATHER ITEM   OBSERVED TIME   RECORD YEAR NORMAL DEPARTURE LAST
                VALUE   (LST)  VALUE       VALUE  FROM      YEAR
                                                  NORMAL
..................................................................
TEMPERATURE (F)
 YESTERDAY
  MAXIMUM         94    202 PM 102    1936  89      5       85
  MINIMUM         73    721 AM  53    1942  68      5       66
  AVERAGE         84                        78      6       76

PRECIPITATION (IN)
  YESTERDAY        T             1.98 1882   0.10  -0.10     0.00
  MONTH TO DATE    1.91                      3.07  -1.16     7.09
  SINCE JUN 1      5.63                     12.03  -6.40    17.48
  SINCE JAN 1     22.87                     34.85 -11.98    40.68

DEGREE DAYS
 COOLING
  YESTERDAY       19                        13      6       11
  MONTH TO DATE  499                       395    104      368
  SINCE JUN 1   1561                      1203    358     1324
  SINCE JAN 1   1837                      1399    438     1600
..................................................................


WIND (MPH)
  HIGHEST WIND SPEED    14   HIGHEST WIND DIRECTION    NE (60)
  HIGHEST GUST SPEED    17   HIGHEST GUST DIRECTION     E (70)
  AVERAGE WIND SPEED     3.5


SKY COVER
  POSSIBLE SUNSHINE  MM
  AVERAGE SKY COVER 0.3


WEATHER CONDITIONS
 THE FOLLOWING WEATHER WAS RECORDED YESTERDAY.
  THUNDERSTORM
  LIGHT RAIN
  FOG


RELATIVE HUMIDITY (PERCENT)
 HIGHEST   100           400 AM
 LOWEST     44           200 PM
 AVERAGE    72

..........................................................


THE CHATTANOOGA  ASOS CLIMATE NORMALS FOR TODAY
                         NORMAL    RECORD    YEAR
 MAXIMUM TEMPERATURE (F)   88       100      1990
                                             1924
 MINIMUM TEMPERATURE (F)   68        56      1927


SUNRISE AND SUNSET
AUGUST 28 2016........SUNRISE   711 AM EDT   SUNSET   812 PM EDT
AUGUST 29 2016........SUNRISE   712 AM EDT   SUNSET   811 PM EDT


-  INDICATES NEGATIVE NUMBERS.
R  INDICATES RECORD WAS SET OR TIED.
MM INDICATES DATA IS MISSING.
T  INDICATES TRACE AMOUNT.




$$
