000
CDUS41 KLWX 050528
CLICHO


CLIMATE REPORT
NATIONAL WEATHER SERVICE BALTIMORE MD/WASHINGTON DC
127 AM EDT SUN JUL 5 2015


...................................

...THE CHARLOTTESVILLE VA CLIMATE SUMMARY FOR JULY 4 2015...

CLIMATE NORMAL PERIOD 1981 TO 2010
CLIMATE RECORD PERIOD 1889 TO 2015


WEATHER ITEM   OBSERVED TIME   RECORD YEAR NORMAL DEPARTURE LAST
                VALUE   (LST)  VALUE       VALUE  FROM      YEAR
                                                  NORMAL
..................................................................
TEMPERATURE (F)
 YESTERDAY
  MAXIMUM         84    156 PM  MM      MM  86     -2       80
  MINIMUM         68   1159 PM  MM      MM  64      4       61
  AVERAGE         76                        75      1       71

PRECIPITATION (IN)
  YESTERDAY        T                         0.13  -0.13     0.00
  MONTH TO DATE    0.02                      0.54  -0.52     1.29
  SINCE JUN 1      8.25                      4.27   3.98     4.14
  SINCE JAN 1     20.91                     20.74   0.17    22.41

DEGREE DAYS
 HEATING
  YESTERDAY        0                         0      0        0
  MONTH TO DATE    0                         0      0        0
  SINCE JUN 1     11                        11      0        2
  SINCE JUL 1      0                         0      0        0

 COOLING
  YESTERDAY       11                        10      1        6
  MONTH TO DATE   30                        40    -10       55
  SINCE JUN 1    336                       259     77      327
  SINCE JAN 1    513                       345    168      443
..................................................................


WIND (MPH)
  HIGHEST WIND SPEED    17   HIGHEST WIND DIRECTION    NE (30)
  HIGHEST GUST SPEED    23   HIGHEST GUST DIRECTION    NE (30)
  AVERAGE WIND SPEED     3.1


SKY COVER
  POSSIBLE SUNSHINE  MM
  AVERAGE SKY COVER 0.6


WEATHER CONDITIONS
 THE FOLLOWING WEATHER WAS RECORDED YESTERDAY.
  THUNDERSTORM
  FOG
  HAZE


RELATIVE HUMIDITY (PERCENT)
 HIGHEST    93           100 AM
 LOWEST     61           200 PM
 AVERAGE    77

..........................................................


THE CHARLOTTESVILLE VA CLIMATE NORMALS FOR TODAY
                         NORMAL    RECORD    YEAR
 MAXIMUM TEMPERATURE (F)   87        MM        MM
 MINIMUM TEMPERATURE (F)   64        MM        MM


SUNRISE AND SUNSET
JULY  5 2015..........SUNRISE   556 AM EDT   SUNSET   840 PM EDT
JULY  6 2015..........SUNRISE   557 AM EDT   SUNSET   840 PM EDT


-  INDICATES NEGATIVE NUMBERS.
R  INDICATES RECORD WAS SET OR TIED.
MM INDICATES DATA IS MISSING.
T  INDICATES TRACE AMOUNT.




$$
