000
CDUS41 KLWX 260527
CLICHO


CLIMATE REPORT
NATIONAL WEATHER SERVICE BALTIMORE MD/WASHINGTON DC
126 AM EDT WED APR 26 2017


...................................

...THE CHARLOTTESVILLE VA CLIMATE SUMMARY FOR APRIL 25 2017...

CLIMATE NORMAL PERIOD 1981 TO 2010
CLIMATE RECORD PERIOD 1889 TO 2017


WEATHER ITEM   OBSERVED TIME   RECORD YEAR NORMAL DEPARTURE LAST
                VALUE   (LST)  VALUE       VALUE  FROM      YEAR
                                                  NORMAL
..................................................................
TEMPERATURE (F)
 YESTERDAY
  MAXIMUM         62    350 PM  MM      MM  70     -8       87
  MINIMUM         52    243 AM  MM      MM  46      6       46
  AVERAGE         57                        58     -1       67

PRECIPITATION (IN)
  YESTERDAY        0.20                      0.11   0.09     0.00
  MONTH TO DATE    2.70                      2.85  -0.15     1.23
  SINCE MAR 1      5.43                      6.51  -1.08     2.72
  SINCE JAN 1      8.67                     11.98  -3.31     8.84

DEGREE DAYS
 HEATING
  YESTERDAY        8                         8      0        0
  MONTH TO DATE  124                       272   -148      230
  SINCE MAR 1    628                       864   -236      573
  SINCE JUL 1   3001                      4276  -1275     3331

 COOLING
  YESTERDAY        0                         1     -1        2
  MONTH TO DATE   50                        17     33       15
  SINCE MAR 1     54                        19     35       19
  SINCE JAN 1     55                        19     36       19
..................................................................


WIND (MPH)
  HIGHEST WIND SPEED    24   HIGHEST WIND DIRECTION    NE (30)
  HIGHEST GUST SPEED    32   HIGHEST GUST DIRECTION    NE (40)
  AVERAGE WIND SPEED    10.3


SKY COVER
  POSSIBLE SUNSHINE  MM
  AVERAGE SKY COVER 1.0


WEATHER CONDITIONS
 THE FOLLOWING WEATHER WAS RECORDED YESTERDAY.
  HEAVY RAIN
  RAIN
  LIGHT RAIN
  FOG
  HAZE


RELATIVE HUMIDITY (PERCENT)
 HIGHEST    96          1200 AM
 LOWEST     84           400 PM
 AVERAGE    90

..........................................................


THE CHARLOTTESVILLE VA CLIMATE NORMALS FOR TODAY
                         NORMAL    RECORD    YEAR
 MAXIMUM TEMPERATURE (F)   70        MM        MM
 MINIMUM TEMPERATURE (F)   46        MM        MM


SUNRISE AND SUNSET
APRIL 26 2017.........SUNRISE   623 AM EDT   SUNSET   800 PM EDT
APRIL 27 2017.........SUNRISE   622 AM EDT   SUNSET   801 PM EDT


-  INDICATES NEGATIVE NUMBERS.
R  INDICATES RECORD WAS SET OR TIED.
MM INDICATES DATA IS MISSING.
T  INDICATES TRACE AMOUNT.




$$
