000
CDUS41 KLWX 300527
CLICHO


CLIMATE REPORT
NATIONAL WEATHER SERVICE BALTIMORE MD/WASHINGTON DC
125 AM EDT SAT APR 30 2016


...................................

...THE CHARLOTTESVILLE VA CLIMATE SUMMARY FOR APRIL 29 2016...

CLIMATE NORMAL PERIOD 1981 TO 2010
CLIMATE RECORD PERIOD 1889 TO 2016


WEATHER ITEM   OBSERVED TIME   RECORD YEAR NORMAL DEPARTURE LAST
                VALUE   (LST)  VALUE       VALUE  FROM      YEAR
                                                  NORMAL
..................................................................
TEMPERATURE (F)
 YESTERDAY
  MAXIMUM         56    552 PM  MM      MM  71    -15       75
  MINIMUM         50    737 AM  MM      MM  47      3       42
  AVERAGE         53                        59     -6       59

PRECIPITATION (IN)
  YESTERDAY        0.00                      0.10  -0.10     0.00
  MONTH TO DATE    3.32                      3.26   0.06     4.44
  SINCE MAR 1      4.81                      6.92  -2.11     7.95
  SINCE JAN 1     10.93                     12.39  -1.46    10.61

DEGREE DAYS
 HEATING
  YESTERDAY       12                         7      5        6
  MONTH TO DATE  251                       301    -50      238
  SINCE MAR 1    594                       893   -299      845
  SINCE JUL 1   3352                      4305   -953     4360

 COOLING
  YESTERDAY        0                         1     -1        0
  MONTH TO DATE   23                        21      2        8
  SINCE MAR 1     27                        23      4        8
  SINCE JAN 1     27                        23      4        8
..................................................................


WIND (MPH)
  HIGHEST WIND SPEED     9   HIGHEST WIND DIRECTION    NE (50)
  HIGHEST GUST SPEED    12   HIGHEST GUST DIRECTION    NE (50)
  AVERAGE WIND SPEED     5.1


SKY COVER
  POSSIBLE SUNSHINE  MM
  AVERAGE SKY COVER 1.0


WEATHER CONDITIONS
 THE FOLLOWING WEATHER WAS RECORDED YESTERDAY.
  FOG


RELATIVE HUMIDITY (PERCENT)
 HIGHEST    93          1200 AM
 LOWEST     77           100 PM
 AVERAGE    85

..........................................................


THE CHARLOTTESVILLE VA CLIMATE NORMALS FOR TODAY
                         NORMAL    RECORD    YEAR
 MAXIMUM TEMPERATURE (F)   71        MM        MM
 MINIMUM TEMPERATURE (F)   47        MM        MM


SUNRISE AND SUNSET
APRIL 30 2016.........SUNRISE   618 AM EDT   SUNSET   804 PM EDT
MAY  1 2016...........SUNRISE   617 AM EDT   SUNSET   805 PM EDT


-  INDICATES NEGATIVE NUMBERS.
R  INDICATES RECORD WAS SET OR TIED.
MM INDICATES DATA IS MISSING.
T  INDICATES TRACE AMOUNT.




$$
