000
CDUS41 KLWX 240522
CLICHO


CLIMATE REPORT
NATIONAL WEATHER SERVICE BALTIMORE MD/WASHINGTON DC
122 AM EDT SUN MAY 24 2015


...................................

...THE CHARLOTTESVILLE VA CLIMATE SUMMARY FOR MAY 23 2015...

CLIMATE NORMAL PERIOD 1981 TO 2010
CLIMATE RECORD PERIOD 1889 TO 2015


WEATHER ITEM   OBSERVED TIME   RECORD YEAR NORMAL DEPARTURE LAST
                VALUE   (LST)  VALUE       VALUE  FROM      YEAR
                                                  NORMAL
..................................................................
TEMPERATURE (F)
 YESTERDAY
  MAXIMUM         74    407 PM  MM      MM  76     -2       81
  MINIMUM         49    550 AM  MM      MM  54     -5       62
  AVERAGE         62                        65     -3       72

PRECIPITATION (IN)
  YESTERDAY        0.00                      0.14  -0.14     0.00
  MONTH TO DATE    1.65                      2.78  -1.13     4.26
  SINCE MAR 1      9.83                      9.80   0.03    12.58
  SINCE JAN 1     12.49                     15.27  -2.78    17.67

DEGREE DAYS
 HEATING
  YESTERDAY        3                         3      0        0
  MONTH TO DATE   43                       106    -63       54
  SINCE MAR 1    893                      1006   -113     1076
  SINCE JUL 1   4408                      4418    -10     4585

 COOLING
  YESTERDAY        0                         3     -3        7
  MONTH TO DATE   97                        38     59       76
  SINCE MAR 1    105                        59     46       85
  SINCE JAN 1    105                        59     46       85
..................................................................


WIND (MPH)
  HIGHEST WIND SPEED    13   HIGHEST WIND DIRECTION     S (180)
  HIGHEST GUST SPEED    20   HIGHEST GUST DIRECTION    SW (210)
  AVERAGE WIND SPEED     4.4


SKY COVER
  POSSIBLE SUNSHINE  MM
  AVERAGE SKY COVER 0.0


WEATHER CONDITIONS
 THE FOLLOWING WEATHER WAS RECORDED YESTERDAY.
  NO SIGNIFICANT WEATHER WAS OBSERVED.


RELATIVE HUMIDITY (PERCENT)
 HIGHEST    72          1000 PM
 LOWEST     27          1200 PM
 AVERAGE    50

..........................................................


THE CHARLOTTESVILLE VA CLIMATE NORMALS FOR TODAY
                         NORMAL    RECORD    YEAR
 MAXIMUM TEMPERATURE (F)   77        MM        MM
 MINIMUM TEMPERATURE (F)   54        MM        MM


SUNRISE AND SUNSET
MAY 24 2015...........SUNRISE   557 AM EDT   SUNSET   825 PM EDT
MAY 25 2015...........SUNRISE   556 AM EDT   SUNSET   826 PM EDT


-  INDICATES NEGATIVE NUMBERS.
R  INDICATES RECORD WAS SET OR TIED.
MM INDICATES DATA IS MISSING.
T  INDICATES TRACE AMOUNT.




$$
