000
CDUS41 KLWX 270525
CLICHO


CLIMATE REPORT
NATIONAL WEATHER SERVICE BALTIMORE MD/WASHINGTON DC
125 AM EDT FRI MAR 27 2015


...................................

...THE CHARLOTTESVILLE VA CLIMATE SUMMARY FOR MARCH 26 2015...

CLIMATE NORMAL PERIOD 1981 TO 2010
CLIMATE RECORD PERIOD 1889 TO 2015


WEATHER ITEM   OBSERVED TIME   RECORD YEAR NORMAL DEPARTURE LAST
                VALUE   (LST)  VALUE       VALUE  FROM      YEAR
                                                  NORMAL
..................................................................
TEMPERATURE (F)
 YESTERDAY
  MAXIMUM         75    324 PM  MM      MM  61     14       38
  MINIMUM         48    412 AM  MM      MM  38     10       25
  AVERAGE         62                        49     13       32

PRECIPITATION (IN)
  YESTERDAY        0.41                      0.13   0.28      T
  MONTH TO DATE    2.65                      2.97  -0.32     1.49
  SINCE MAR 1      2.65                      2.97  -0.32     1.49
  SINCE JAN 1      5.31                      8.44  -3.13     6.58

DEGREE DAYS
 HEATING
  YESTERDAY        3                        16    -13       33
  MONTH TO DATE  507                       516     -9      652
  SINCE MAR 1    507                       516     -9      652
  SINCE JUL 1   4022                      3928     94     4161

 COOLING
  YESTERDAY        0                         0      0        0
  MONTH TO DATE    0                         0      0        0
  SINCE MAR 1      0                         0      0        0
  SINCE JAN 1      0                         0      0        0
..................................................................


WIND (MPH)
  HIGHEST WIND SPEED    24   HIGHEST WIND DIRECTION     S (200)
  HIGHEST GUST SPEED    31   HIGHEST GUST DIRECTION    SW (210)
  AVERAGE WIND SPEED     8.3


SKY COVER
  POSSIBLE SUNSHINE  MM
  AVERAGE SKY COVER 0.8


WEATHER CONDITIONS
 THE FOLLOWING WEATHER WAS RECORDED YESTERDAY.
  THUNDERSTORM
  RAIN
  LIGHT RAIN
  FOG
  HAZE


RELATIVE HUMIDITY (PERCENT)
 HIGHEST    93          1000 AM
 LOWEST     49           400 PM
 AVERAGE    71

..........................................................


THE CHARLOTTESVILLE VA CLIMATE NORMALS FOR TODAY
                         NORMAL    RECORD    YEAR
 MAXIMUM TEMPERATURE (F)   61        MM        MM
 MINIMUM TEMPERATURE (F)   38        MM        MM


SUNRISE AND SUNSET
MARCH 27 2015.........SUNRISE   707 AM EDT   SUNSET   732 PM EDT
MARCH 28 2015.........SUNRISE   705 AM EDT   SUNSET   733 PM EDT


-  INDICATES NEGATIVE NUMBERS.
R  INDICATES RECORD WAS SET OR TIED.
MM INDICATES DATA IS MISSING.
T  INDICATES TRACE AMOUNT.




$$
