000
CDUS41 KLWX 312129
CLICHO


CLIMATE REPORT
NATIONAL WEATHER SERVICE BALTIMORE MD/WASHINGTON DC
528 PM EDT TUE MAY 31 2016


...................................

...THE CHARLOTTESVILLE VA CLIMATE SUMMARY FOR MAY 31 2016...
VALID TODAY AS OF 0500 PM LOCAL TIME.

CLIMATE NORMAL PERIOD 1981 TO 2010
CLIMATE RECORD PERIOD 1889 TO 2016


WEATHER ITEM   OBSERVED TIME   RECORD YEAR NORMAL DEPARTURE LAST
                VALUE   (LST)  VALUE       VALUE  FROM      YEAR
                                                  NORMAL
..................................................................
TEMPERATURE (F)
 TODAY
  MAXIMUM         86    357 PM  MM      MM  79      7       88
  MINIMUM         64    543 AM  MM      MM  56      8       66
  AVERAGE         75                        68      7       77

PRECIPITATION (IN)
  TODAY            0.00                      0.15  -0.15     0.15
  MONTH TO DATE    5.53                      3.98   1.55     1.82
  SINCE MAR 1     10.39                     11.00  -0.61    10.00
  SINCE JAN 1     16.51                     16.47   0.04    12.66

DEGREE DAYS
 HEATING
  TODAY            0                                         0
  MONTH TO DATE  119                                        43
  SINCE MAR 1    722                                       893
  SINCE JUL 1   3480                                      4408

 COOLING
  TODAY           10                                        12
  MONTH TO DATE   86                                       169
  SINCE MAR 1    113                                       177
  SINCE JAN 1    113                                       177
..................................................................


WIND (MPH)
  HIGHEST WIND SPEED    12   HIGHEST WIND DIRECTION     E (70)
  HIGHEST GUST SPEED    17   HIGHEST GUST DIRECTION    NE (40)
  AVERAGE WIND SPEED     3.1


SKY COVER
  POSSIBLE SUNSHINE  MM
  AVERAGE SKY COVER 0.4


WEATHER CONDITIONS
 THE FOLLOWING WEATHER WAS RECORDED TODAY.
  FOG
  FOG W/VISIBILITY <= 1/4 MILE


RELATIVE HUMIDITY (PERCENT)
 HIGHEST    93           100 AM
 LOWEST     45           300 PM
 AVERAGE    69

..........................................................


THE CHARLOTTESVILLE VA CLIMATE NORMALS FOR TOMORROW
                         NORMAL    RECORD    YEAR
 MAXIMUM TEMPERATURE (F)   79        MM        MM
 MINIMUM TEMPERATURE (F)   57        MM        MM


SUNRISE AND SUNSET
MAY 31 2016...........SUNRISE   553 AM EDT   SUNSET   831 PM EDT
JUNE  1 2016..........SUNRISE   552 AM EDT   SUNSET   831 PM EDT


-  INDICATES NEGATIVE NUMBERS.
R  INDICATES RECORD WAS SET OR TIED.
MM INDICATES DATA IS MISSING.
T  INDICATES TRACE AMOUNT.




$$
