000
CDUS41 KLWX 222125
CLICHO


CLIMATE REPORT
NATIONAL WEATHER SERVICE BALTIMORE MD/WASHINGTON DC
425 PM EST MON DEC 22 2014


...................................

...THE CHARLOTTESVILLE VA CLIMATE SUMMARY FOR DECEMBER 22 2014...
VALID TODAY AS OF 0400 PM LOCAL TIME.

CLIMATE NORMAL PERIOD 1981 TO 2010
CLIMATE RECORD PERIOD 1889 TO 2014


WEATHER ITEM   OBSERVED TIME   RECORD YEAR NORMAL DEPARTURE LAST
                VALUE   (LST)  VALUE       VALUE  FROM      YEAR
                                                  NORMAL
..................................................................
TEMPERATURE (F)
 TODAY
  MAXIMUM         34    359 PM  MM      MM  45    -11       70
  MINIMUM         32   1150 AM  MM      MM  27      5       60
  AVERAGE         33                        36     -3       65

PRECIPITATION (IN)
  TODAY            0.17                      0.10   0.07     0.26
  MONTH TO DATE    1.89                      2.46  -0.57     1.72
  SINCE DEC 1      1.89                      2.46  -0.57     1.72
  SINCE JAN 1     37.77                     42.02  -4.25    42.28

DEGREE DAYS
 HEATING
  TODAY           32                                         0
  MONTH TO DATE  525                                       485
  SINCE DEC 1    525                                       485
  SINCE JUL 1   1379                                      1428

 COOLING
  TODAY            0                                         0
  MONTH TO DATE    0                                         0
  SINCE DEC 1      0                                         0
  SINCE JAN 1   1096                                      1146
..................................................................


WIND (MPH)
  HIGHEST WIND SPEED    10   HIGHEST WIND DIRECTION    NE (50)
  HIGHEST GUST SPEED    13   HIGHEST GUST DIRECTION    NE (40)
  AVERAGE WIND SPEED     4.4


SKY COVER
  POSSIBLE SUNSHINE  MM
  AVERAGE SKY COVER 1.0


WEATHER CONDITIONS
 THE FOLLOWING WEATHER WAS RECORDED TODAY.
  LIGHT RAIN
  FREEZING RAIN
  LT FREEZING RAIN
  FOG
  HAZE


RELATIVE HUMIDITY (PERCENT)
 HIGHEST    92          1100 AM
 LOWEST     69           400 AM
 AVERAGE    81

..........................................................


THE CHARLOTTESVILLE VA CLIMATE NORMALS FOR TOMORROW
                         NORMAL    RECORD    YEAR
 MAXIMUM TEMPERATURE (F)   45        MM        MM
 MINIMUM TEMPERATURE (F)   27        MM        MM


SUNRISE AND SUNSET
DECEMBER 22 2014......SUNRISE   727 AM EST   SUNSET   458 PM EST
DECEMBER 23 2014......SUNRISE   727 AM EST   SUNSET   458 PM EST


-  INDICATES NEGATIVE NUMBERS.
R  INDICATES RECORD WAS SET OR TIED.
MM INDICATES DATA IS MISSING.
T  INDICATES TRACE AMOUNT.




$$
