000
CDUS41 KLWX 020523
CLICHO


CLIMATE REPORT
NATIONAL WEATHER SERVICE BALTIMORE MD/WASHINGTON DC
1223 AM EST FRI DEC 2 2016


...................................

...THE CHARLOTTESVILLE VA CLIMATE SUMMARY FOR DECEMBER 1 2016...

CLIMATE NORMAL PERIOD 1981 TO 2010
CLIMATE RECORD PERIOD 1889 TO 2016


WEATHER ITEM   OBSERVED TIME   RECORD YEAR NORMAL DEPARTURE LAST
                VALUE   (LST)  VALUE       VALUE  FROM      YEAR
                                                  NORMAL
..................................................................
TEMPERATURE (F)
 YESTERDAY
  MAXIMUM         61    209 AM  MM      MM  51     10       48
  MINIMUM         39   1119 PM  MM      MM  32      7       42
  AVERAGE         50                        42      8       45

PRECIPITATION (IN)
  YESTERDAY        T                         0.12  -0.12     0.76
  MONTH TO DATE    T                         0.12  -0.12     0.76
  SINCE DEC 1      T                         0.12  -0.12     0.76
  SINCE JAN 1     31.86                     39.68  -7.82    43.69

DEGREE DAYS
 HEATING
  YESTERDAY       15                        23     -8       20
  MONTH TO DATE   15                        23     -8       20
  SINCE DEC 1     15                        23     -8       20
  SINCE JUL 1    540                       914   -374      666

 COOLING
  YESTERDAY        0                         0      0        0
  MONTH TO DATE    0                         0      0        0
  SINCE DEC 1      0                         0      0        0
  SINCE JAN 1   1698                      1035    663     1356
..................................................................


WIND (MPH)
  HIGHEST WIND SPEED    14   HIGHEST WIND DIRECTION     W (260)
  HIGHEST GUST SPEED    27   HIGHEST GUST DIRECTION     W (250)
  AVERAGE WIND SPEED     5.8


SKY COVER
  POSSIBLE SUNSHINE  MM
  AVERAGE SKY COVER 0.1


WEATHER CONDITIONS
 THE FOLLOWING WEATHER WAS RECORDED YESTERDAY.
  RAIN
  FOG


RELATIVE HUMIDITY (PERCENT)
 HIGHEST    84          1200 AM
 LOWEST     38           300 PM
 AVERAGE    61

..........................................................


THE CHARLOTTESVILLE VA CLIMATE NORMALS FOR TODAY
                         NORMAL    RECORD    YEAR
 MAXIMUM TEMPERATURE (F)   51        MM        MM
 MINIMUM TEMPERATURE (F)   32        MM        MM


SUNRISE AND SUNSET
DECEMBER  2 2016......SUNRISE   713 AM EST   SUNSET   454 PM EST
DECEMBER  3 2016......SUNRISE   714 AM EST   SUNSET   454 PM EST


-  INDICATES NEGATIVE NUMBERS.
R  INDICATES RECORD WAS SET OR TIED.
MM INDICATES DATA IS MISSING.
T  INDICATES TRACE AMOUNT.




$$
