000
CDUS41 KLWX 132121
CLICHO


CLIMATE REPORT
NATIONAL WEATHER SERVICE BALTIMORE MD/WASHINGTON DC
521 PM EDT SUN JUL 13 2014


...................................

...THE CHARLOTTESVILLE VA CLIMATE SUMMARY FOR JULY 13 2014...
VALID TODAY AS OF 0500 PM LOCAL TIME.

CLIMATE NORMAL PERIOD 1981 TO 2010
CLIMATE RECORD PERIOD 1889 TO 2014


WEATHER ITEM   OBSERVED TIME   RECORD YEAR NORMAL DEPARTURE LAST
                VALUE   (LST)  VALUE       VALUE  FROM      YEAR
                                                  NORMAL
..................................................................
TEMPERATURE (F)
 TODAY
  MAXIMUM         91    227 PM  MM      MM  87      4       83
  MINIMUM         70    555 AM  MM      MM  65      5       64
  AVERAGE         81                        76      5       74

PRECIPITATION (IN)
  TODAY            0.00                      0.14  -0.14     0.07
  MONTH TO DATE    1.42                      1.70  -0.28     3.41
  SINCE JUN 1      4.27                      5.43  -1.16    10.47
  SINCE JAN 1     22.54                     21.90   0.64    27.10

DEGREE DAYS
 HEATING
  TODAY            0                                         0
  MONTH TO DATE    0                                         0
  SINCE JUN 1      2                                         2
  SINCE JUL 1      0                                         0

 COOLING
  TODAY           16                                         9
  MONTH TO DATE  150                                       155
  SINCE JUN 1    422                                       401
  SINCE JAN 1    538                                       548
..................................................................


WIND (MPH)
  HIGHEST WIND SPEED    17   HIGHEST WIND DIRECTION     S (200)
  HIGHEST GUST SPEED    24   HIGHEST GUST DIRECTION     S (200)
  AVERAGE WIND SPEED     9.4


SKY COVER
  POSSIBLE SUNSHINE  MM
  AVERAGE SKY COVER 0.3


WEATHER CONDITIONS
 THE FOLLOWING WEATHER WAS RECORDED TODAY.
  NO SIGNIFICANT WEATHER WAS OBSERVED.


RELATIVE HUMIDITY (PERCENT)
 HIGHEST    90           500 AM
 LOWEST     47           400 PM
 AVERAGE    69

..........................................................


THE CHARLOTTESVILLE VA CLIMATE NORMALS FOR TOMORROW
                         NORMAL    RECORD    YEAR
 MAXIMUM TEMPERATURE (F)   86        MM        MM
 MINIMUM TEMPERATURE (F)   65        MM        MM


SUNRISE AND SUNSET
JULY 13 2014..........SUNRISE   602 AM EDT   SUNSET   837 PM EDT
JULY 14 2014..........SUNRISE   602 AM EDT   SUNSET   837 PM EDT


-  INDICATES NEGATIVE NUMBERS.
R  INDICATES RECORD WAS SET OR TIED.
MM INDICATES DATA IS MISSING.
T  INDICATES TRACE AMOUNT.




$$
