000
CDUS42 KCHS 300608
CLICHS


CLIMATE REPORT
NATIONAL WEATHER SERVICE CHARLESTON SC
208 AM EDT TUE MAY 30 2017


...................................

...THE NORTH CHARLESTON SC CLIMATE SUMMARY FOR MAY 29 2017...

CLIMATE NORMAL PERIOD 1981 TO 2010
CLIMATE RECORD PERIOD 1938 TO 2017


WEATHER ITEM   OBSERVED TIME   RECORD YEAR NORMAL DEPARTURE LAST
                VALUE   (LST)  VALUE       VALUE  FROM      YEAR
                                                  NORMAL
..................................................................
TEMPERATURE (F)
 YESTERDAY
  MAXIMUM         93    350 PM  95    1945  86      7       80
  MINIMUM         73    530 AM  53    1961  66      7       71
  AVERAGE         83                        76      7       76

PRECIPITATION (IN)
  YESTERDAY        0.00          2.42 2016   0.11  -0.11     2.42
  MONTH TO DATE    3.74                      2.78   0.96     6.23
  SINCE MAR 1     10.98                      9.40   1.58    12.03
  SINCE JAN 1     15.16                     16.07  -0.91    20.32

DEGREE DAYS
 HEATING
  YESTERDAY        0                         0      0        0
  MONTH TO DATE    3                         8     -5        4
  SINCE MAR 1    260                       335    -75      180
  SINCE JUL 1   1228                      1971   -743     1357

 COOLING
  YESTERDAY       18                        11      7       11
  MONTH TO DATE  268                       223     45      263
  SINCE MAR 1    509                       334    175      463
  SINCE JAN 1    544                       341    203      471
..................................................................


WIND (MPH)
  HIGHEST WIND SPEED    16   HIGHEST WIND DIRECTION    SW (210)
  HIGHEST GUST SPEED    20   HIGHEST GUST DIRECTION    NW (300)
  AVERAGE WIND SPEED     8.2


SKY COVER
  POSSIBLE SUNSHINE  MM
  AVERAGE SKY COVER 0.3


WEATHER CONDITIONS
 THE FOLLOWING WEATHER WAS RECORDED YESTERDAY.
  NO SIGNIFICANT WEATHER WAS OBSERVED.


RELATIVE HUMIDITY (PERCENT)
 HIGHEST    94          1200 AM
 LOWEST     44           400 PM
 AVERAGE    69

..........................................................


THE NORTH CHARLESTON SC CLIMATE NORMALS FOR TODAY
                         NORMAL    RECORD    YEAR
 MAXIMUM TEMPERATURE (F)   86        95      2004
                                             1995
                                             1974
 MINIMUM TEMPERATURE (F)   66        55      1971
                                             1946


SUNRISE AND SUNSET
MAY 30 2017...........SUNRISE   613 AM EDT   SUNSET   823 PM EDT
MAY 31 2017...........SUNRISE   613 AM EDT   SUNSET   823 PM EDT


-  INDICATES NEGATIVE NUMBERS.
R  INDICATES RECORD WAS SET OR TIED.
MM INDICATES DATA IS MISSING.
T  INDICATES TRACE AMOUNT.




$$
