000
CDUS42 KCHS 022112
CLICHS


CLIMATE REPORT
NATIONAL WEATHER SERVICE CHARLESTON SC
512 PM EDT TUE SEP 2 2014


...................................

...THE NORTH CHARLESTON SC CLIMATE SUMMARY FOR SEPTEMBER 2 2014...
VALID TODAY AS OF 500 PM LOCAL TIME.

CLIMATE NORMAL PERIOD 1981 TO 2010
CLIMATE RECORD PERIOD 1938 TO 2014


WEATHER ITEM   OBSERVED TIME   RECORD YEAR NORMAL DEPARTURE LAST
                VALUE   (LST)  VALUE       VALUE  FROM      YEAR
                                                  NORMAL
..................................................................
TEMPERATURE (F)
 TODAY
  MAXIMUM         94    245 PM  97    1944  88      6       94
  MINIMUM         78    621 AM  57    1967  71      7       74
                                      1946
  AVERAGE         86                        79      7       84

PRECIPITATION (IN)
  TODAY            0.00          1.75 2007   0.24  -0.24     0.35
  MONTH TO DATE    T                         0.48  -0.48     0.35
  SINCE SEP 1      T                         0.48  -0.48     0.35
  SINCE JAN 1     35.33                     36.12  -0.79    46.41

SNOWFALL (IN)
  TODAY            0.0                       0.0    0.0
  SINCE SEP 1      0.0                       0.0    0.0
  SINCE JUL 1      0.0                       0.0    0.0

DEGREE DAYS
 HEATING
  TODAY            0                         0      0        0
  MONTH TO DATE    0                         0      0        0
  SINCE SEP 1      0                         0      0        0
  SINCE JUL 1      0                         0      0        0

 COOLING
  TODAY           21                        14      7       19
  MONTH TO DATE   42                        28     14       39
  SINCE SEP 1     42                        28     14       39
  SINCE JAN 1   2204                      1833    371     1894
..................................................................


WIND (MPH)
  HIGHEST WIND SPEED    16   HIGHEST WIND DIRECTION     S (180)
  HIGHEST GUST SPEED    21   HIGHEST GUST DIRECTION     S (180)
  AVERAGE WIND SPEED     4.2


SKY COVER
  POSSIBLE SUNSHINE  MM
  AVERAGE SKY COVER 0.4


WEATHER CONDITIONS
 THE FOLLOWING WEATHER WAS RECORDED TODAY.
  FOG


RELATIVE HUMIDITY (PERCENT)
 HIGHEST    91           200 AM
 LOWEST     49          1200 PM
 AVERAGE    70

..........................................................


THE NORTH CHARLESTON SC CLIMATE NORMALS FOR TOMORROW
                         NORMAL    RECORD    YEAR
 MAXIMUM TEMPERATURE (F)   87        97      1944
 MINIMUM TEMPERATURE (F)   70        57      1954


SUNRISE AND SUNSET
SEPTEMBER  2 2014.....SUNRISE   655 AM EDT   SUNSET   744 PM EDT
SEPTEMBER  3 2014.....SUNRISE   656 AM EDT   SUNSET   742 PM EDT


-  INDICATES NEGATIVE NUMBERS.
R  INDICATES RECORD WAS SET OR TIED.
MM INDICATES DATA IS MISSING.
T  INDICATES TRACE AMOUNT.

$$
