000
CDUS42 KCHS 240609
CLICHS


CLIMATE REPORT
NATIONAL WEATHER SERVICE CHARLESTON SC
209 AM EDT SUN MAY 24 2015


...................................

...THE NORTH CHARLESTON SC CLIMATE SUMMARY FOR MAY 23 2015...

CLIMATE NORMAL PERIOD 1981 TO 2010
CLIMATE RECORD PERIOD 1938 TO 2015


WEATHER ITEM   OBSERVED TIME   RECORD YEAR NORMAL DEPARTURE LAST
                VALUE   (LST)  VALUE       VALUE  FROM      YEAR
                                                  NORMAL
..................................................................
TEMPERATURE (F)
 YESTERDAY
  MAXIMUM         80    336 PM  97    2014  85     -5       97
  MINIMUM         60    546 AM  47    1954  64     -4       71
  AVERAGE         70                        74     -4       84

PRECIPITATION (IN)
  YESTERDAY        0.00          4.86 1976   0.11  -0.11     0.00
  MONTH TO DATE    1.36                      2.11  -0.75     1.22
  SINCE MAR 1      7.29                      8.73  -1.44    12.13
  SINCE JAN 1     15.22                     15.40  -0.18    16.98

DEGREE DAYS
 HEATING
  YESTERDAY        0                         0      0        0
  MONTH TO DATE    4                         8     -4        0
  SINCE MAR 1    210                       335   -125      352
  SINCE JUL 1   1947                      1971    -24     1875

 COOLING
  YESTERDAY        5                        10     -5       19
  MONTH TO DATE  186                       161     25      237
  SINCE MAR 1    346                       272     74      385
  SINCE JAN 1    350                       279     71      395
..................................................................


WIND (MPH)
  HIGHEST WIND SPEED    17   HIGHEST WIND DIRECTION    SE (120)
  HIGHEST GUST SPEED    23   HIGHEST GUST DIRECTION     E (100)
  AVERAGE WIND SPEED     8.8


SKY COVER
  POSSIBLE SUNSHINE  MM
  AVERAGE SKY COVER 0.1


WEATHER CONDITIONS
 THE FOLLOWING WEATHER WAS RECORDED YESTERDAY.
  NO SIGNIFICANT WEATHER WAS OBSERVED.


RELATIVE HUMIDITY (PERCENT)
 HIGHEST    93          1200 AM
 LOWEST     42          1200 PM
 AVERAGE    68

..........................................................


THE NORTH CHARLESTON SC CLIMATE NORMALS FOR TODAY
                         NORMAL    RECORD    YEAR
 MAXIMUM TEMPERATURE (F)   85        97      1953
 MINIMUM TEMPERATURE (F)   64        50      1954


SUNRISE AND SUNSET
MAY 24 2015...........SUNRISE   616 AM EDT   SUNSET   818 PM EDT
MAY 25 2015...........SUNRISE   615 AM EDT   SUNSET   819 PM EDT


-  INDICATES NEGATIVE NUMBERS.
R  INDICATES RECORD WAS SET OR TIED.
MM INDICATES DATA IS MISSING.
T  INDICATES TRACE AMOUNT.




$$
