000
CDUS42 KCHS 220611
CLICHS


CLIMATE REPORT
NATIONAL WEATHER SERVICE CHARLESTON SC
110 AM EST MON DEC 22 2014


...................................

...THE NORTH CHARLESTON SC CLIMATE SUMMARY FOR DECEMBER 21 2014...

CLIMATE NORMAL PERIOD 1981 TO 2010
CLIMATE RECORD PERIOD 1938 TO 2014


WEATHER ITEM   OBSERVED TIME   RECORD YEAR NORMAL DEPARTURE LAST
                VALUE   (LST)  VALUE       VALUE  FROM      YEAR
                                                  NORMAL
..................................................................
TEMPERATURE (F)
 YESTERDAY
  MAXIMUM         51    240 PM  80    2013  60     -9       80
  MINIMUM         44    827 AM  15    1981  39      5       53
  AVERAGE         48                        50     -2       67

PRECIPITATION (IN)
  YESTERDAY        0.16          2.09 1947   0.10   0.06     0.00
  MONTH TO DATE    0.52                      2.03  -1.51     1.39
  SINCE DEC 1      0.52                      2.03  -1.51     1.39
  SINCE JAN 1     50.12                     49.95   0.17    57.35

SNOWFALL (IN)
  YESTERDAY        0.0                       0.0    0.0
  SINCE DEC 1      0.0                       0.2   -0.2
  SINCE JUL 1      0.0                       0.2   -0.2

DEGREE DAYS
 HEATING
  YESTERDAY       17                        16      1        0
  MONTH TO DATE  251                       283    -32      185
  SINCE DEC 1    251                       283    -32      185
  SINCE JUL 1    589                       575     14      490

 COOLING
  YESTERDAY        0                         0      0        2
  MONTH TO DATE    0                         0      0       18
  SINCE DEC 1      0                         0      0       18
  SINCE JAN 1   2769                      2297    472     2447
..................................................................


WIND (MPH)
  HIGHEST WIND SPEED    15   HIGHEST WIND DIRECTION    NE (30)
  HIGHEST GUST SPEED    20   HIGHEST GUST DIRECTION    NE (30)
  AVERAGE WIND SPEED     8.2


SKY COVER
  POSSIBLE SUNSHINE  MM
  AVERAGE SKY COVER 1.0


WEATHER CONDITIONS
 THE FOLLOWING WEATHER WAS RECORDED YESTERDAY.
  HEAVY RAIN
  LIGHT RAIN
  FOG


RELATIVE HUMIDITY (PERCENT)
 HIGHEST    93          1200 AM
 LOWEST     66           100 PM
 AVERAGE    80

..........................................................


THE NORTH CHARLESTON SC CLIMATE NORMALS FOR TODAY
                         NORMAL    RECORD    YEAR
 MAXIMUM TEMPERATURE (F)   60        81      2013
 MINIMUM TEMPERATURE (F)   39        19      1989


SUNRISE AND SUNSET
DECEMBER 22 2014......SUNRISE   719 AM EST   SUNSET   518 PM EST
DECEMBER 23 2014......SUNRISE   720 AM EST   SUNSET   519 PM EST


-  INDICATES NEGATIVE NUMBERS.
R  INDICATES RECORD WAS SET OR TIED.
MM INDICATES DATA IS MISSING.
T  INDICATES TRACE AMOUNT.




$$
