000
CDUS42 KCHS 280603
CLICHS


CLIMATE REPORT
NATIONAL WEATHER SERVICE CHARLESTON SC
203 AM EDT TUE MAR 28 2017


...................................

...THE NORTH CHARLESTON SC CLIMATE SUMMARY FOR MARCH 27 2017...

CLIMATE NORMAL PERIOD 1981 TO 2010
CLIMATE RECORD PERIOD 1938 TO 2017


WEATHER ITEM   OBSERVED TIME   RECORD YEAR NORMAL DEPARTURE LAST
                VALUE   (LST)  VALUE       VALUE  FROM      YEAR
                                                  NORMAL
..................................................................
TEMPERATURE (F)
 YESTERDAY
  MAXIMUM         81    205 PM  85    1949  72      9       73
  MINIMUM         57    548 AM  26    1955  49      8       64
  AVERAGE         69                        61      8       69

PRECIPITATION (IN)
  YESTERDAY        0.00          2.40 2005   0.12  -0.12     1.36
  MONTH TO DATE    0.84                      3.22  -2.38     3.17
  SINCE MAR 1      0.84                      3.22  -2.38     3.17
  SINCE JAN 1      5.02                      9.89  -4.87    11.46

SNOWFALL (IN)
  YESTERDAY        0.0                       0.0    0.0
  SINCE MAR 1      0.0                       0.0    0.0
  SINCE JUL 1      T                         0.5   -0.5

DEGREE DAYS
 HEATING
  YESTERDAY        0                         6     -6        0
  MONTH TO DATE  234                       220     14      102
  SINCE MAR 1    234                       220     14      102
  SINCE JUL 1   1202                      1856   -654     1279

 COOLING
  YESTERDAY        4                         1      3        4
  MONTH TO DATE   26                        25      1       84
  SINCE MAR 1     26                        25      1       84
  SINCE JAN 1     61                        32     29       92
..................................................................


WIND (MPH)
  HIGHEST WIND SPEED    18   HIGHEST WIND DIRECTION    SW (210)
  HIGHEST GUST SPEED    22   HIGHEST GUST DIRECTION     S (170)
  AVERAGE WIND SPEED     7.9


SKY COVER
  POSSIBLE SUNSHINE  MM
  AVERAGE SKY COVER 0.4


WEATHER CONDITIONS
 THE FOLLOWING WEATHER WAS RECORDED YESTERDAY.
  FOG


RELATIVE HUMIDITY (PERCENT)
 HIGHEST    93           600 AM
 LOWEST     45           200 PM
 AVERAGE    69

..........................................................


THE NORTH CHARLESTON SC CLIMATE NORMALS FOR TODAY
                         NORMAL    RECORD    YEAR
 MAXIMUM TEMPERATURE (F)   72        85      2007
 MINIMUM TEMPERATURE (F)   49        32      1969


SUNRISE AND SUNSET
MARCH 28 2017.........SUNRISE   713 AM EDT   SUNSET   738 PM EDT
MARCH 29 2017.........SUNRISE   712 AM EDT   SUNSET   738 PM EDT


-  INDICATES NEGATIVE NUMBERS.
R  INDICATES RECORD WAS SET OR TIED.
MM INDICATES DATA IS MISSING.
T  INDICATES TRACE AMOUNT.




$$
