000
CDUS42 KCHS 012109
CLICHS


CLIMATE REPORT
NATIONAL WEATHER SERVICE CHARLESTON SC
508 PM EDT TUE SEP 1 2015


...................................

...THE NORTH CHARLESTON SC CLIMATE SUMMARY FOR SEPTEMBER 1 2015...
VALID TODAY AS OF 0500 PM LOCAL TIME.

CLIMATE NORMAL PERIOD 1981 TO 2010
CLIMATE RECORD PERIOD 1938 TO 2015


WEATHER ITEM   OBSERVED TIME   RECORD YEAR NORMAL DEPARTURE LAST
                VALUE   (LST)  VALUE       VALUE  FROM      YEAR
                                                  NORMAL
..................................................................
TEMPERATURE (F)
 TODAY
  MAXIMUM         89    302 PM  95    2014  88      1       95
                                      1944
  MINIMUM         71    601 AM  56    1999  71      0       77
  AVERAGE         80                        79      1       86

PRECIPITATION (IN)
  TODAY            0.00          2.76 1948   0.24  -0.24      T
  MONTH TO DATE    0.00                      0.24  -0.24      T
  SINCE SEP 1      0.00                      0.24  -0.24      T
  SINCE JAN 1     41.85                     35.88   5.97    35.33

SNOWFALL (IN)
  TODAY            0.0                       0.0    0.0
  SINCE SEP 1      0.0                       0.0    0.0
  SINCE JUL 1      0.0                       0.0    0.0

DEGREE DAYS
 HEATING
  TODAY            0                         0      0        0
  MONTH TO DATE    0                         0      0        0
  SINCE SEP 1      0                         0      0        0
  SINCE JUL 1      0                         0      0        0

 COOLING
  TODAY           15                        14      1       21
  MONTH TO DATE   15                        14      1       21
  SINCE SEP 1     15                        14      1       21
  SINCE JAN 1   2062                      1819    243     2183
..................................................................


WIND (MPH)
  HIGHEST WIND SPEED    14   HIGHEST WIND DIRECTION     S (170)
  HIGHEST GUST SPEED    17   HIGHEST GUST DIRECTION     S (170)
  AVERAGE WIND SPEED     3.6


SKY COVER
  POSSIBLE SUNSHINE  MM
  AVERAGE SKY COVER 0.4


WEATHER CONDITIONS
 THE FOLLOWING WEATHER WAS RECORDED TODAY.
  NO SIGNIFICANT WEATHER WAS OBSERVED.


RELATIVE HUMIDITY (PERCENT)
 HIGHEST    93          1200 AM
 LOWEST     47           200 PM
 AVERAGE    70

..........................................................


THE NORTH CHARLESTON SC CLIMATE NORMALS FOR TOMORROW
                         NORMAL    RECORD    YEAR
 MAXIMUM TEMPERATURE (F)   88        97      1944
 MINIMUM TEMPERATURE (F)   71        57      1967
                                             1946


SUNRISE AND SUNSET
SEPTEMBER  1 2015.....SUNRISE   655 AM EDT   SUNSET   745 PM EDT
SEPTEMBER  2 2015.....SUNRISE   655 AM EDT   SUNSET   744 PM EDT


-  INDICATES NEGATIVE NUMBERS.
R  INDICATES RECORD WAS SET OR TIED.
MM INDICATES DATA IS MISSING.
T  INDICATES TRACE AMOUNT.




$$
