000
CDUS42 KCHS 270604
CLICHS


CLIMATE REPORT
NATIONAL WEATHER SERVICE CHARLESTON SC
204 AM EDT TUE SEP 27 2016


...................................

...THE NORTH CHARLESTON SC CLIMATE SUMMARY FOR SEPTEMBER 26 2016...

CLIMATE NORMAL PERIOD 1981 TO 2010
CLIMATE RECORD PERIOD 1938 TO 2016


WEATHER ITEM   OBSERVED TIME   RECORD YEAR NORMAL DEPARTURE LAST
                VALUE   (LST)  VALUE       VALUE  FROM      YEAR
                                                  NORMAL
..................................................................
TEMPERATURE (F)
 YESTERDAY
  MAXIMUM         82   1107 AM  93    1986  82      0       80
                                      1961
  MINIMUM         73    231 PM  49    1940  64      9       71
  AVERAGE         78                        73      5       76

PRECIPITATION (IN)
  YESTERDAY        0.85          2.61 1953   0.17   0.68      T
  MONTH TO DATE   12.05                      5.41   6.64     2.28
  SINCE SEP 1     12.05                      5.41   6.64     2.28
  SINCE JAN 1     44.04                     41.05   2.99    44.13

DEGREE DAYS
 HEATING
  YESTERDAY        0                         0      0        0
  MONTH TO DATE    0                         0      0        0
  SINCE SEP 1      0                         0      0        0
  SINCE JUL 1      0                         0      0        0

 COOLING
  YESTERDAY       13                         8      5       11
  MONTH TO DATE  391                       302     89      328
  SINCE SEP 1    391                       302     89      328
  SINCE JAN 1   2666                      2107    559     2375
..................................................................


WIND (MPH)
  HIGHEST WIND SPEED    20   HIGHEST WIND DIRECTION     E (100)
  HIGHEST GUST SPEED    29   HIGHEST GUST DIRECTION     E (100)
  AVERAGE WIND SPEED     5.6


SKY COVER
  POSSIBLE SUNSHINE  MM
  AVERAGE SKY COVER 0.7


WEATHER CONDITIONS
 THE FOLLOWING WEATHER WAS RECORDED YESTERDAY.
  THUNDERSTORM
  HEAVY RAIN
  RAIN
  LIGHT RAIN
  FOG


RELATIVE HUMIDITY (PERCENT)
 HIGHEST    94           800 PM
 LOWEST     69          1100 AM
 AVERAGE    82

..........................................................


THE NORTH CHARLESTON SC CLIMATE NORMALS FOR TODAY
                         NORMAL    RECORD    YEAR
 MAXIMUM TEMPERATURE (F)   82        94      1986
 MINIMUM TEMPERATURE (F)   64        49      1940


SUNRISE AND SUNSET
SEPTEMBER 27 2016.....SUNRISE   712 AM EDT   SUNSET   709 PM EDT
SEPTEMBER 28 2016.....SUNRISE   713 AM EDT   SUNSET   708 PM EDT


-  INDICATES NEGATIVE NUMBERS.
R  INDICATES RECORD WAS SET OR TIED.
MM INDICATES DATA IS MISSING.
T  INDICATES TRACE AMOUNT.




$$
