000
CDUS42 KCHS 252103
CLICHS


CLIMATE REPORT
NATIONAL WEATHER SERVICE CHARLESTON SC
503 PM EDT MON SEP 25 2017


...................................

...THE NORTH CHARLESTON SC CLIMATE SUMMARY FOR SEPTEMBER 25 2017...
VALID TODAY AS OF 0500 PM LOCAL TIME.

CLIMATE NORMAL PERIOD 1981 TO 2010
CLIMATE RECORD PERIOD 1938 TO 2017


WEATHER ITEM   OBSERVED TIME   RECORD YEAR NORMAL DEPARTURE LAST
                VALUE   (LST)  VALUE       VALUE  FROM      YEAR
                                                  NORMAL
..................................................................
TEMPERATURE (F)
 TODAY
  MAXIMUM         84    248 PM  94    1980  83      1       88
  MINIMUM         69    619 AM  51    1990  65      4       71
                                      1981
  AVERAGE         77                        74      3       80

PRECIPITATION (IN)
  TODAY            0.00          3.86 1956   0.17  -0.17     0.00
  MONTH TO DATE    6.66                      5.24   1.42    11.20
  SINCE SEP 1      6.66                      5.24   1.42    11.20
  SINCE JAN 1     45.10                     40.88   4.22    43.19

SNOWFALL (IN)
  TODAY            0.0                       0.0    0.0
  SINCE SEP 1      0.0                       0.0    0.0
  SINCE JUL 1      T                         0.0    0.0

DEGREE DAYS
 HEATING
  TODAY            0                         0      0        0
  MONTH TO DATE    0                         0      0        0
  SINCE SEP 1      0                         0      0        0
  SINCE JUL 1      0                         0      0        0

 COOLING
  TODAY           12                         9      3       15
  MONTH TO DATE  309                       294     15      378
  SINCE SEP 1    309                       294     15      378
  SINCE JAN 1   2351                      2099    252     2653
..................................................................


WIND (MPH)
  HIGHEST WIND SPEED    15   HIGHEST WIND DIRECTION     N (10)
  HIGHEST GUST SPEED    18   HIGHEST GUST DIRECTION     N (10)
  AVERAGE WIND SPEED     8.1


SKY COVER
  POSSIBLE SUNSHINE  MM
  AVERAGE SKY COVER 0.7


WEATHER CONDITIONS
 THE FOLLOWING WEATHER WAS RECORDED TODAY.
  NO SIGNIFICANT WEATHER WAS OBSERVED.


RELATIVE HUMIDITY (PERCENT)
 HIGHEST    90           100 AM
 LOWEST     65           300 PM
 AVERAGE    78

..........................................................


THE NORTH CHARLESTON SC CLIMATE NORMALS FOR TOMORROW
                         NORMAL    RECORD    YEAR
 MAXIMUM TEMPERATURE (F)   82        93      1986
                                             1961
 MINIMUM TEMPERATURE (F)   64        49      1940


SUNRISE AND SUNSET
SEPTEMBER 25 2017.....SUNRISE   710 AM EDT   SUNSET   712 PM EDT
SEPTEMBER 26 2017.....SUNRISE   711 AM EDT   SUNSET   711 PM EDT


-  INDICATES NEGATIVE NUMBERS.
R  INDICATES RECORD WAS SET OR TIED.
MM INDICATES DATA IS MISSING.
T  INDICATES TRACE AMOUNT.




$$
