000
CDUS42 KCHS 200637
CLICHS


CLIMATE REPORT
NATIONAL WEATHER SERVICE CHARLESTON SC
136 AM EST TUE FEB 20 2018


...................................

...THE NORTH CHARLESTON SC CLIMATE SUMMARY FOR FEBRUARY 19 2018...

CLIMATE NORMAL PERIOD 1981 TO 2010
CLIMATE RECORD PERIOD 1938 TO 2018


WEATHER ITEM   OBSERVED TIME   RECORD YEAR NORMAL DEPARTURE LAST
                VALUE   (LST)  VALUE       VALUE  FROM      YEAR
                                                  NORMAL
..................................................................
TEMPERATURE (F)
 YESTERDAY
  MAXIMUM         79    433 PM  83    2014  64     15       76
                                      1956
  MINIMUM         57    143 AM  20    1958  41     16       47
  AVERAGE         68                        52     16       62

PRECIPITATION (IN)
  YESTERDAY        0.01          1.26 2012   0.11  -0.10     0.00
  MONTH TO DATE    1.26                      2.01  -0.75     0.40
  SINCE DEC 1      6.53                      8.83  -2.30     8.96
  SINCE JAN 1      4.02                      5.72  -1.70     4.18

SNOWFALL (IN)
  YESTERDAY        0.0                       0.0    0.0
  SINCE DEC 1      5.3                       0.4    4.9
  SINCE JUL 1      5.3                       0.4    4.9

DEGREE DAYS
 HEATING
  YESTERDAY        0                        13    -13        3
  MONTH TO DATE  123                       272   -149      147
  SINCE DEC 1   1147                      1239    -92      727
  SINCE JUL 1   1433                      1531    -98      945

 COOLING
  YESTERDAY        3                         0      3        0
  MONTH TO DATE   20                         0     20        4
  SINCE DEC 1     26                         9     17       26
  SINCE JAN 1     23                         2     21       19
..................................................................


WIND (MPH)
  HIGHEST WIND SPEED    15   HIGHEST WIND DIRECTION     S (180)
  HIGHEST GUST SPEED    19   HIGHEST GUST DIRECTION     S (180)
  AVERAGE WIND SPEED     5.7


SKY COVER
  POSSIBLE SUNSHINE  MM
  AVERAGE SKY COVER 0.7


WEATHER CONDITIONS
 THE FOLLOWING WEATHER WAS RECORDED YESTERDAY.
  RAIN
  LIGHT RAIN
  FOG
  FOG W/VISIBILITY <= 1/4 MILE


RELATIVE HUMIDITY (PERCENT)
 HIGHEST   100           800 AM
 LOWEST     62           200 PM
 AVERAGE    81

..........................................................


THE NORTH CHARLESTON SC CLIMATE NORMALS FOR TODAY
                         NORMAL    RECORD    YEAR
 MAXIMUM TEMPERATURE (F)   64        82      1991
 MINIMUM TEMPERATURE (F)   42        18      2015


SUNRISE AND SUNSET
FEBRUARY 20 2018......SUNRISE   658 AM EST   SUNSET   610 PM EST
FEBRUARY 21 2018......SUNRISE   657 AM EST   SUNSET   611 PM EST


-  INDICATES NEGATIVE NUMBERS.
R  INDICATES RECORD WAS SET OR TIED.
MM INDICATES DATA IS MISSING.
T  INDICATES TRACE AMOUNT.




$$
