000
CDUS43 KDVN 252121
CLICID


CLIMATE REPORT
NATIONAL WEATHER SERVICE QUAD CITIES IA IL
420 PM CDT SUN SEP 25 2016


...................................

...THE CEDAR RAPIDS IA CLIMATE SUMMARY FOR SEPTEMBER 25 2016...
VALID TODAY AS OF 0400 PM LOCAL TIME.

CLIMATE NORMAL PERIOD 1981 TO 2010
CLIMATE RECORD PERIOD 1891 TO 2016


WEATHER ITEM   OBSERVED TIME   RECORD YEAR NORMAL DEPARTURE LAST
                VALUE   (LST)  VALUE       VALUE  FROM      YEAR
                                                  NORMAL
..................................................................
TEMPERATURE (F)
 TODAY
  MAXIMUM         77   1023 AM  93    1920  71      6       79
  MINIMUM         66    524 AM  29    1928  47     19       57
  AVERAGE         72                        59     13       68

PRECIPITATION (IN)
  TODAY            0.00         MM      MM   0.10  -0.10     0.00
                                      2000
  MONTH TO DATE    6.92                      2.70   4.22     4.35
  SINCE SEP 1      6.92                      2.70   4.22     4.35
  SINCE JAN 1     35.45                     28.00   7.45    30.00

DEGREE DAYS
 HEATING
  TODAY            0                         7     -7        0
  MONTH TO DATE    4                        96    -92       34
  SINCE SEP 1      4                        96    -92       34
  SINCE JUL 1      8                       115   -107       62

 COOLING
  TODAY            7                         1      6        3
  MONTH TO DATE  141                        67     74      144
  SINCE SEP 1    141                        67     74      144
  SINCE JAN 1    952                       735    217      704
..................................................................


WIND (MPH)
  HIGHEST WIND SPEED    20   HIGHEST WIND DIRECTION     W (270)
  HIGHEST GUST SPEED    24   HIGHEST GUST DIRECTION     W (270)
  AVERAGE WIND SPEED     9.4


SKY COVER
  POSSIBLE SUNSHINE  MM
  AVERAGE SKY COVER 0.4


WEATHER CONDITIONS
 THE FOLLOWING WEATHER WAS RECORDED TODAY.
  FOG


RELATIVE HUMIDITY (PERCENT)
 HIGHEST   100          1200 AM
 LOWEST     68           300 PM
 AVERAGE    84

..........................................................


THE CEDAR RAPIDS IA CLIMATE NORMALS FOR TOMORROW
                         NORMAL    RECORD    YEAR
 MAXIMUM TEMPERATURE (F)   70        87      1998
 MINIMUM TEMPERATURE (F)   46        24      1926


SUNRISE AND SUNSET
SEPTEMBER 25 2016.....SUNRISE   658 AM CDT   SUNSET   658 PM CDT
SEPTEMBER 26 2016.....SUNRISE   659 AM CDT   SUNSET   656 PM CDT


-  INDICATES NEGATIVE NUMBERS.
R  INDICATES RECORD WAS SET OR TIED.
MM INDICATES DATA IS MISSING.
T  INDICATES TRACE AMOUNT.




$$
