000
CDUS43 KDVN 010949
CLICID


CLIMATE REPORT
NATIONAL WEATHER SERVICE QUAD CITIES IA IL
440 AM CDT WED JUL 1 2015


...................................

...THE CEDAR RAPIDS IA CLIMATE SUMMARY FOR JUNE 30 2015...

CLIMATE NORMAL PERIOD 1981 TO 2010
CLIMATE RECORD PERIOD 1891 TO 2015


WEATHER ITEM   OBSERVED TIME   RECORD YEAR NORMAL DEPARTURE LAST
                VALUE   (LST)  VALUE       VALUE  FROM      YEAR
                                                  NORMAL
..................................................................
TEMPERATURE (F)
 YESTERDAY
  MAXIMUM         81    204 PM 103    1931  83     -2       83
  MINIMUM         59    350 AM  43    1943  62     -3       61
  AVERAGE         70                        73     -3       72

PRECIPITATION (IN)
  YESTERDAY        0.00         MM      MM   0.17  -0.17     1.80
  MONTH TO DATE    8.85                      4.92   3.93    13.29
  SINCE JUN 1      8.85                      4.92   3.93    13.29
  SINCE JAN 1     18.05                     16.36   1.69    24.53

DEGREE DAYS
 HEATING
  YESTERDAY        0                         0      0        0
  MONTH TO DATE    9                        29    -20        5
  SINCE JUN 1      9                        29    -20        5
  SINCE JUL 1   6966                      6866    100     7820

 COOLING
  YESTERDAY        5                         8     -3        7
  MONTH TO DATE  145                       166    -21      183
  SINCE JUN 1    145                       166    -21      183
  SINCE JAN 1    195                       215    -20      263
..................................................................


WIND (MPH)
  HIGHEST WIND SPEED    14   HIGHEST WIND DIRECTION    NE (40)
  HIGHEST GUST SPEED    25   HIGHEST GUST DIRECTION     E (110)
  AVERAGE WIND SPEED     5.8


SKY COVER
  POSSIBLE SUNSHINE  MM
  AVERAGE SKY COVER 0.1


WEATHER CONDITIONS
 THE FOLLOWING WEATHER WAS RECORDED YESTERDAY.
  FOG
  HAZE


RELATIVE HUMIDITY (PERCENT)
 HIGHEST   100          1200 AM
 LOWEST     58           200 PM
 AVERAGE    79

..........................................................


THE CEDAR RAPIDS IA CLIMATE NORMALS FOR TODAY
                         NORMAL    RECORD    YEAR
 MAXIMUM TEMPERATURE (F)   83       102      1931
 MINIMUM TEMPERATURE (F)   62        43      1924


SUNRISE AND SUNSET
JULY  1 2015..........SUNRISE   535 AM CDT   SUNSET   846 PM CDT
JULY  2 2015..........SUNRISE   536 AM CDT   SUNSET   846 PM CDT


-  INDICATES NEGATIVE NUMBERS.
R  INDICATES RECORD WAS SET OR TIED.
MM INDICATES DATA IS MISSING.
T  INDICATES TRACE AMOUNT.




$$

HAASE
