000
CDUS43 KDVN 040920
CLICID


CLIMATE REPORT
NATIONAL WEATHER SERVICE QUAD CITIES IA IL
418 AM CDT WED MAY 4 2016


...................................

...THE CEDAR RAPIDS IA CLIMATE SUMMARY FOR MAY 3 2016...

CLIMATE NORMAL PERIOD 1981 TO 2010
CLIMATE RECORD PERIOD 1891 TO 2016


WEATHER ITEM   OBSERVED TIME   RECORD YEAR NORMAL DEPARTURE LAST
                VALUE   (LST)  VALUE       VALUE  FROM      YEAR
                                                  NORMAL
..................................................................
TEMPERATURE (F)
 YESTERDAY
  MAXIMUM         68    325 PM  90    1949  67      1       82
  MINIMUM         41    554 AM  25    2005  44     -3       MM
  AVERAGE         55                        56     -1       MM

PRECIPITATION (IN)
  YESTERDAY        0.07         MM      MM   0.14  -0.07     0.27
  MONTH TO DATE    0.29                      0.40  -0.11     0.27
  SINCE MAR 1      5.05                      5.55  -0.50     4.51
  SINCE JAN 1      5.65                      7.69  -2.04     5.84

DEGREE DAYS
 HEATING
  YESTERDAY       10                        10      0       MM
  MONTH TO DATE   43                        30     13       MM
  SINCE MAR 1   1194                      1392   -198     1291
  SINCE JUL 1   5505                      6675  -1170     6818

 COOLING
  YESTERDAY        0                         0      0       MM
  MONTH TO DATE    0                         0      0       MM
  SINCE MAR 1      3                         7     -4        0
  SINCE JAN 1      3                         7     -4        0
..................................................................


WIND (MPH)
  HIGHEST WIND SPEED    24   HIGHEST WIND DIRECTION     W (260)
  HIGHEST GUST SPEED    30   HIGHEST GUST DIRECTION     W (260)
  AVERAGE WIND SPEED    11.7


SKY COVER
  POSSIBLE SUNSHINE  MM
  AVERAGE SKY COVER 0.4


WEATHER CONDITIONS
 THE FOLLOWING WEATHER WAS RECORDED YESTERDAY.
  THUNDERSTORM
  HEAVY RAIN


RELATIVE HUMIDITY (PERCENT)
 HIGHEST    96           100 AM
 LOWEST     44           200 PM
 AVERAGE    70

..........................................................


THE CEDAR RAPIDS IA CLIMATE NORMALS FOR TODAY
                         NORMAL    RECORD    YEAR
 MAXIMUM TEMPERATURE (F)   68        92      1918
 MINIMUM TEMPERATURE (F)   45        27      2011
                                             1935


SUNRISE AND SUNSET
MAY  4 2016...........SUNRISE   558 AM CDT   SUNSET   809 PM CDT
MAY  5 2016...........SUNRISE   557 AM CDT   SUNSET   810 PM CDT


-  INDICATES NEGATIVE NUMBERS.
R  INDICATES RECORD WAS SET OR TIED.
MM INDICATES DATA IS MISSING.
T  INDICATES TRACE AMOUNT.




$$
