687
CDUS43 KDVN 300931
CLICID


CLIMATE REPORT
NATIONAL WEATHER SERVICE QUAD CITIES IA IL
429 AM CDT SUN APR 30 2017


...................................

...THE CEDAR RAPIDS IA CLIMATE SUMMARY FOR APRIL 29 2017...

CLIMATE NORMAL PERIOD 1981 TO 2010
CLIMATE RECORD PERIOD 1891 TO 2017


WEATHER ITEM   OBSERVED TIME   RECORD YEAR NORMAL DEPARTURE LAST
                VALUE   (LST)  VALUE       VALUE  FROM      YEAR
                                                  NORMAL
..................................................................
TEMPERATURE (F)
 YESTERDAY
  MAXIMUM         46   1023 AM  91    1952  66    -20       51
  MINIMUM         39   1150 PM  24    1958  43     -4       43
  AVERAGE         43                        54    -11       47

PRECIPITATION (IN)
  YESTERDAY        0.19         MM      MM   0.13   0.06     0.00
  MONTH TO DATE    3.69                      2.93   0.76     2.31
  SINCE MAR 1      5.94                      5.03   0.91     4.11
  SINCE JAN 1      8.11                      7.17   0.94     4.71

DEGREE DAYS
 HEATING
  YESTERDAY       22                        11     11       18
  MONTH TO DATE  357                       471   -114      441
  SINCE MAR 1   1213                      1352   -139     1133
  SINCE JUL 1   5489                      6635  -1146     5444

 COOLING
  YESTERDAY        0                         0      0        0
  MONTH TO DATE    9                         0      9        3
  SINCE MAR 1      9                         0      9        3
  SINCE JAN 1      9                         0      9        3
..................................................................


WIND (MPH)
  HIGHEST WIND SPEED    37   HIGHEST WIND DIRECTION    NE (60)
  HIGHEST GUST SPEED    45   HIGHEST GUST DIRECTION    NE (60)
  AVERAGE WIND SPEED    17.6


SKY COVER
  POSSIBLE SUNSHINE  MM
  AVERAGE SKY COVER 1.0


WEATHER CONDITIONS
 THE FOLLOWING WEATHER WAS RECORDED YESTERDAY.
  LIGHT RAIN
  FOG


RELATIVE HUMIDITY (PERCENT)
 HIGHEST   100          1000 PM
 LOWEST     65           900 AM
 AVERAGE    83

..........................................................


THE CEDAR RAPIDS IA CLIMATE NORMALS FOR TODAY
                         NORMAL    RECORD    YEAR
 MAXIMUM TEMPERATURE (F)   66        90      1952
 MINIMUM TEMPERATURE (F)   43        27      2005


SUNRISE AND SUNSET
APRIL 30 2017.........SUNRISE   604 AM CDT   SUNSET   805 PM CDT
MAY  1 2017...........SUNRISE   603 AM CDT   SUNSET   806 PM CDT


-  INDICATES NEGATIVE NUMBERS.
R  INDICATES RECORD WAS SET OR TIED.
MM INDICATES DATA IS MISSING.
T  INDICATES TRACE AMOUNT.




$$
