000
CDUS43 KDVN 252126
CLICID


CLIMATE REPORT
NATIONAL WEATHER SERVICE QUAD CITIES IA IL
424 PM CDT MON MAY 25 2015


...................................

...THE CEDAR RAPIDS IA CLIMATE SUMMARY FOR MAY 25 2015...
VALID TODAY AS OF 0400 PM LOCAL TIME.

CLIMATE NORMAL PERIOD 1981 TO 2010
CLIMATE RECORD PERIOD 1891 TO 2015


WEATHER ITEM   OBSERVED TIME   RECORD YEAR NORMAL DEPARTURE LAST
                VALUE   (LST)  VALUE       VALUE  FROM      YEAR
                                                  NORMAL
..................................................................
TEMPERATURE (F)
 TODAY
  MAXIMUM         79    241 PM  95    1911  74      5       78
  MINIMUM         63    759 AM  28    1925  52     11       53
  AVERAGE         71                        63      8       66

PRECIPITATION (IN)
  TODAY            0.07         MM      MM   0.14  -0.07     0.02
  MONTH TO DATE    2.86                      3.32  -0.46     2.12
  SINCE MAR 1      7.10                      8.47  -1.37     9.38
  SINCE JAN 1      8.43                     10.61  -2.18    11.13

DEGREE DAYS
 HEATING
  TODAY            0                         4     -4        0
  MONTH TO DATE  123                       173    -50      189
  SINCE MAR 1   1414                      1535   -121     1776
  SINCE JUL 1   6941                      6818    123     7815

 COOLING
  TODAY            6                         2      4        1
  MONTH TO DATE   33                        27      6       26
  SINCE MAR 1     33                        34     -1       33
  SINCE JAN 1     33                        34     -1       33
..................................................................


WIND (MPH)
  HIGHEST WIND SPEED    25   HIGHEST WIND DIRECTION     S (190)
  HIGHEST GUST SPEED    31   HIGHEST GUST DIRECTION     S (190)
  AVERAGE WIND SPEED    15.3


SKY COVER
  POSSIBLE SUNSHINE  MM
  AVERAGE SKY COVER 0.7


WEATHER CONDITIONS
 THE FOLLOWING WEATHER WAS RECORDED TODAY.
  LIGHT RAIN
  FOG


RELATIVE HUMIDITY (PERCENT)
 HIGHEST   100           200 AM
 LOWEST     58           300 PM
 AVERAGE    79

..........................................................


THE CEDAR RAPIDS IA CLIMATE NORMALS FOR TOMORROW
                         NORMAL    RECORD    YEAR
 MAXIMUM TEMPERATURE (F)   74        96      1978
 MINIMUM TEMPERATURE (F)   53        29      1925


SUNRISE AND SUNSET
MAY 25 2015...........SUNRISE   538 AM CDT   SUNSET   830 PM CDT
MAY 26 2015...........SUNRISE   538 AM CDT   SUNSET   830 PM CDT


-  INDICATES NEGATIVE NUMBERS.
R  INDICATES RECORD WAS SET OR TIED.
MM INDICATES DATA IS MISSING.
T  INDICATES TRACE AMOUNT.




$$
