000
CDUS43 KDVN 052224
CLICID


CLIMATE REPORT
NATIONAL WEATHER SERVICE QUAD CITIES IA IL
422 PM CST MON DEC 5 2016


...................................

...THE CEDAR RAPIDS IA CLIMATE SUMMARY FOR DECEMBER 5 2016...
VALID TODAY AS OF 0400 PM LOCAL TIME.

CLIMATE NORMAL PERIOD 1981 TO 2010
CLIMATE RECORD PERIOD 1891 TO 2016


WEATHER ITEM   OBSERVED TIME   RECORD YEAR NORMAL DEPARTURE LAST
                VALUE   (LST)  VALUE       VALUE  FROM      YEAR
                                                  NORMAL
..................................................................
TEMPERATURE (F)
 TODAY
  MAXIMUM         34   1213 AM  67    2001  36     -2       48
                                      1975
  MINIMUM         31   1218 PM  -9    2005  18     13       32
  AVERAGE         33                        27      6       40

PRECIPITATION (IN)
  TODAY            0.00         MM      MM   0.05  -0.05     0.00
  MONTH TO DATE    0.47                      0.29   0.18     0.03
  SINCE DEC 1      0.47                      0.29   0.18     0.03
  SINCE JAN 1     41.06                     33.48   7.58    38.68

DEGREE DAYS
 HEATING
  TODAY           32                        38     -6       25
  MONTH TO DATE  154                       186    -32      147
  SINCE DEC 1    154                       186    -32      147
  SINCE JUL 1   1071                      1632   -561     1178

 COOLING
  TODAY            0                         0      0        0
  MONTH TO DATE    0                         0      0        0
  SINCE DEC 1      0                         0      0        0
  SINCE JAN 1    970                       748    222      712
..................................................................


WIND (MPH)
  HIGHEST WIND SPEED    18   HIGHEST WIND DIRECTION     S (160)
  HIGHEST GUST SPEED    24   HIGHEST GUST DIRECTION     S (160)
  AVERAGE WIND SPEED    11.4


SKY COVER
  POSSIBLE SUNSHINE  MM
  AVERAGE SKY COVER 1.0


WEATHER CONDITIONS
 THE FOLLOWING WEATHER WAS RECORDED TODAY.
  FOG
  FOG W/VISIBILITY <= 1/4 MILE


RELATIVE HUMIDITY (PERCENT)
 HIGHEST   100          1200 AM
 LOWEST    100          1200 AM
 AVERAGE   100

..........................................................


THE CEDAR RAPIDS IA CLIMATE NORMALS FOR TOMORROW
                         NORMAL    RECORD    YEAR
 MAXIMUM TEMPERATURE (F)   35        58      1939
 MINIMUM TEMPERATURE (F)   18       -12      2005


SUNRISE AND SUNSET
DECEMBER  5 2016......SUNRISE   719 AM CST   SUNSET   436 PM CST
DECEMBER  6 2016......SUNRISE   720 AM CST   SUNSET   436 PM CST


-  INDICATES NEGATIVE NUMBERS.
R  INDICATES RECORD WAS SET OR TIED.
MM INDICATES DATA IS MISSING.
T  INDICATES TRACE AMOUNT.




$$
