000
CDUS43 KDVN 282126
CLICID


CLIMATE REPORT
NATIONAL WEATHER SERVICE QUAD CITIES IA IL
425 PM CDT MON JUL 28 2014


...................................

...THE CEDAR RAPIDS IA CLIMATE SUMMARY FOR JULY 28 2014...
VALID TODAY AS OF 0400 PM LOCAL TIME.

CLIMATE NORMAL PERIOD 1981 TO 2010
CLIMATE RECORD PERIOD 1891 TO 2014


WEATHER ITEM   OBSERVED TIME   RECORD YEAR NORMAL DEPARTURE LAST
                VALUE   (LST)  VALUE       VALUE  FROM      YEAR
                                                  NORMAL
..................................................................
TEMPERATURE (F)
 TODAY
  MAXIMUM         75    153 PM 103    1931  83     -8       70
  MINIMUM         57    507 AM  47    1925  62     -5       51
  AVERAGE         66                        73     -7       61

PRECIPITATION (IN)
  TODAY            0.00         MM      MM   0.13  -0.13     0.00
  MONTH TO DATE    3.57                      4.07  -0.50     2.76
  SINCE JUN 1     16.86                      8.99   7.87     9.08
  SINCE JAN 1     28.10                     20.43   7.67    29.27

DEGREE DAYS
 HEATING
  TODAY            0                         0      0        4
  MONTH TO DATE   19                         0     19        9
  SINCE JUN 1     24                        29     -5       37
  SINCE JUL 1     19                         0     19        9

 COOLING
  TODAY            1                         8     -7        0
  MONTH TO DATE  128                       224    -96      227
  SINCE JUN 1    311                       390    -79      399
  SINCE JAN 1    391                       439    -48      473
..................................................................


WIND (MPH)
  HIGHEST WIND SPEED    16   HIGHEST WIND DIRECTION     N (340)
  HIGHEST GUST SPEED    22   HIGHEST GUST DIRECTION     N (340)
  AVERAGE WIND SPEED    10.8


SKY COVER
  POSSIBLE SUNSHINE  MM
  AVERAGE SKY COVER 0.2


WEATHER CONDITIONS
 THE FOLLOWING WEATHER WAS RECORDED TODAY.
  NO SIGNIFICANT WEATHER WAS OBSERVED.


RELATIVE HUMIDITY (PERCENT)
 HIGHEST    90          1200 AM
 LOWEST     41           200 PM
 AVERAGE    66

..........................................................


THE CEDAR RAPIDS IA CLIMATE NORMALS FOR TOMORROW
                         NORMAL    RECORD    YEAR
 MAXIMUM TEMPERATURE (F)   83       104      1913
 MINIMUM TEMPERATURE (F)   62        44      1925


SUNRISE AND SUNSET
JULY 28 2014..........SUNRISE   557 AM CDT   SUNSET   829 PM CDT
JULY 29 2014..........SUNRISE   558 AM CDT   SUNSET   828 PM CDT


-  INDICATES NEGATIVE NUMBERS.
R  INDICATES RECORD WAS SET OR TIED.
MM INDICATES DATA IS MISSING.
T  INDICATES TRACE AMOUNT.




$$
