178
CDUS43 KDVN 121021
CLICID


CLIMATE REPORT
NATIONAL WEATHER SERVICE QUAD CITIES IA IL
420 AM CST TUE DEC 12 2017


...................................

...THE CEDAR RAPIDS IA CLIMATE SUMMARY FOR DECEMBER 11 2017...

CLIMATE NORMAL PERIOD 1981 TO 2010
CLIMATE RECORD PERIOD 1891 TO 2017


WEATHER ITEM   OBSERVED TIME   RECORD YEAR NORMAL DEPARTURE LAST
                VALUE   (LST)  VALUE       VALUE  FROM      YEAR
                                                  NORMAL
..................................................................
TEMPERATURE (F)
 YESTERDAY
  MAXIMUM         44   1255 PM  63    1949  33     11       31
  MINIMUM         25   1159 PM -13    1976  16      9       20
  AVERAGE         35                        24     11       26

PRECIPITATION (IN)
  YESTERDAY        0.03         MM      MM   0.05  -0.02     0.05
  MONTH TO DATE    0.15                      0.62  -0.47     0.54
  SINCE DEC 1      0.15                      0.62  -0.47     0.54
  SINCE JAN 1     25.63                     33.81  -8.18    41.13

DEGREE DAYS
 HEATING
  YESTERDAY       30                        41    -11       39
  MONTH TO DATE  358                       424    -66      420
  SINCE DEC 1    358                       424    -66      420
  SINCE JUL 1   1616                      1870   -254     1337

 COOLING
  YESTERDAY        0                         0      0        0
  MONTH TO DATE    0                         0      0        0
  SINCE DEC 1      0                         0      0        0
  SINCE JAN 1    747                       748     -1      970
..................................................................


WIND (MPH)
  HIGHEST WIND SPEED    29   HIGHEST WIND DIRECTION     N (340)
  HIGHEST GUST SPEED    37   HIGHEST GUST DIRECTION     N (340)
  AVERAGE WIND SPEED    13.8


SKY COVER
  POSSIBLE SUNSHINE  MM
  AVERAGE SKY COVER 0.6


WEATHER CONDITIONS
 THE FOLLOWING WEATHER WAS RECORDED YESTERDAY.
  LIGHT SNOW
  FOG


RELATIVE HUMIDITY (PERCENT)
 HIGHEST   100           400 PM
 LOWEST     49           100 PM
 AVERAGE    75

..........................................................


THE CEDAR RAPIDS IA CLIMATE NORMALS FOR TODAY
                         NORMAL    RECORD    YEAR
 MAXIMUM TEMPERATURE (F)   33        57      1991
 MINIMUM TEMPERATURE (F)   16       -12      2000


SUNRISE AND SUNSET
DECEMBER 12 2017......SUNRISE   725 AM CST   SUNSET   436 PM CST
DECEMBER 13 2017......SUNRISE   726 AM CST   SUNSET   436 PM CST


-  INDICATES NEGATIVE NUMBERS.
R  INDICATES RECORD WAS SET OR TIED.
MM INDICATES DATA IS MISSING.
T  INDICATES TRACE AMOUNT.




$$
