000
CDUS43 KDVN 290915
CLICID


CLIMATE REPORT
NATIONAL WEATHER SERVICE QUAD CITIES IA IL
413 AM CDT MON AUG 29 2016


...................................

...THE CEDAR RAPIDS IA CLIMATE SUMMARY FOR AUGUST 28 2016...

CLIMATE NORMAL PERIOD 1981 TO 2010
CLIMATE RECORD PERIOD 1891 TO 2016


WEATHER ITEM   OBSERVED TIME   RECORD YEAR NORMAL DEPARTURE LAST
                VALUE   (LST)  VALUE       VALUE  FROM      YEAR
                                                  NORMAL
..................................................................
TEMPERATURE (F)
 YESTERDAY
  MAXIMUM         85    441 PM  96    2013  80      5       69
                                      1955
  MINIMUM         64    325 AM  40    1986  59      5       58
  AVERAGE         75                        69      6       64

PRECIPITATION (IN)
  YESTERDAY        T            MM      MM   0.14  -0.14     0.49
  MONTH TO DATE    7.61                      4.07   3.54     2.02
  SINCE JUN 1     19.80                     13.45   6.35    16.45
  SINCE JAN 1     28.46                     24.89   3.57    25.65

DEGREE DAYS
 HEATING
  YESTERDAY        0                         1     -1        1
  MONTH TO DATE    1                         9     -8       24
  SINCE JUN 1      9                        42    -33       37
  SINCE JUL 1      4                        13     -9       28

 COOLING
  YESTERDAY       10                         5      5        0
  MONTH TO DATE  231                       185     46      134
  SINCE JUN 1    722                       603    119      500
  SINCE JAN 1    782                       652    130      550
..................................................................


WIND (MPH)
  HIGHEST WIND SPEED    22   HIGHEST WIND DIRECTION     E (110)
  HIGHEST GUST SPEED    32   HIGHEST GUST DIRECTION    SE (120)
  AVERAGE WIND SPEED     5.5


SKY COVER
  POSSIBLE SUNSHINE  MM
  AVERAGE SKY COVER 0.1


WEATHER CONDITIONS
 THE FOLLOWING WEATHER WAS RECORDED YESTERDAY.
  LIGHT RAIN
  FOG


RELATIVE HUMIDITY (PERCENT)
 HIGHEST   100          1200 AM
 LOWEST     69           200 PM
 AVERAGE    85

..........................................................


THE CEDAR RAPIDS IA CLIMATE NORMALS FOR TODAY
                         NORMAL    RECORD    YEAR
 MAXIMUM TEMPERATURE (F)   80        97      1925
 MINIMUM TEMPERATURE (F)   58        40      1946


SUNRISE AND SUNSET
AUGUST 29 2016........SUNRISE   630 AM CDT   SUNSET   744 PM CDT
AUGUST 30 2016........SUNRISE   631 AM CDT   SUNSET   743 PM CDT


-  INDICATES NEGATIVE NUMBERS.
R  INDICATES RECORD WAS SET OR TIED.
MM INDICATES DATA IS MISSING.
T  INDICATES TRACE AMOUNT.




$$
