000
CDUS43 KDVN 270909
CLICID


CLIMATE REPORT
NATIONAL WEATHER SERVICE QUAD CITIES IA IL
409 AM CDT WED AUG 27 2014


...................................

...THE CEDAR RAPIDS IA CLIMATE SUMMARY FOR AUGUST 26 2014...

CLIMATE NORMAL PERIOD 1981 TO 2010
CLIMATE RECORD PERIOD 1891 TO 2014


WEATHER ITEM   OBSERVED TIME   RECORD YEAR NORMAL DEPARTURE LAST
                VALUE   (LST)  VALUE       VALUE  FROM      YEAR
                                                  NORMAL
..................................................................
TEMPERATURE (F)
 YESTERDAY
  MAXIMUM         81    239 PM  97    1924  81      0       94
  MINIMUM         65    744 AM  41    1934  59      6       67
  AVERAGE         73                        70      3       81

PRECIPITATION (IN)
  YESTERDAY        0.01         MM      MM   0.14  -0.13     0.00
  MONTH TO DATE    1.14                      3.79  -2.65     0.11
  SINCE JUN 1     18.00                     13.17   4.83     9.21
  SINCE JAN 1     29.24                     24.61   4.63    29.40

DEGREE DAYS
 HEATING
  YESTERDAY        0                         1     -1        0
  MONTH TO DATE    0                         7     -7        6
  SINCE JUN 1     24                        40    -16       47
  SINCE JUL 1     19                        11      8       19

 COOLING
  YESTERDAY        8                         6      2       16
  MONTH TO DATE  183                       175      8      150
  SINCE JUN 1    500                       593    -93      556
  SINCE JAN 1    580                       642    -62      630
..................................................................


WIND (MPH)
  HIGHEST WIND SPEED    23   HIGHEST WIND DIRECTION    NW (300)
  HIGHEST GUST SPEED    28   HIGHEST GUST DIRECTION     W (290)
  AVERAGE WIND SPEED     7.2


SKY COVER
  POSSIBLE SUNSHINE  MM
  AVERAGE SKY COVER 0.1


WEATHER CONDITIONS
 THE FOLLOWING WEATHER WAS RECORDED YESTERDAY.
  THUNDERSTORM
  RAIN
  LIGHT RAIN
  FOG


RELATIVE HUMIDITY (PERCENT)
 HIGHEST    94          1200 AM
 LOWEST     54           200 PM
 AVERAGE    74

..........................................................


THE CEDAR RAPIDS IA CLIMATE NORMALS FOR TODAY
                         NORMAL    RECORD    YEAR
 MAXIMUM TEMPERATURE (F)   80        97      1995
                                             1955
 MINIMUM TEMPERATURE (F)   59        43      1986


SUNRISE AND SUNSET
AUGUST 27 2014........SUNRISE   627 AM CDT   SUNSET   748 PM CDT
AUGUST 28 2014........SUNRISE   628 AM CDT   SUNSET   747 PM CDT


-  INDICATES NEGATIVE NUMBERS.
R  INDICATES RECORD WAS SET OR TIED.
MM INDICATES DATA IS MISSING.
T  INDICATES TRACE AMOUNT.




$$
