000
CDUS41 KCLE 120527
CLICLE


CLIMATE REPORT
NATIONAL WEATHER SERVICE CLEVELAND OH
1226 AM EST FRI FEB 12 2016


...................................

...THE CLEVELAND OH CLIMATE SUMMARY FOR FEBRUARY 11 2016...

CLIMATE NORMAL PERIOD 1981 TO 2010
CLIMATE RECORD PERIOD 1871 TO 2016


WEATHER ITEM   OBSERVED TIME   RECORD YEAR NORMAL DEPARTURE LAST
                VALUE   (LST)  VALUE       VALUE  FROM      YEAR
                                                  NORMAL
..................................................................
TEMPERATURE (F)
 YESTERDAY
  MAXIMUM         18    550 PM  73    1932  37    -19       34
  MINIMUM          8   1130 PM -15    1885  23    -15       12
  AVERAGE         13                        30    -17       23

PRECIPITATION (IN)
  YESTERDAY        0.01                      0.08  -0.07     0.02
  MONTH TO DATE    1.57                      0.88   0.69     1.17
  SINCE DEC 1      5.90                      6.70  -0.80     6.06
  SINCE JAN 1      2.94                      3.60  -0.66     4.11

SNOWFALL (IN)
  YESTERDAY        0.4                       0.5   -0.1       T
  MONTH TO DATE    9.5                       6.0    3.5     12.9
  SINCE DEC 1     17.4                      38.8  -21.4     28.9
  SINCE JUL 1     18.3                      43.3  -25.0     48.3
  SNOW DEPTH       6

DEGREE DAYS
 HEATING
  YESTERDAY       52                        35     17       42
  MONTH TO DATE  351                       394    -43      461
  SINCE DEC 1   2137                      2551   -414     2663
  SINCE JUL 1   3002                      3646   -644     3997

 COOLING
  YESTERDAY        0                         0      0        0
  MONTH TO DATE    0                         0      0        0
  SINCE DEC 1      0                         0      0        0
  SINCE JAN 1      0                         0      0        0
..................................................................


WIND (MPH)
  HIGHEST WIND SPEED    22   HIGHEST WIND DIRECTION    NW (310)
  HIGHEST GUST SPEED    30   HIGHEST GUST DIRECTION    NW (330)
  AVERAGE WIND SPEED    11.8


SKY COVER
  POSSIBLE SUNSHINE  MM
  AVERAGE SKY COVER 0.9


WEATHER CONDITIONS
 THE FOLLOWING WEATHER WAS RECORDED YESTERDAY.
  SNOW
  LIGHT SNOW
  HAZE
  BLOWING SNOW


RELATIVE HUMIDITY (PERCENT)
 HIGHEST    80           200 PM
 LOWEST     49          1100 AM
 AVERAGE    65

..........................................................


THE CLEVELAND OH CLIMATE NORMALS FOR TODAY
                         NORMAL    RECORD    YEAR
 MAXIMUM TEMPERATURE (F)   37        68      1999
 MINIMUM TEMPERATURE (F)   23        -8      1917
                                             1875


SUNRISE AND SUNSET
FEBRUARY 12 2016......SUNRISE   727 AM EST   SUNSET   557 PM EST
FEBRUARY 13 2016......SUNRISE   726 AM EST   SUNSET   558 PM EST


-  INDICATES NEGATIVE NUMBERS.
R  INDICATES RECORD WAS SET OR TIED.
MM INDICATES DATA IS MISSING.
T  INDICATES TRACE AMOUNT.




$$
