000
CDUS44 KHGX 250717
CLICLL


CLIMATE REPORT
NATIONAL WEATHER SERVICE HOUSTON/GALVESTON TX
216 AM CDT THU AUG 25 2016


...................................

...THE COLLEGE STATION CLIMATE SUMMARY FOR AUGUST 24 2016...

CLIMATE NORMAL PERIOD 1981 TO 2010
CLIMATE RECORD PERIOD 1902 TO 2016


WEATHER ITEM   OBSERVED TIME   RECORD YEAR NORMAL DEPARTURE LAST
                VALUE   (LST)  VALUE       VALUE  FROM      YEAR
                                                  NORMAL
..................................................................
TEMPERATURE (F)
 YESTERDAY
  MAXIMUM         94    334 PM 107    2010  96     -2       99
  MINIMUM         74    559 AM  61    1923  74      0       76
  AVERAGE         84                        85     -1       88

PRECIPITATION (IN)
  YESTERDAY        0.00          1.05 1966   0.10  -0.10     0.00
  MONTH TO DATE    8.12                      1.94   6.18     0.20
  SINCE JUN 1     10.94                      8.53   2.41     5.72
  SINCE JAN 1     36.34                     24.78  11.56    33.49

SNOWFALL (IN)
  YESTERDAY        0.0
  MONTH TO DATE    0.0
  SINCE JUL 1      0.0

DEGREE DAYS
 HEATING
  YESTERDAY        0                         0      0        0
  MONTH TO DATE    0                         0      0        0
  SINCE JUN 1      0                         0      0        0
  SINCE JUL 1      0                         0      0        0

 COOLING
  YESTERDAY       19                        20     -1       23
  MONTH TO DATE  476                       498    -22      533
  SINCE JUN 1   1690                      1625     65     1668
  SINCE JAN 1   2246                      2213     33     2239
..................................................................


WIND (MPH)
  HIGHEST WIND SPEED    15   HIGHEST WIND DIRECTION    SE (120)
  HIGHEST GUST SPEED    20   HIGHEST GUST DIRECTION    SE (130)
  AVERAGE WIND SPEED     6.9


SKY COVER
  AVERAGE SKY COVER 0.2


WEATHER CONDITIONS
 THE FOLLOWING WEATHER WAS RECORDED YESTERDAY.
  FOG


RELATIVE HUMIDITY (PERCENT)
 HIGHEST   100           600 AM
 LOWEST     46           400 PM
 AVERAGE    73

..........................................................


THE COLLEGE STATION CLIMATE NORMALS FOR TODAY
                         NORMAL    RECORD    YEAR
 MAXIMUM TEMPERATURE (F)   96       103      2001
 MINIMUM TEMPERATURE (F)   74        59      1923


SUNRISE AND SUNSET
AUGUST 25 2016........SUNRISE   658 AM CDT   SUNSET   756 PM CDT
AUGUST 26 2016........SUNRISE   659 AM CDT   SUNSET   755 PM CDT


-  INDICATES NEGATIVE NUMBERS.
R  INDICATES RECORD WAS SET OR TIED.
MM INDICATES DATA IS MISSING.
T  INDICATES TRACE AMOUNT.




$$
