000
CDUS44 KHGX 280722
CLICLL


CLIMATE REPORT
NATIONAL WEATHER SERVICE HOUSTON/GALVESTON TX
221 AM CDT THU MAY 28 2015


...................................

...THE COLLEGE STATION CLIMATE SUMMARY FOR MAY 27 2015...

CLIMATE NORMAL PERIOD 1981 TO 2010
CLIMATE RECORD PERIOD 1902 TO 2015


WEATHER ITEM   OBSERVED TIME   RECORD YEAR NORMAL DEPARTURE LAST
                VALUE   (LST)  VALUE       VALUE  FROM      YEAR
                                                  NORMAL
..................................................................
TEMPERATURE (F)
 YESTERDAY
  MAXIMUM         86    217 PM  98    2011  88     -2       72
                                      1958
  MINIMUM         65    314 AM  54    1934  69     -4       63
  AVERAGE         76                        79     -3       68

PRECIPITATION (IN)
  YESTERDAY        0.55          2.84 2014   0.15   0.40     2.84
  MONTH TO DATE    9.16                      3.75   5.41     8.76
  SINCE MAR 1     19.79                      9.58  10.21    11.60
  SINCE JAN 1     27.20                     15.67  11.53    13.78

SNOWFALL (IN)
  YESTERDAY        0.0
  MONTH TO DATE    0.0
  SINCE JUL 1      T

DEGREE DAYS
 HEATING
  YESTERDAY        0                         0      0        0
  MONTH TO DATE    0                         0      0        8
  SINCE MAR 1    227                       219      8      340
  SINCE JUL 1   1768                      1606    162     2064

 COOLING
  YESTERDAY       11                        14     -3        3
  MONTH TO DATE  280                       293    -13      228
  SINCE MAR 1    518                       504     14      415
  SINCE JAN 1    519                       532    -13      436
..................................................................


WIND (MPH)
  HIGHEST WIND SPEED    26   HIGHEST WIND DIRECTION     N (360)
  HIGHEST GUST SPEED    34   HIGHEST GUST DIRECTION     N (360)
  AVERAGE WIND SPEED     9.2


SKY COVER
  AVERAGE SKY COVER 0.3


WEATHER CONDITIONS
 THE FOLLOWING WEATHER WAS RECORDED YESTERDAY.
  THUNDERSTORM
  HEAVY RAIN
  RAIN
  LIGHT RAIN
  FOG


RELATIVE HUMIDITY (PERCENT)
 HIGHEST    94           100 AM
 LOWEST     61           200 PM
 AVERAGE    78

..........................................................


THE COLLEGE STATION CLIMATE NORMALS FOR TODAY
                         NORMAL    RECORD    YEAR
 MAXIMUM TEMPERATURE (F)   89        98      2011
                                             1958
 MINIMUM TEMPERATURE (F)   70        53      1961


SUNRISE AND SUNSET
MAY 28 2015...........SUNRISE   625 AM CDT   SUNSET   821 PM CDT
MAY 29 2015...........SUNRISE   624 AM CDT   SUNSET   822 PM CDT


-  INDICATES NEGATIVE NUMBERS.
R  INDICATES RECORD WAS SET OR TIED.
MM INDICATES DATA IS MISSING.
T  INDICATES TRACE AMOUNT.




$$
