000
CDUS44 KHGX 200817
CLICLL


CLIMATE REPORT
NATIONAL WEATHER SERVICE HOUSTON/GALVESTON TX
216 AM CST THU NOV 20 2014


...................................

...THE COLLEGE STATION CLIMATE SUMMARY FOR NOVEMBER 19 2014...

CLIMATE NORMAL PERIOD 1981 TO 2010
CLIMATE RECORD PERIOD 1902 TO 2014


WEATHER ITEM   OBSERVED TIME   RECORD YEAR NORMAL DEPARTURE LAST
                VALUE   (LST)  VALUE       VALUE  FROM      YEAR
                                                  NORMAL
..................................................................
TEMPERATURE (F)
 YESTERDAY
  MAXIMUM         67    411 PM  86    1950  70     -3       70
  MINIMUM         34   1212 AM  29    1959  49    -15       54
  AVERAGE         51                        59     -8       62

PRECIPITATION (IN)
  YESTERDAY        0.00          2.04 1992   0.09  -0.09     0.00
  MONTH TO DATE    3.17                      2.11   1.06     0.92
  SINCE SEP 1     11.55                     10.20   1.35    15.21
  SINCE JAN 1     34.32                     35.72  -1.40    34.94

SNOWFALL (IN)
  YESTERDAY        0.0
  MONTH TO DATE    0.0
  SINCE JUL 1      0.0

DEGREE DAYS
 HEATING
  YESTERDAY       14                         7      7        3
  MONTH TO DATE  235                        91    144       99
  SINCE SEP 1    238                       128    110      118
  SINCE JUL 1    238                       128    110      118

 COOLING
  YESTERDAY        0                         1     -1        0
  MONTH TO DATE    9                        49    -40       27
  SINCE SEP 1    715                       715      0      783
  SINCE JAN 1   2922                      3061   -139     3260
..................................................................


WIND (MPH)
  HIGHEST WIND SPEED    21   HIGHEST WIND DIRECTION    SW (210)
  HIGHEST GUST SPEED    30   HIGHEST GUST DIRECTION    SW (210)
  AVERAGE WIND SPEED     7.7


SKY COVER
  AVERAGE SKY COVER 0.1


WEATHER CONDITIONS
 THE FOLLOWING WEATHER WAS RECORDED YESTERDAY.
  NO SIGNIFICANT WEATHER WAS OBSERVED.


RELATIVE HUMIDITY (PERCENT)
 HIGHEST    82           600 AM
 LOWEST     45           200 PM
 AVERAGE    64

..........................................................


THE COLLEGE STATION CLIMATE NORMALS FOR TODAY
                         NORMAL    RECORD    YEAR
 MAXIMUM TEMPERATURE (F)   69        86      2011
 MINIMUM TEMPERATURE (F)   49        26      1937


SUNRISE AND SUNSET
NOVEMBER 20 2014......SUNRISE   656 AM CST   SUNSET   526 PM CST
NOVEMBER 21 2014......SUNRISE   657 AM CST   SUNSET   526 PM CST


-  INDICATES NEGATIVE NUMBERS.
R  INDICATES RECORD WAS SET OR TIED.
MM INDICATES DATA IS MISSING.
T  INDICATES TRACE AMOUNT.




$$
