000
CDUS44 KHGX 180821
CLICLL


CLIMATE REPORT
NATIONAL WEATHER SERVICE HOUSTON/GALVESTON TX
221 AM CST THU DEC 18 2014


...................................

...THE COLLEGE STATION CLIMATE SUMMARY FOR DECEMBER 17 2014...

CLIMATE NORMAL PERIOD 1981 TO 2010
CLIMATE RECORD PERIOD 1902 TO 2014


WEATHER ITEM   OBSERVED TIME   RECORD YEAR NORMAL DEPARTURE LAST
                VALUE   (LST)  VALUE       VALUE  FROM      YEAR
                                                  NORMAL
..................................................................
TEMPERATURE (F)
 YESTERDAY
  MAXIMUM         56    408 PM  81    1924  62     -6       69
  MINIMUM         44    302 AM  20    1932  42      2       34
  AVERAGE         50                        52     -2       52

PRECIPITATION (IN)
  YESTERDAY        0.02          1.11 1910   0.10  -0.08     0.00
  MONTH TO DATE    0.25                      1.77  -1.52     0.20
  SINCE DEC 1      0.25                      1.77  -1.52     0.20
  SINCE JAN 1     37.29                     38.60  -1.31    38.79

SNOWFALL (IN)
  YESTERDAY       MM
  MONTH TO DATE    0.0
  SINCE JUL 1      0.0

DEGREE DAYS
 HEATING
  YESTERDAY       15                        14      1       13
  MONTH TO DATE  109                       210   -101      299
  SINCE DEC 1    109                       210   -101      299
  SINCE JUL 1    404                       435    -31      601

 COOLING
  YESTERDAY        0                         0      0        0
  MONTH TO DATE   10                        13     -3        7
  SINCE DEC 1     10                        13     -3        7
  SINCE JAN 1   2943                      3086   -143     3275
..................................................................


WIND (MPH)
  HIGHEST WIND SPEED    21   HIGHEST WIND DIRECTION    SE (120)
  HIGHEST GUST SPEED    25   HIGHEST GUST DIRECTION    SE (120)
  AVERAGE WIND SPEED     6.5


SKY COVER
  AVERAGE SKY COVER 0.9


WEATHER CONDITIONS
 THE FOLLOWING WEATHER WAS RECORDED YESTERDAY.
  LIGHT RAIN


RELATIVE HUMIDITY (PERCENT)
 HIGHEST    93          1100 PM
 LOWEST     55           200 PM
 AVERAGE    74

..........................................................


THE COLLEGE STATION CLIMATE NORMALS FOR TODAY
                         NORMAL    RECORD    YEAR
 MAXIMUM TEMPERATURE (F)   62        84      1924
 MINIMUM TEMPERATURE (F)   42        19      1996


SUNRISE AND SUNSET
DECEMBER 18 2014......SUNRISE   717 AM CST   SUNSET   527 PM CST
DECEMBER 19 2014......SUNRISE   717 AM CST   SUNSET   528 PM CST


-  INDICATES NEGATIVE NUMBERS.
R  INDICATES RECORD WAS SET OR TIED.
MM INDICATES DATA IS MISSING.
T  INDICATES TRACE AMOUNT.




$$
