000
CDUS44 KHGX 270835
CLICLL


CLIMATE REPORT
NATIONAL WEATHER SERVICE HOUSTON/GALVESTON TX
235 AM CST THU NOV 27 2014


...................................

...THE COLLEGE STATION CLIMATE SUMMARY FOR NOVEMBER 26 2014...

CLIMATE NORMAL PERIOD 1981 TO 2010
CLIMATE RECORD PERIOD 1902 TO 2014


WEATHER ITEM   OBSERVED TIME   RECORD YEAR NORMAL DEPARTURE LAST
                VALUE   (LST)  VALUE       VALUE  FROM      YEAR
                                                  NORMAL
..................................................................
TEMPERATURE (F)
 YESTERDAY
  MAXIMUM         73    327 PM  86    1965  67      6       45
  MINIMUM         42    524 AM  27    1993  47     -5       38
  AVERAGE         58                        57      1       42

PRECIPITATION (IN)
  YESTERDAY        0.00          1.70 1935   0.10  -0.10     0.01
  MONTH TO DATE    5.89                      2.79   3.10     4.57
  SINCE SEP 1     14.27                     10.88   3.39    18.86
  SINCE JAN 1     37.04                     36.40   0.64    38.59

SNOWFALL (IN)
  YESTERDAY        0.0
  MONTH TO DATE    0.0
  SINCE JUL 1      0.0

DEGREE DAYS
 HEATING
  YESTERDAY        7                         9     -2       23
  MONTH TO DATE  273                       148    125      208
  SINCE SEP 1    276                       185     91      227
  SINCE JUL 1    276                       185     91      227

 COOLING
  YESTERDAY        0                         1     -1        0
  MONTH TO DATE   12                        56    -44       35
  SINCE SEP 1    718                       722     -4      791
  SINCE JAN 1   2925                      3068   -143     3268
..................................................................


WIND (MPH)
  HIGHEST WIND SPEED    23   HIGHEST WIND DIRECTION     W (250)
  HIGHEST GUST SPEED    29   HIGHEST GUST DIRECTION    SW (230)
  AVERAGE WIND SPEED     8.7


SKY COVER
  AVERAGE SKY COVER 0.0


WEATHER CONDITIONS
 THE FOLLOWING WEATHER WAS RECORDED YESTERDAY.
  NO SIGNIFICANT WEATHER WAS OBSERVED.


RELATIVE HUMIDITY (PERCENT)
 HIGHEST    76           500 AM
 LOWEST     25           200 PM
 AVERAGE    51

..........................................................


THE COLLEGE STATION CLIMATE NORMALS FOR TODAY
                         NORMAL    RECORD    YEAR
 MAXIMUM TEMPERATURE (F)   67        87      1922
 MINIMUM TEMPERATURE (F)   46        20      1993


SUNRISE AND SUNSET
NOVEMBER 27 2014......SUNRISE   702 AM CST   SUNSET   524 PM CST
NOVEMBER 28 2014......SUNRISE   703 AM CST   SUNSET   524 PM CST


-  INDICATES NEGATIVE NUMBERS.
R  INDICATES RECORD WAS SET OR TIED.
MM INDICATES DATA IS MISSING.
T  INDICATES TRACE AMOUNT.




$$
