613
CDUS44 KHGX 260729
CLICLL


CLIMATE REPORT
NATIONAL WEATHER SERVICE HOUSTON/GALVESTON TX
227 AM CDT TUE JUL 26 2016


...................................

...THE COLLEGE STATION CLIMATE SUMMARY FOR JULY 25 2016...

CLIMATE NORMAL PERIOD 1981 TO 2010
CLIMATE RECORD PERIOD 1902 TO 2016


WEATHER ITEM   OBSERVED TIME   RECORD YEAR NORMAL DEPARTURE LAST
                VALUE   (LST)  VALUE       VALUE  FROM      YEAR
                                                  NORMAL
..................................................................
TEMPERATURE (F)
 YESTERDAY
  MAXIMUM         97   1241 PM 105    1943  96      1       95
  MINIMUM         74   1159 PM  61    1915  75     -1       76
  AVERAGE         86                        85      1       86

PRECIPITATION (IN)
  YESTERDAY        T             1.74 2004   0.06  -0.06     0.00
  MONTH TO DATE    T                         1.77  -1.77     0.20
  SINCE JUN 1      2.58                      6.22  -3.64     5.41
  SINCE JAN 1     27.98                     22.47   5.51    33.18

SNOWFALL (IN)
  YESTERDAY        0.0
  MONTH TO DATE    0.0
  SINCE JUL 1      0.0

DEGREE DAYS
 HEATING
  YESTERDAY        0                         0      0        0
  MONTH TO DATE    0                         0      0        0
  SINCE JUN 1      0                         0      0        0
  SINCE JUL 1      0                         0      0        0

 COOLING
  YESTERDAY       21                        20      1       21
  MONTH TO DATE  555                       489     66      494
  SINCE JUN 1   1091                      1005     86      999
  SINCE JAN 1   1647                      1593     54     1570
..................................................................


WIND (MPH)
  HIGHEST WIND SPEED    30   HIGHEST WIND DIRECTION    NW (320)
  HIGHEST GUST SPEED    36   HIGHEST GUST DIRECTION    NW (320)
  AVERAGE WIND SPEED     6.4


SKY COVER
  AVERAGE SKY COVER 0.2


WEATHER CONDITIONS
 THE FOLLOWING WEATHER WAS RECORDED YESTERDAY.
  THUNDERSTORM
  LIGHT RAIN


RELATIVE HUMIDITY (PERCENT)
 HIGHEST    94          1000 PM
 LOWEST     49           100 PM
 AVERAGE    72

..........................................................


THE COLLEGE STATION CLIMATE NORMALS FOR TODAY
                         NORMAL    RECORD    YEAR
 MAXIMUM TEMPERATURE (F)   96       105      1944
 MINIMUM TEMPERATURE (F)   75        66      1911


SUNRISE AND SUNSET
JULY 26 2016..........SUNRISE   640 AM CDT   SUNSET   824 PM CDT
JULY 27 2016..........SUNRISE   641 AM CDT   SUNSET   823 PM CDT


-  INDICATES NEGATIVE NUMBERS.
R  INDICATES RECORD WAS SET OR TIED.
MM INDICATES DATA IS MISSING.
T  INDICATES TRACE AMOUNT.




$$
