000
CDUS44 KHGX 310727
CLICLL


CLIMATE REPORT
NATIONAL WEATHER SERVICE HOUSTON/GALVESTON TX
226 AM CDT TUE MAY 31 2016


...................................

...THE COLLEGE STATION CLIMATE SUMMARY FOR MAY 30 2016...

CLIMATE NORMAL PERIOD 1981 TO 2010
CLIMATE RECORD PERIOD 1902 TO 2016


WEATHER ITEM   OBSERVED TIME   RECORD YEAR NORMAL DEPARTURE LAST
                VALUE   (LST)  VALUE       VALUE  FROM      YEAR
                                                  NORMAL
..................................................................
TEMPERATURE (F)
 YESTERDAY
  MAXIMUM         87    400 PM  99    2003  89     -2       89
  MINIMUM         72    706 AM  54    1984  70      2       71
  AVERAGE         80                        80      0       80

PRECIPITATION (IN)
  YESTERDAY        0.00          1.47 1995   0.15  -0.15     0.00
  MONTH TO DATE   12.78                      4.19   8.59     9.73
  SINCE MAR 1     22.63                     10.02  12.61    20.36
  SINCE JAN 1     25.25                     16.11   9.14    27.77

SNOWFALL (IN)
  YESTERDAY        0.0
  MONTH TO DATE    0.0
  SINCE JUL 1      0.0

DEGREE DAYS
 HEATING
  YESTERDAY        0                         0      0        0
  MONTH TO DATE    2                         0      2        0
  SINCE MAR 1    101                       219   -118      227
  SINCE JUL 1   1148                      1606   -458     1768

 COOLING
  YESTERDAY       15                        15      0       15
  MONTH TO DATE  272                       336    -64      321
  SINCE MAR 1    518                       547    -29      559
  SINCE JAN 1    543                       575    -32      560
..................................................................


WIND (MPH)
  HIGHEST WIND SPEED    23   HIGHEST WIND DIRECTION    SE (150)
  HIGHEST GUST SPEED    29   HIGHEST GUST DIRECTION     S (170)
  AVERAGE WIND SPEED     5.6


SKY COVER
  AVERAGE SKY COVER 0.1


WEATHER CONDITIONS
 THE FOLLOWING WEATHER WAS RECORDED YESTERDAY.
  FOG


RELATIVE HUMIDITY (PERCENT)
 HIGHEST   100           400 AM
 LOWEST     48           200 PM
 AVERAGE    74

..........................................................


THE COLLEGE STATION CLIMATE NORMALS FOR TODAY
                         NORMAL    RECORD    YEAR
 MAXIMUM TEMPERATURE (F)   89       100      1998
 MINIMUM TEMPERATURE (F)   70        55      1984


SUNRISE AND SUNSET
MAY 31 2016...........SUNRISE   624 AM CDT   SUNSET   823 PM CDT
JUNE  1 2016..........SUNRISE   623 AM CDT   SUNSET   824 PM CDT


-  INDICATES NEGATIVE NUMBERS.
R  INDICATES RECORD WAS SET OR TIED.
MM INDICATES DATA IS MISSING.
T  INDICATES TRACE AMOUNT.




$$
