000
CDUS42 KGSP 040645
CLICLT

CLIMATE REPORT
NATIONAL WEATHER SERVICE GREENVILLE-SPARTANBURG SC
145 AM EST SUN DEC 4 2016


...................................

...THE CHARLOTTE NC CLIMATE SUMMARY FOR DECEMBER 3 2016...

CLIMATE NORMAL PERIOD 1981 TO 2010
CLIMATE RECORD PERIOD 1878 TO 2016


WEATHER ITEM   OBSERVED TIME   RECORD YEAR NORMAL DEPARTURE LAST
                VALUE   (LST)  VALUE       VALUE  FROM      YEAR
                                                  NORMAL
..................................................................
TEMPERATURE (F)
 YESTERDAY
  MAXIMUM         53    153 PM  75    1998  56     -3       52
  MINIMUM         37    131 AM  20    1960  34      3       39
                                      1910
                                      1886
  AVERAGE         45                        45      0       46

PRECIPITATION (IN)
  YESTERDAY        T             2.96 1931   0.12  -0.12     0.00
  MONTH TO DATE    T                         0.34  -0.34     0.14
  SINCE DEC 1      T                         0.34  -0.34     0.14
  SINCE JAN 1     30.64                     38.72  -8.08    40.92

SNOWFALL (IN)
  YESTERDAY        0.0           7.5  1971   0.0    0.0      0.0
  MONTH TO DATE    0.0                       0.0    0.0      0.0
  SINCE DEC 1      0.0                       0.0    0.0      0.0
  SINCE JUL 1      0.0                       0.1   -0.1      0.0
  SNOW DEPTH       0

DEGREE DAYS
 HEATING
  YESTERDAY       20                        20      0       19
  MONTH TO DATE   52                        58     -6       42
  SINCE DEC 1     52                        58     -6       42
  SINCE JUL 1    470                       694   -224      508

 COOLING
  YESTERDAY        0                         0      0        0
  MONTH TO DATE    0                         0      0        0
  SINCE DEC 1      0                         0      0        0
  SINCE JAN 1   2193                      1517    676     2016
..................................................................


WIND (MPH)
  HIGHEST WIND SPEED    14   HIGHEST WIND DIRECTION    NE (30)
  HIGHEST GUST SPEED    18   HIGHEST GUST DIRECTION     N (20)
  AVERAGE WIND SPEED     5.0


SKY COVER
  POSSIBLE SUNSHINE  MM
  AVERAGE SKY COVER 0.8


WEATHER CONDITIONS
 THE FOLLOWING WEATHER WAS RECORDED YESTERDAY.
  LIGHT RAIN


RELATIVE HUMIDITY (PERCENT)
 HIGHEST    60           700 AM
 LOWEST     41           200 PM
 AVERAGE    51

..........................................................


THE CHARLOTTE NC CLIMATE NORMALS FOR TODAY
                         NORMAL    RECORD    YEAR
 MAXIMUM TEMPERATURE (F)   56        76      1956
 MINIMUM TEMPERATURE (F)   34        18      2000
                                             1896
                                             1886


SUNRISE AND SUNSET
DECEMBER  4 2016......SUNRISE   717 AM EST   SUNSET   511 PM EST
DECEMBER  5 2016......SUNRISE   718 AM EST   SUNSET   511 PM EST


-  INDICATES NEGATIVE NUMBERS.
R  INDICATES RECORD WAS SET OR TIED.
MM INDICATES DATA IS MISSING.
T  INDICATES TRACE AMOUNT.

$$

OUTLAW
