000
CDUS42 KGSP 222041
CLICLT

CLIMATE REPORT
NATIONAL WEATHER SERVICE GREENVILLE-SPARTANBURG SC
439 PM EDT MON MAY 22 2017


...................................

...THE CHARLOTTE NC CLIMATE SUMMARY FOR MAY 22 2017...
VALID TODAY AS OF 400 PM LOCAL TIME.

CLIMATE NORMAL PERIOD 1981 TO 2010
CLIMATE RECORD PERIOD 1878 TO 2017


WEATHER ITEM   OBSERVED TIME   RECORD YEAR NORMAL DEPARTURE LAST
                VALUE   (LST)  VALUE       VALUE  FROM      YEAR
                                                  NORMAL
..................................................................
TEMPERATURE (F)
 TODAY
  MAXIMUM         82    250 PM  98    1941  80      2       77
  MINIMUM         62    548 AM  42    2002  58      4       56
  AVERAGE         72                        69      3       67

PRECIPITATION (IN)
  TODAY            0.03          3.50 2003   0.10  -0.07     0.02
  MONTH TO DATE    3.69                      2.17   1.52     4.90
  SINCE MAR 1     11.94                      9.22   2.72     7.78
  SINCE JAN 1     18.85                     15.95   2.90    14.56

SNOWFALL (IN)
  TODAY            0.0           0.0    MM   0.0    0.0      0.0
  MONTH TO DATE    0.0                       0.0    0.0      0.0
  SINCE MAR 1      1.1                       0.6    0.5      0.0
  SINCE JUL 1      2.2                       4.3   -2.1      3.3
  SNOW DEPTH       0

DEGREE DAYS
 HEATING
  TODAY            0                         1     -1        0
  MONTH TO DATE   26                        46    -20       40
  SINCE MAR 1    494                       679   -185      423
  SINCE JUL 1   2392                      3378   -986     2565

 COOLING
  TODAY            7                         5      2        2
  MONTH TO DATE  110                        71     39       84
  SINCE MAR 1    235                       108    127      182
  SINCE JAN 1    240                       108    132      182
..................................................................


WIND (MPH)
  HIGHEST WIND SPEED    13   HIGHEST WIND DIRECTION    NW (300)
  HIGHEST GUST SPEED    17   HIGHEST GUST DIRECTION     W (290)
  AVERAGE WIND SPEED     5.2


SKY COVER
  POSSIBLE SUNSHINE  MM
  AVERAGE SKY COVER 0.8


WEATHER CONDITIONS
 THE FOLLOWING WEATHER WAS RECORDED TODAY.
  LIGHT RAIN
  FOG


RELATIVE HUMIDITY (PERCENT)
 HIGHEST    93           500 AM
 LOWEST     62           300 PM
 AVERAGE    78

..........................................................


THE CHARLOTTE NC CLIMATE NORMALS FOR TOMORROW
                         NORMAL    RECORD    YEAR
 MAXIMUM TEMPERATURE (F)   81        98      1941
 MINIMUM TEMPERATURE (F)   58        37      2002


SUNRISE AND SUNSET
MAY 22 2017...........SUNRISE   615 AM EDT   SUNSET   826 PM EDT
MAY 23 2017...........SUNRISE   614 AM EDT   SUNSET   827 PM EDT


-  INDICATES NEGATIVE NUMBERS.
R  INDICATES RECORD WAS SET OR TIED.
MM INDICATES DATA IS MISSING.
T  INDICATES TRACE AMOUNT.




$$
JPT
