000
CDUS42 KGSP 232127 RRA
CLICLT

CLIMATE REPORT
NATIONAL WEATHER SERVICE GREENVILLE-SPARTANBURG SC
426 PM EST FRI FEB 23 2018


...................................

...THE CHARLOTTE NC CLIMATE SUMMARY FOR FEBRUARY 23 2018...
VALID TODAY AS OF 0400 PM LOCAL TIME.

CLIMATE NORMAL PERIOD 1981 TO 2010
CLIMATE RECORD PERIOD 1878 TO 2018


WEATHER ITEM   OBSERVED TIME   RECORD YEAR NORMAL DEPARTURE LAST
                VALUE   (LST)  VALUE       VALUE  FROM      YEAR
                                                  NORMAL
..................................................................
TEMPERATURE (F)
 TODAY
  MAXIMUM         79R   239 PM  76    2012  57     22       75
                                      1980
                                      1962
  MINIMUM         59    448 AM  19    2009  34     25       50
                                      1978
                                      1963
  AVERAGE         69                        46     23       63

PRECIPITATION (IN)
  TODAY            0.00          1.72 1927   0.13  -0.13     0.00
  MONTH TO DATE    2.70                      2.68   0.02     1.16
  SINCE DEC 1      7.38                      9.34  -1.96     9.79
  SINCE JAN 1      5.26                      6.09  -0.83     6.88

SNOWFALL (IN)
  TODAY            0.0           2.5  1989   0.0    0.0      0.0
  MONTH TO DATE    0.0                       1.0   -1.0      0.0
  SINCE DEC 1      4.0                       3.4    0.6      1.1
  SINCE JUL 1      4.0                       3.5    0.5      1.1
  SNOW DEPTH       0

DEGREE DAYS
 HEATING
  TODAY            0                        19    -19        2
  MONTH TO DATE  279                       499   -220      275
  SINCE DEC 1   1727                      1970   -243     1434
  SINCE JUL 1   2253                      2606   -353     1852

 COOLING
  TODAY            4                         0      4        0
  MONTH TO DATE   27                         0     27        5
  SINCE DEC 1     27                         1     26        5
  SINCE JAN 1     27                         0     27        5
..................................................................


WIND (MPH)
  HIGHEST WIND SPEED    15   HIGHEST WIND DIRECTION     S (180)
  HIGHEST GUST SPEED    18   HIGHEST GUST DIRECTION     S (170)
  AVERAGE WIND SPEED     6.3


SKY COVER
  POSSIBLE SUNSHINE  MM
  AVERAGE SKY COVER 0.5


WEATHER CONDITIONS
 THE FOLLOWING WEATHER WAS RECORDED TODAY.
  NO SIGNIFICANT WEATHER WAS OBSERVED.


RELATIVE HUMIDITY (PERCENT)
 HIGHEST   100           600 AM
 LOWEST     45           400 PM
 AVERAGE    73

..........................................................


THE CHARLOTTE NC CLIMATE NORMALS FOR TOMORROW
                         NORMAL    RECORD    YEAR
 MAXIMUM TEMPERATURE (F)   57        80      1982
                                             1930
 MINIMUM TEMPERATURE (F)   35        16      1967


SUNRISE AND SUNSET
FEBRUARY 23 2018......SUNRISE   701 AM EST   SUNSET   614 PM EST
FEBRUARY 24 2018......SUNRISE   700 AM EST   SUNSET   615 PM EST


-  INDICATES NEGATIVE NUMBERS.
R  INDICATES RECORD WAS SET OR TIED.
MM INDICATES DATA IS MISSING.
T  INDICATES TRACE AMOUNT.

$$
