000
CDUS42 KGSP 132143
CLICLT

CLIMATE REPORT
NATIONAL WEATHER SERVICE GREENVILLE-SPARTANBURG SC
440 PM EST WED DEC 13 2017


...................................

...THE CHARLOTTE NC CLIMATE SUMMARY FOR DECEMBER 13 2017...
VALID TODAY AS OF 400 PM LOCAL TIME.

CLIMATE NORMAL PERIOD 1981 TO 2010
CLIMATE RECORD PERIOD 1878 TO 2017


WEATHER ITEM   OBSERVED TIME   RECORD YEAR NORMAL DEPARTURE LAST
                VALUE   (LST)  VALUE       VALUE  FROM      YEAR
                                                  NORMAL
..................................................................
TEMPERATURE (F)
 TODAY
  MAXIMUM         47    255 PM  77    2007  53     -6       53
  MINIMUM         23    736 AM   2    1962  32     -9       35
  AVERAGE         35                        43     -8       44

PRECIPITATION (IN)
  TODAY            0.00          1.78 1885   0.10  -0.10     0.05
  MONTH TO DATE    1.21                      1.39  -0.18     1.64
  SINCE DEC 1      1.21                      1.39  -0.18     1.64
  SINCE JAN 1     43.78                     39.77   4.01    32.28

SNOWFALL (IN)
  TODAY            0.0           2.5  1945   0.0    0.0      0.0
  MONTH TO DATE    0.1                       0.0    0.1      0.0
  SINCE DEC 1      0.1                       0.0    0.1      0.0
  SINCE JUL 1      0.1                       0.1    0.0      0.0
  SNOW DEPTH       0

DEGREE DAYS
 HEATING
  TODAY           30                        22      8       21
  MONTH TO DATE  242                       270    -28      279
  SINCE DEC 1    242                       270    -28      279
  SINCE JUL 1    768                       906   -138      697

 COOLING
  TODAY            0                         0      0        0
  MONTH TO DATE    0                         0      0        0
  SINCE DEC 1      0                         0      0        0
  SINCE JAN 1   1905                      1517    388     2193
..................................................................


WIND (MPH)
  HIGHEST WIND SPEED    16   HIGHEST WIND DIRECTION     S (200)
  HIGHEST GUST SPEED    20   HIGHEST GUST DIRECTION     S (200)
  AVERAGE WIND SPEED     6.0


SKY COVER
  POSSIBLE SUNSHINE  MM
  AVERAGE SKY COVER 0.1


WEATHER CONDITIONS
 THE FOLLOWING WEATHER WAS RECORDED TODAY.
  NO SIGNIFICANT WEATHER WAS OBSERVED.


RELATIVE HUMIDITY (PERCENT)
 HIGHEST    50           800 AM
 LOWEST     22           200 PM
 AVERAGE    36

..........................................................


THE CHARLOTTE NC CLIMATE NORMALS FOR TOMORROW
                         NORMAL    RECORD    YEAR
 MAXIMUM TEMPERATURE (F)   53        73      1948
                                             1889
 MINIMUM TEMPERATURE (F)   32        12      1962


SUNRISE AND SUNSET
DECEMBER 13 2017......SUNRISE   724 AM EST   SUNSET   512 PM EST
DECEMBER 14 2017......SUNRISE   724 AM EST   SUNSET   513 PM EST


-  INDICATES NEGATIVE NUMBERS.
R  INDICATES RECORD WAS SET OR TIED.
MM INDICATES DATA IS MISSING.
T  INDICATES TRACE AMOUNT.




$$
JPT
