000
CDUS42 KGSP 042047
CLICLT

CLIMATE REPORT
NATIONAL WEATHER SERVICE GREENVILLE-SPARTANBURG SC
444 PM EDT TUE AUG 4 2015


...................................

...THE CHARLOTTE NC CLIMATE SUMMARY FOR AUGUST 4 2015...VALID TODAY
AS OF 430 PM LOCAL TIME.

CLIMATE NORMAL PERIOD 1981 TO 2010
CLIMATE RECORD PERIOD 1878 TO 2015


WEATHER ITEM   OBSERVED TIME   RECORD YEAR NORMAL DEPARTURE LAST
                VALUE   (LST)  VALUE       VALUE  FROM      YEAR
                                                  NORMAL
..................................................................
TEMPERATURE (F)
 TODAY
  MAXIMUM         99R   312 PM  98    2006  89     10       87
                                      1935
  MINIMUM         71    424 AM  58    1912  68      3       69
  AVERAGE         85                        78      7       78

PRECIPITATION (IN)
  TODAY            0.00          2.59 1880   0.15  -0.15     0.00
  MONTH TO DATE    0.00                      0.58  -0.58     2.39
  SINCE JUN 1      4.11                      8.00  -3.89     9.62
  SINCE JAN 1     18.58                     24.96  -6.38    32.41

SNOWFALL (IN)
  TODAY            0.0           0.0    MM   0.0    0.0      0.0
  MONTH TO DATE    0.0                       0.0    0.0      0.0
  SINCE JUN 1      0.0                       0.0    0.0      0.0
  SINCE JUL 1      0.0                       0.0    0.0      0.0
  SNOW DEPTH       0

DEGREE DAYS
 HEATING
  TODAY            0                         0      0        0
  MONTH TO DATE    0                         0      0        0
  SINCE JUN 1      0                         3     -3        0
  SINCE JUL 1      0                         0      0        0

 COOLING
  TODAY           20                        13      7       13
  MONTH TO DATE   68                        52     16       32
  SINCE JUN 1   1063                       783    280      800
  SINCE JAN 1   1356                       946    410     1028
..................................................................


WIND (MPH)
  HIGHEST WIND SPEED     9   HIGHEST WIND DIRECTION     W (290)
  HIGHEST GUST SPEED    14   HIGHEST GUST DIRECTION     W (290)
  AVERAGE WIND SPEED     3.7


SKY COVER
  POSSIBLE SUNSHINE  MM
  AVERAGE SKY COVER 0.3


WEATHER CONDITIONS
 THE FOLLOWING WEATHER WAS RECORDED TODAY.
  NO SIGNIFICANT WEATHER WAS OBSERVED.


RELATIVE HUMIDITY (PERCENT)
 HIGHEST    90           300 AM
 LOWEST     29           300 PM
 AVERAGE    60

..........................................................


THE CHARLOTTE NC CLIMATE NORMALS FOR TOMORROW
                         NORMAL    RECORD    YEAR
 MAXIMUM TEMPERATURE (F)   89       100      1954
                                             1930
 MINIMUM TEMPERATURE (F)   68        55      1912


SUNRISE AND SUNSET
AUGUST  4 2015........SUNRISE   635 AM EDT   SUNSET   824 PM EDT
AUGUST  5 2015........SUNRISE   636 AM EDT   SUNSET   823 PM EDT


-  INDICATES NEGATIVE NUMBERS.
R  INDICATES RECORD WAS SET OR TIED.
MM INDICATES DATA IS MISSING.
T  INDICATES TRACE AMOUNT.




$$
