000
CDUS42 KGSP 280637 RRA
CLICLT

CLIMATE REPORT
NATIONAL WEATHER SERVICE GREENVILLE-SPARTANBURG SC
236 AM EDT TUE MAR 28 2017


...................................

...THE CHARLOTTE NC CLIMATE SUMMARY FOR MARCH 27 2017...

CLIMATE NORMAL PERIOD 1981 TO 2010
CLIMATE RECORD PERIOD 1878 TO 2017


WEATHER ITEM   OBSERVED TIME   RECORD YEAR NORMAL DEPARTURE LAST
                VALUE   (LST)  VALUE       VALUE  FROM      YEAR
                                                  NORMAL
..................................................................
TEMPERATURE (F)
 YESTERDAY
  MAXIMUM         79    447 PM  85    1950  67     12       60
  MINIMUM         59    638 AM  19    1955  42     17       55
  AVERAGE         69                        54     15       58

PRECIPITATION (IN)
  YESTERDAY        T             1.22 1891   0.12  -0.12     0.25
  MONTH TO DATE    2.17                      3.51  -1.34     0.69
  SINCE MAR 1      2.17                      3.51  -1.34     0.69
  SINCE JAN 1      9.08                     10.24  -1.16     7.47

SNOWFALL (IN)
  YESTERDAY        0.0           0.4  1947   0.1   -0.1      0.0
  MONTH TO DATE    1.1                       0.6    0.5      0.0
  SINCE MAR 1      1.1                       0.6    0.5      0.0
  SINCE JUL 1      2.2                       4.3   -2.1      3.3
  SNOW DEPTH       0

DEGREE DAYS
 HEATING
  YESTERDAY        0                        11    -11        7
  MONTH TO DATE  383                       392     -9      209
  SINCE MAR 1    383                       392     -9      209
  SINCE JUL 1   2281                      3091   -810     2351

 COOLING
  YESTERDAY        4                         0      4        0
  MONTH TO DATE   10                         0     10       34
  SINCE MAR 1     10                         0     10       34
  SINCE JAN 1     15                         0     15       34
..................................................................


WIND (MPH)
  HIGHEST WIND SPEED    17   HIGHEST WIND DIRECTION     S (200)
  HIGHEST GUST SPEED    20   HIGHEST GUST DIRECTION     S (160)
  AVERAGE WIND SPEED     8.1


SKY COVER
  POSSIBLE SUNSHINE  MM
  AVERAGE SKY COVER 0.8


WEATHER CONDITIONS
 THE FOLLOWING WEATHER WAS RECORDED YESTERDAY.
  THUNDERSTORM
  LIGHT RAIN
  FOG


RELATIVE HUMIDITY (PERCENT)
 HIGHEST    90           800 AM
 LOWEST     45           400 PM
 AVERAGE    68

..........................................................


THE CHARLOTTE NC CLIMATE NORMALS FOR TODAY
                         NORMAL    RECORD    YEAR
 MAXIMUM TEMPERATURE (F)   67        90      1907
 MINIMUM TEMPERATURE (F)   42        25      1982


SUNRISE AND SUNSET
MARCH 28 2017.........SUNRISE   716 AM EDT   SUNSET   742 PM EDT
MARCH 29 2017.........SUNRISE   714 AM EDT   SUNSET   743 PM EDT


-  INDICATES NEGATIVE NUMBERS.
R  INDICATES RECORD WAS SET OR TIED.
MM INDICATES DATA IS MISSING.
T  INDICATES TRACE AMOUNT.




$$
