000
CDUS42 KGSP 210640
CLICLT

CLIMATE REPORT
NATIONAL WEATHER SERVICE GREENVILLE-SPARTANBURG SC
139 AM EST SAT JAN 21 2017


...................................

...THE CHARLOTTE NC CLIMATE SUMMARY FOR JANUARY 20 2017...

CLIMATE NORMAL PERIOD 1981 TO 2010
CLIMATE RECORD PERIOD 1878 TO 2017


WEATHER ITEM   OBSERVED TIME   RECORD YEAR NORMAL DEPARTURE LAST
                VALUE   (LST)  VALUE       VALUE  FROM      YEAR
                                                  NORMAL
..................................................................
TEMPERATURE (F)
 YESTERDAY
  MAXIMUM         62    422 PM  71    1951  51     11       39
                                      1929
                                      1927
  MINIMUM         51    745 AM  -2    1985  30     21       19
  AVERAGE         57                        40     17       29

PRECIPITATION (IN)
  YESTERDAY        0.09          1.98 1883   0.11  -0.02     0.01
  MONTH TO DATE    2.80                      2.24   0.56     1.40
  SINCE DEC 1      5.71                      5.49   0.22    10.10
  SINCE JAN 1      2.80                      2.24   0.56     1.40

SNOWFALL (IN)
  YESTERDAY        0.0           0.4  1985   0.0    0.0       T
  MONTH TO DATE    1.1                       1.3   -0.2       T
  SINCE DEC 1      1.1                       1.6   -0.5       T
  SINCE JUL 1      1.1                       1.7   -0.6       T
  SNOW DEPTH       0

DEGREE DAYS
 HEATING
  YESTERDAY        8                        25    -17       36
  MONTH TO DATE  360                       500   -140      516
  SINCE DEC 1    985                      1201   -216      817
  SINCE JUL 1   1403                      1837   -434     1283

 COOLING
  YESTERDAY        0                         0      0        0
  MONTH TO DATE    0                         0      0        0
  SINCE DEC 1      0                         1     -1       12
  SINCE JAN 1      0                         0      0        0
..................................................................


WIND (MPH)
  HIGHEST WIND SPEED    18   HIGHEST WIND DIRECTION    SE (140)
  HIGHEST GUST SPEED    23   HIGHEST GUST DIRECTION     S (160)
  AVERAGE WIND SPEED     5.4


SKY COVER
  POSSIBLE SUNSHINE  MM
  AVERAGE SKY COVER 0.8


WEATHER CONDITIONS
 THE FOLLOWING WEATHER WAS RECORDED YESTERDAY.
  HEAVY RAIN
  LIGHT RAIN
  FOG
  FOG W/VISIBILITY <= 1/4 MILE
  HAZE


RELATIVE HUMIDITY (PERCENT)
 HIGHEST    96          1100 PM
 LOWEST     55          1200 AM
 AVERAGE    76

..........................................................


THE CHARLOTTE NC CLIMATE NORMALS FOR TODAY
                         NORMAL    RECORD    YEAR
 MAXIMUM TEMPERATURE (F)   51        73      1935
 MINIMUM TEMPERATURE (F)   30        -5      1985


SUNRISE AND SUNSET
JANUARY 21 2017.......SUNRISE   730 AM EST   SUNSET   541 PM EST
JANUARY 22 2017.......SUNRISE   729 AM EST   SUNSET   542 PM EST


-  INDICATES NEGATIVE NUMBERS.
R  INDICATES RECORD WAS SET OR TIED.
MM INDICATES DATA IS MISSING.
T  INDICATES TRACE AMOUNT.

$$

OUTLAW
