000
CDUS42 KGSP 160628
CLICLT

CLIMATE REPORT
NATIONAL WEATHER SERVICE GREENVILLE-SPARTANBURG SC
228 AM EDT TUE SEP 16 2014


...................................

...THE CHARLOTTE NC CLIMATE SUMMARY FOR SEPTEMBER 15 2014...

CLIMATE NORMAL PERIOD 1981 TO 2010
CLIMATE RECORD PERIOD 1878 TO 2014


WEATHER ITEM   OBSERVED TIME   RECORD YEAR NORMAL DEPARTURE LAST
                VALUE   (LST)  VALUE       VALUE  FROM      YEAR
                                                  NORMAL
..................................................................
TEMPERATURE (F)
 YESTERDAY
  MAXIMUM         75    511 PM  96    1991  82     -7       83
                                      1927
                                      1925
  MINIMUM         66    622 AM  46    1985  61      5       60
  AVERAGE         71                        71      0       72

PRECIPITATION (IN)
  YESTERDAY        0.01          0.99 2002   0.10  -0.09     0.00
                                      1976
  MONTH TO DATE    3.29                      1.60   1.69     0.15
  SINCE SEP 1      3.29                      1.60   1.69     0.15
  SINCE JAN 1     37.05                     30.20   6.85    35.47

SNOWFALL (IN)
  YESTERDAY        0.0           0.0    MM   0.0    0.0      0.0
  MONTH TO DATE    0.0                       0.0    0.0      0.0
  SINCE SEP 1      0.0                       0.0    0.0      0.0
  SINCE JUL 1      0.0                       0.0    0.0      0.0
  SNOW DEPTH       0

DEGREE DAYS
 HEATING
  YESTERDAY        0                         0      0        0
  MONTH TO DATE    0                         0      0        0
  SINCE SEP 1      0                         0      0        0
  SINCE JUL 1      0                         0      0        1

 COOLING
  YESTERDAY        6                         7     -1        7
  MONTH TO DATE  170                       129     41      173
  SINCE SEP 1    170                       129     41      173
  SINCE JAN 1   1525                      1406    119     1461
..................................................................


WIND (MPH)
  HIGHEST WIND SPEED     7   HIGHEST WIND DIRECTION     S (180)
  HIGHEST GUST SPEED     9   HIGHEST GUST DIRECTION     S (180)
  AVERAGE WIND SPEED     1.4


SKY COVER
  POSSIBLE SUNSHINE  MM
  AVERAGE SKY COVER 1.0


WEATHER CONDITIONS
 THE FOLLOWING WEATHER WAS RECORDED YESTERDAY.
  LIGHT RAIN
  FOG
  HAZE


RELATIVE HUMIDITY (PERCENT)
 HIGHEST    87          1200 AM
 LOWEST     68           100 PM
 AVERAGE    78

..........................................................


THE CHARLOTTE NC CLIMATE NORMALS FOR TODAY
                         NORMAL    RECORD    YEAR
 MAXIMUM TEMPERATURE (F)   81        96      1956
                                             1931
 MINIMUM TEMPERATURE (F)   61        47      2000


SUNRISE AND SUNSET
SEPTEMBER 16 2014.....SUNRISE   707 AM EDT   SUNSET   729 PM EDT
SEPTEMBER 17 2014.....SUNRISE   708 AM EDT   SUNSET   728 PM EDT


-  INDICATES NEGATIVE NUMBERS.
R  INDICATES RECORD WAS SET OR TIED.
MM INDICATES DATA IS MISSING.
T  INDICATES TRACE AMOUNT.

$$
