325
CDUS42 KGSP 290628
CLICLT

CLIMATE REPORT
NATIONAL WEATHER SERVICE GREENVILLE-SPARTANBURG SC
226 AM EDT THU JUN 29 2017


...................................

...THE CHARLOTTE NC CLIMATE SUMMARY FOR JUNE 28 2017...

CLIMATE NORMAL PERIOD 1981 TO 2010
CLIMATE RECORD PERIOD 1878 TO 2017


WEATHER ITEM   OBSERVED TIME   RECORD YEAR NORMAL DEPARTURE LAST
                VALUE   (LST)  VALUE       VALUE  FROM      YEAR
                                                  NORMAL
..................................................................
TEMPERATURE (F)
 YESTERDAY
  MAXIMUM         84    449 PM 101    1959  88     -4       85
  MINIMUM         56    209 AM  53    1968  67    -11       71
  AVERAGE         70                        78     -8       78

PRECIPITATION (IN)
  YESTERDAY        0.00          1.83 2011   0.11  -0.11     0.00
  MONTH TO DATE    3.97                      3.52   0.45     1.83
  SINCE JUN 1      3.97                      3.52   0.45     1.83
  SINCE JAN 1     24.89                     20.48   4.41    17.12

SNOWFALL (IN)
  YESTERDAY        0.0           0.0    MM   0.0    0.0      0.0
  MONTH TO DATE    0.0                       0.0    0.0      0.0
  SINCE JUN 1      0.0                       0.0    0.0      0.0
  SINCE JUL 1      2.2                       4.3   -2.1      3.3
  SNOW DEPTH       0

DEGREE DAYS
 HEATING
  YESTERDAY        0                         0      0        0
  MONTH TO DATE    0                         0      0        0
  SINCE JUN 1      0                         0      0        0
  SINCE JUL 1   2392                      3385   -993     2568

 COOLING
  YESTERDAY        5                        13     -8       13
  MONTH TO DATE  310                       285     25      385
  SINCE JUN 1    310                       285     25      385
  SINCE JAN 1    613                       448    165      630
..................................................................


WIND (MPH)
  HIGHEST WIND SPEED    13   HIGHEST WIND DIRECTION     E (100)
  HIGHEST GUST SPEED    21   HIGHEST GUST DIRECTION     E (90)
  AVERAGE WIND SPEED     5.0


SKY COVER
  POSSIBLE SUNSHINE  MM
  AVERAGE SKY COVER 0.3


WEATHER CONDITIONS
 THE FOLLOWING WEATHER WAS RECORDED YESTERDAY.
  NO SIGNIFICANT WEATHER WAS OBSERVED.


RELATIVE HUMIDITY (PERCENT)
 HIGHEST    90           300 AM
 LOWEST     37           200 PM
 AVERAGE    64

..........................................................


THE CHARLOTTE NC CLIMATE NORMALS FOR TODAY
                         NORMAL    RECORD    YEAR
 MAXIMUM TEMPERATURE (F)   88       104      2012
 MINIMUM TEMPERATURE (F)   67        54      1974


SUNRISE AND SUNSET
JUNE 29 2017..........SUNRISE   612 AM EDT   SUNSET   842 PM EDT
JUNE 30 2017..........SUNRISE   613 AM EDT   SUNSET   842 PM EDT


-  INDICATES NEGATIVE NUMBERS.
R  INDICATES RECORD WAS SET OR TIED.
MM INDICATES DATA IS MISSING.
T  INDICATES TRACE AMOUNT.




$$
JPT
