000
CDUS42 KGSP 260639
CLICLT

CLIMATE REPORT
NATIONAL WEATHER SERVICE GREENVILLE-SPARTANBURG SC
236 AM EDT THU MAR 26 2015


...................................

...THE CHARLOTTE NC CLIMATE SUMMARY FOR MARCH 25 2015...

CLIMATE NORMAL PERIOD 1981 TO 2010
CLIMATE RECORD PERIOD 1878 TO 2015


WEATHER ITEM   OBSERVED TIME   RECORD YEAR NORMAL DEPARTURE LAST
                VALUE   (LST)  VALUE       VALUE  FROM      YEAR
                                                  NORMAL
..................................................................
TEMPERATURE (F)
 YESTERDAY
  MAXIMUM         69    207 PM  90    1929  66      3       50
  MINIMUM         54    917 AM  22    1940  42     12       33
  AVERAGE         62                        54      8       42

PRECIPITATION (IN)
  YESTERDAY        0.01          1.89 1884   0.12  -0.11     0.08
  MONTH TO DATE    1.69                      3.26  -1.57     4.15
  SINCE MAR 1      1.69                      3.26  -1.57     4.15
  SINCE JAN 1      7.51                      9.99  -2.48    11.07

SNOWFALL (IN)
  YESTERDAY        0.0           5.4  1971   0.0    0.0      0.0
  MONTH TO DATE    0.0                       0.5   -0.5       T
  SINCE MAR 1      0.0                       0.5   -0.5       T
  SINCE JUL 1      3.1                       4.2   -1.1      9.3
  SNOW DEPTH       0

DEGREE DAYS
 HEATING
  YESTERDAY        3                        12     -9       23
  MONTH TO DATE  261                       370   -109      450
  SINCE MAR 1    261                       370   -109      450
  SINCE JUL 1   3032                      3069    -37     3126

 COOLING
  YESTERDAY        0                         0      0        0
  MONTH TO DATE    7                         0      7        0
  SINCE MAR 1      7                         0      7        0
  SINCE JAN 1      7                         0      7        1
..................................................................


WIND (MPH)
  HIGHEST WIND SPEED    13   HIGHEST WIND DIRECTION     E (90)
  HIGHEST GUST SPEED    17   HIGHEST GUST DIRECTION     E (90)
  AVERAGE WIND SPEED     6.5


SKY COVER
  POSSIBLE SUNSHINE  MM
  AVERAGE SKY COVER 0.9


WEATHER CONDITIONS
 THE FOLLOWING WEATHER WAS RECORDED YESTERDAY.
  LIGHT RAIN


RELATIVE HUMIDITY (PERCENT)
 HIGHEST    86           500 AM
 LOWEST     53           200 PM
 AVERAGE    70

..........................................................


THE CHARLOTTE NC CLIMATE NORMALS FOR TODAY
                         NORMAL    RECORD    YEAR
 MAXIMUM TEMPERATURE (F)   66        86      1929
 MINIMUM TEMPERATURE (F)   42        22      1972
                                             1955


SUNRISE AND SUNSET
MARCH 26 2015.........SUNRISE   719 AM EDT   SUNSET   740 PM EDT
MARCH 27 2015.........SUNRISE   718 AM EDT   SUNSET   741 PM EDT


-  INDICATES NEGATIVE NUMBERS.
R  INDICATES RECORD WAS SET OR TIED.
MM INDICATES DATA IS MISSING.
T  INDICATES TRACE AMOUNT.




$$
