000
CDUS42 KGSP 020634 RRA
CLICLT

CLIMATE REPORT
NATIONAL WEATHER SERVICE GREENVILLE-SPARTANBURG SC
235 AM EDT WED SEP 2 2015


...................................

...THE CHARLOTTE NC CLIMATE SUMMARY FOR SEPTEMBER 1 2015...

CLIMATE NORMAL PERIOD 1981 TO 2010
CLIMATE RECORD PERIOD 1878 TO 2015


WEATHER ITEM   OBSERVED TIME   RECORD YEAR NORMAL DEPARTURE LAST
                VALUE   (LST)  VALUE       VALUE  FROM      YEAR
                                                  NORMAL
..................................................................
TEMPERATURE (F)
 YESTERDAY
  MAXIMUM         93    435 PM  99    1957  85      8       93
  MINIMUM         66    421 AM  51    1999  65      1       71
  AVERAGE         80                        75      5       82

PRECIPITATION (IN)
  YESTERDAY        0.00          2.93 1893   0.11  -0.11     0.00
  MONTH TO DATE    0.00                      0.11  -0.11     0.00
  SINCE SEP 1      0.00                      0.11  -0.11     0.00
  SINCE JAN 1     22.42                     28.71  -6.29    33.76

SNOWFALL (IN)
  YESTERDAY        0.0           0.0    MM   0.0    0.0      0.0
  MONTH TO DATE    0.0                       0.0    0.0      0.0
  SINCE SEP 1      0.0                       0.0    0.0      0.0
  SINCE JUL 1      0.0                       0.0    0.0      0.0
  SNOW DEPTH       0

DEGREE DAYS
 HEATING
  YESTERDAY        0                         0      0        0
  MONTH TO DATE    0                         0      0        0
  SINCE SEP 1      0                         0      0        0
  SINCE JUL 1      0                         0      0        0

 COOLING
  YESTERDAY       15                        10      5       17
  MONTH TO DATE   15                        10      5       17
  SINCE SEP 1     15                        10      5       17
  SINCE JAN 1   1756                      1287    469     1372
..................................................................


WIND (MPH)
  HIGHEST WIND SPEED     9   HIGHEST WIND DIRECTION     S (160)
  HIGHEST GUST SPEED    13   HIGHEST GUST DIRECTION     E (70)
  AVERAGE WIND SPEED     2.3


SKY COVER
  POSSIBLE SUNSHINE  MM
  AVERAGE SKY COVER 0.2


WEATHER CONDITIONS
 THE FOLLOWING WEATHER WAS RECORDED YESTERDAY.
  NO SIGNIFICANT WEATHER WAS OBSERVED.


RELATIVE HUMIDITY (PERCENT)
 HIGHEST    93           400 AM
 LOWEST     36           200 PM
 AVERAGE    65

..........................................................


THE CHARLOTTE NC CLIMATE NORMALS FOR TODAY
                         NORMAL    RECORD    YEAR
 MAXIMUM TEMPERATURE (F)   85        99      1932
 MINIMUM TEMPERATURE (F)   65        53      1967


SUNRISE AND SUNSET
SEPTEMBER  2 2015.....SUNRISE   657 AM EDT   SUNSET   750 PM EDT
SEPTEMBER  3 2015.....SUNRISE   658 AM EDT   SUNSET   748 PM EDT


-  INDICATES NEGATIVE NUMBERS.
R  INDICATES RECORD WAS SET OR TIED.
MM INDICATES DATA IS MISSING.
T  INDICATES TRACE AMOUNT.

$$
