000
CDUS46 KLOX 300905
CLICMA


CLIMATE REPORT
NATIONAL WEATHER SERVICE LOS ANGELES/OXNARD CA
205 AM PDT SAT APR 30 2016


...................................

...THE CAMARILLO AIRPORT CA CLIMATE SUMMARY FOR APRIL 29 2016...

CLIMATE NORMAL PERIOD 1981 TO 2010
CLIMATE RECORD PERIOD 1948 TO 2016


WEATHER ITEM   OBSERVED TIME   RECORD YEAR NORMAL DEPARTURE LAST
                VALUE   (LST)  VALUE       VALUE  FROM      YEAR
                                                  NORMAL
..................................................................
TEMPERATURE (F)
 YESTERDAY
  MAXIMUM         67    145 PM  96    1981  70     -3       82
  MINIMUM         48    335 AM  37    1970  49     -1       53
  AVERAGE         58                        60     -2       68

PRECIPITATION (IN)
  YESTERDAY        0.00          0.79 1983   0.02  -0.02     0.00
  MONTH TO DATE    0.57                      0.76  -0.19     0.12
  SINCE OCT 1      5.98                     14.59  -8.61     8.13
  SINCE JAN 1      5.42                     10.59  -5.17     3.22

SNOWFALL (IN)
  YESTERDAY        0.0
  MONTH TO DATE    0.0
  SINCE MAR 1      0.0
  SINCE JUL 1      0.0

DEGREE DAYS
 HEATING
  YESTERDAY        7                         6      1        0
  MONTH TO DATE  101                       201   -100      117
  SINCE MAR 1    289                       478   -189      208
  SINCE JUL 1   1106                      1814   -708      865

 COOLING
  YESTERDAY        0                         0      0        3
  MONTH TO DATE   12                         0     12       11
  SINCE MAR 1     13                         4      9       67
  SINCE JAN 1     71                        13     58      106
..................................................................


WIND (MPH)
  HIGHEST WIND SPEED    16   HIGHEST WIND DIRECTION     W (260)
  HIGHEST GUST SPEED    22   HIGHEST GUST DIRECTION    SW (240)
  AVERAGE WIND SPEED     5.9


SKY COVER
  POSSIBLE SUNSHINE  MM
  AVERAGE SKY COVER 0.2


WEATHER CONDITIONS
 THE FOLLOWING WEATHER WAS RECORDED YESTERDAY.
  FOG
  HAZE


RELATIVE HUMIDITY (PERCENT)
 HIGHEST    89           600 AM
 LOWEST     52          1200 PM
 AVERAGE    71

..........................................................


THE CAMARILLO AIRPORT CA CLIMATE NORMALS FOR TODAY
                         NORMAL    RECORD    YEAR
 MAXIMUM TEMPERATURE (F)   71        94      2014
 MINIMUM TEMPERATURE (F)   49        39      1967


SUNRISE AND SUNSET
APRIL 30 2016.........SUNRISE   607 AM PDT   SUNSET   740 PM PDT
MAY  1 2016...........SUNRISE   606 AM PDT   SUNSET   741 PM PDT


-  INDICATES NEGATIVE NUMBERS.
R  INDICATES RECORD WAS SET OR TIED.
MM INDICATES DATA IS MISSING.
T  INDICATES TRACE AMOUNT.




$$
