000
CDUS46 KLOX 050902
CLICMA


CLIMATE REPORT
NATIONAL WEATHER SERVICE LOS ANGELES/OXNARD CA
102 AM PST FRI FEB 5 2016


...................................

...THE CAMARILLO AIRPORT CA CLIMATE SUMMARY FOR FEBRUARY 4 2016...

CLIMATE NORMAL PERIOD 1981 TO 2010
CLIMATE RECORD PERIOD 1948 TO 2016


WEATHER ITEM   OBSERVED TIME   RECORD YEAR NORMAL DEPARTURE LAST
                VALUE   (LST)  VALUE       VALUE  FROM      YEAR
                                                  NORMAL
..................................................................
TEMPERATURE (F)
 YESTERDAY
  MAXIMUM         71    219 PM  89    2001  66      5       68
  MINIMUM         38    518 AM  32    1979  42     -4       50
  AVERAGE         55                        54      1       59

PRECIPITATION (IN)
  YESTERDAY        0.00          0.45 1990   0.10  -0.10     0.00
  MONTH TO DATE    0.00                      0.34  -0.34     0.00
  SINCE OCT 1      3.19                      7.81  -4.62     7.00
  SINCE JAN 1      2.63                      3.81  -1.18     2.09

SNOWFALL (IN)
  YESTERDAY        0.0
  MONTH TO DATE    0.0
  SINCE DEC 1      0.0
  SINCE JUL 1      0.0

DEGREE DAYS
 HEATING
  YESTERDAY       10                        11     -1        6
  MONTH TO DATE   54                        44     10       27
  SINCE DEC 1    602                       731   -129      442
  SINCE JUL 1    747                      1063   -316      529

 COOLING
  YESTERDAY        0                         0      0        0
  MONTH TO DATE    0                         0      0        0
  SINCE DEC 1      4                         9     -5       28
  SINCE JAN 1      0                         7     -7       24
..................................................................


WIND (MPH)
  HIGHEST WIND SPEED    23   HIGHEST WIND DIRECTION     W (250)
  HIGHEST GUST SPEED    28   HIGHEST GUST DIRECTION    NE (60)
  AVERAGE WIND SPEED     8.3


SKY COVER
  POSSIBLE SUNSHINE  MM
  AVERAGE SKY COVER 0.0


WEATHER CONDITIONS
 THE FOLLOWING WEATHER WAS RECORDED YESTERDAY.
  NO SIGNIFICANT WEATHER WAS OBSERVED.


RELATIVE HUMIDITY (PERCENT)
 HIGHEST    79          1200 AM
 LOWEST     17          1200 PM
 AVERAGE    48

..........................................................


THE CAMARILLO AIRPORT CA CLIMATE NORMALS FOR TODAY
                         NORMAL    RECORD    YEAR
 MAXIMUM TEMPERATURE (F)   66        85      2007
 MINIMUM TEMPERATURE (F)   42        32      1955


SUNRISE AND SUNSET
FEBRUARY  5 2016......SUNRISE   651 AM PST   SUNSET   530 PM PST
FEBRUARY  6 2016......SUNRISE   650 AM PST   SUNSET   531 PM PST


-  INDICATES NEGATIVE NUMBERS.
R  INDICATES RECORD WAS SET OR TIED.
MM INDICATES DATA IS MISSING.
T  INDICATES TRACE AMOUNT.




$$
