000
CDUS46 KLOX 270918
CLICMA


CLIMATE REPORT
NATIONAL WEATHER SERVICE LOS ANGELES/OXNARD CA
118 AM PST MON FEB 27 2017


...................................

...THE CAMARILLO AIRPORT CA CLIMATE SUMMARY FOR FEBRUARY 26 2017...

CLIMATE NORMAL PERIOD 1981 TO 2010
CLIMATE RECORD PERIOD 1948 TO 2017


WEATHER ITEM   OBSERVED TIME   RECORD YEAR NORMAL DEPARTURE LAST
                VALUE   (LST)  VALUE       VALUE  FROM      YEAR
                                                  NORMAL
..................................................................
TEMPERATURE (F)
 YESTERDAY
  MAXIMUM         61    340 PM  87    2002  65     -4       74
  MINIMUM         45   1216 AM  34    1964  43      2       44
  AVERAGE         53                        54     -1       59

PRECIPITATION (IN)
  YESTERDAY        0.18          2.14 1983   0.14   0.04     0.00
  MONTH TO DATE    6.10                      3.48   2.62     0.31
  SINCE OCT 1     19.01                     10.95   8.06     3.50
  SINCE JAN 1     14.35                      6.95   7.40     2.94

SNOWFALL (IN)
  YESTERDAY       MM
  MONTH TO DATE    0.0
  SINCE DEC 1      0.0
  SINCE JUL 1      0.0

DEGREE DAYS
 HEATING
  YESTERDAY       12                        11      1        6
  MONTH TO DATE  211                       296    -85      111
  SINCE DEC 1    797                       983   -186      659
  SINCE JUL 1    960                      1315   -355      804

 COOLING
  YESTERDAY        0                         0      0        0
  MONTH TO DATE    0                         0      0       58
  SINCE DEC 1      6                         9     -3       62
  SINCE JAN 1      1                         7     -6       58
..................................................................


WIND (MPH)
  HIGHEST WIND SPEED    18   HIGHEST WIND DIRECTION     E (80)
  HIGHEST GUST SPEED    MM   HIGHEST GUST DIRECTION    MM
  AVERAGE WIND SPEED     7.5


SKY COVER
  POSSIBLE SUNSHINE  MM
  AVERAGE SKY COVER 0.9


WEATHER CONDITIONS
 THE FOLLOWING WEATHER WAS RECORDED YESTERDAY.
  LIGHT RAIN
  FOG


RELATIVE HUMIDITY (PERCENT)
 HIGHEST    93           400 AM
 LOWEST     55           300 PM
 AVERAGE    74

..........................................................


THE CAMARILLO AIRPORT CA CLIMATE NORMALS FOR TODAY
                         NORMAL    RECORD    YEAR
 MAXIMUM TEMPERATURE (F)   65        83      1992
 MINIMUM TEMPERATURE (F)   44        30      1962


SUNRISE AND SUNSET
FEBRUARY 27 2017......SUNRISE   627 AM PST   SUNSET   551 PM PST
FEBRUARY 28 2017......SUNRISE   626 AM PST   SUNSET   552 PM PST


-  INDICATES NEGATIVE NUMBERS.
R  INDICATES RECORD WAS SET OR TIED.
MM INDICATES DATA IS MISSING.
T  INDICATES TRACE AMOUNT.




$$
