000
CDUS46 KLOX 230902
CLICMA


CLIMATE REPORT
NATIONAL WEATHER SERVICE LOS ANGELES/OXNARD CA
202 AM PDT TUE SEP 23 2014


...................................

...THE CAMARILLO AIRPORT CA CLIMATE SUMMARY FOR SEPTEMBER 22 2014...

CLIMATE NORMAL PERIOD 1981 TO 2010
CLIMATE RECORD PERIOD 1948 TO 2014


WEATHER ITEM   OBSERVED TIME   RECORD YEAR NORMAL DEPARTURE LAST
                VALUE   (LST)  VALUE       VALUE  FROM      YEAR
                                                  NORMAL
..................................................................
TEMPERATURE (F)
 YESTERDAY
  MAXIMUM         81    243 PM  97    1978  76      5       77
  MINIMUM         60    328 AM  45    1968  56      4       55
  AVERAGE         71                        66      5       66

PRECIPITATION (IN)
  YESTERDAY        0.00          0.16 1994   0.01  -0.01     0.00
  MONTH TO DATE    T                         0.11  -0.11     0.00
  SINCE JUL 1      0.03                      0.17  -0.14     0.04
  SINCE JAN 1      4.22                     11.15  -6.93     2.19

SNOWFALL (IN)
  YESTERDAY        0.0
  MONTH TO DATE    0.0
  SINCE SEP 1      0.0
  SINCE JUL 1      0.0

DEGREE DAYS
 HEATING
  YESTERDAY        0                         1     -1        0
  MONTH TO DATE    0                         4     -4        0
  SINCE SEP 1      0                         4     -4        0
  SINCE JUL 1      0                        19    -19        3

 COOLING
  YESTERDAY        6                         2      4        1
  MONTH TO DATE  205                        57    148      100
  SINCE SEP 1    205                        57    148      100
  SINCE JAN 1    842                       269    573      569
..................................................................


WIND (MPH)
  HIGHEST WIND SPEED    12   HIGHEST WIND DIRECTION     W (260)
  HIGHEST GUST SPEED    15   HIGHEST GUST DIRECTION     W (260)
  AVERAGE WIND SPEED     4.0


SKY COVER
  POSSIBLE SUNSHINE  MM
  AVERAGE SKY COVER 0.0


WEATHER CONDITIONS
 THE FOLLOWING WEATHER WAS RECORDED YESTERDAY.
  NO SIGNIFICANT WEATHER WAS OBSERVED.


RELATIVE HUMIDITY (PERCENT)
 HIGHEST    84          1200 AM
 LOWEST     49           100 PM
 AVERAGE    67

..........................................................


THE CAMARILLO AIRPORT CA CLIMATE NORMALS FOR TODAY
                         NORMAL    RECORD    YEAR
 MAXIMUM TEMPERATURE (F)   76        96      1968
 MINIMUM TEMPERATURE (F)   56        47      1954


SUNRISE AND SUNSET
SEPTEMBER 23 2014.....SUNRISE   645 AM PDT   SUNSET   652 PM PDT
SEPTEMBER 24 2014.....SUNRISE   646 AM PDT   SUNSET   650 PM PDT


-  INDICATES NEGATIVE NUMBERS.
R  INDICATES RECORD WAS SET OR TIED.
MM INDICATES DATA IS MISSING.
T  INDICATES TRACE AMOUNT.




$$
