588
CDUS46 KLOX 220857
CLICMA


CLIMATE REPORT
NATIONAL WEATHER SERVICE LOS ANGELES/OXNARD CA
157 AM PDT FRI MAY 22 2015


...................................

...THE CAMARILLO AIRPORT CA CLIMATE SUMMARY FOR MAY 21 2015...

CLIMATE NORMAL PERIOD 1981 TO 2010
CLIMATE RECORD PERIOD 1948 TO 2015


WEATHER ITEM   OBSERVED TIME   RECORD YEAR NORMAL DEPARTURE LAST
                VALUE   (LST)  VALUE       VALUE  FROM      YEAR
                                                  NORMAL
..................................................................
TEMPERATURE (F)
 YESTERDAY
  MAXIMUM         71    257 PM  85    2005  71      0       70
  MINIMUM         53    506 AM  42    1962  53      0       51
  AVERAGE         62                        62      0       61

PRECIPITATION (IN)
  YESTERDAY        0.00          0.89 2006   0.00   0.00     0.00
  MONTH TO DATE    0.22                      0.29  -0.07     0.00
  SINCE OCT 1      8.35                     14.91  -6.56     4.96
  SINCE JAN 1      3.44                     10.91  -7.47     4.18

SNOWFALL (IN)
  YESTERDAY        0.0
  MONTH TO DATE    0.0
  SINCE MAR 1      0.0
  SINCE JUL 1      0.0

DEGREE DAYS
 HEATING
  YESTERDAY        3                         4     -1        4
  MONTH TO DATE   86                        94     -8       44
  SINCE MAR 1    294                       578   -284      340
  SINCE JUL 1    951                      1914   -963     1293

 COOLING
  YESTERDAY        0                         0      0        0
  MONTH TO DATE    1                         0      1       78
  SINCE MAR 1     70                        11     59      112
  SINCE JAN 1    109                        20     89      140
..................................................................


WIND (MPH)
  HIGHEST WIND SPEED    23   HIGHEST WIND DIRECTION     W (270)
  HIGHEST GUST SPEED    28   HIGHEST GUST DIRECTION     W (270)
  AVERAGE WIND SPEED     9.2


SKY COVER
  POSSIBLE SUNSHINE  MM
  AVERAGE SKY COVER 0.5


WEATHER CONDITIONS
 THE FOLLOWING WEATHER WAS RECORDED YESTERDAY.
  NO SIGNIFICANT WEATHER WAS OBSERVED.


RELATIVE HUMIDITY (PERCENT)
 HIGHEST    77          1200 AM
 LOWEST     44           300 PM
 AVERAGE    61

..........................................................


THE CAMARILLO AIRPORT CA CLIMATE NORMALS FOR TODAY
                         NORMAL    RECORD    YEAR
 MAXIMUM TEMPERATURE (F)   71        85      2005
 MINIMUM TEMPERATURE (F)   53        41      1976


SUNRISE AND SUNSET
MAY 22 2015...........SUNRISE   550 AM PDT   SUNSET   756 PM PDT
MAY 23 2015...........SUNRISE   550 AM PDT   SUNSET   757 PM PDT


-  INDICATES NEGATIVE NUMBERS.
R  INDICATES RECORD WAS SET OR TIED.
MM INDICATES DATA IS MISSING.
T  INDICATES TRACE AMOUNT.




$$
