000
CDUS46 KLOX 140922
CLICMA


CLIMATE REPORT
NATIONAL WEATHER SERVICE LOS ANGELES/OXNARD CA
122 AM PST THU DEC 14 2017


...................................

...THE CAMARILLO AIRPORT CA CLIMATE SUMMARY FOR DECEMBER 13 2017...

CLIMATE NORMAL PERIOD 1981 TO 2010
CLIMATE RECORD PERIOD 1923 TO 2017


WEATHER ITEM   OBSERVED TIME   RECORD YEAR NORMAL DEPARTURE LAST
                VALUE   (LST)  VALUE       VALUE  FROM      YEAR
                                                  NORMAL
..................................................................
TEMPERATURE (F)
 YESTERDAY
  MAXIMUM         87R  1213 PM  84    1952  65     22       64
  MINIMUM         43   1157 PM  32    1947  42      1       51
  AVERAGE         65                        54     11       58

PRECIPITATION (IN)
  YESTERDAY        0.00          1.50 1934   0.04  -0.04     0.00
  MONTH TO DATE    0.00                      0.50  -0.50     0.00
  SINCE OCT 1      0.07                      2.44  -2.37     1.48
  SINCE JAN 1     14.87                     13.66   1.21     6.90

SNOWFALL (IN)
  YESTERDAY        0.0
  MONTH TO DATE    0.0
  SINCE DEC 1      0.0
  SINCE JUL 1      0.0

DEGREE DAYS
 HEATING
  YESTERDAY        0                        12    -12        7
  MONTH TO DATE   31                       141   -110      102
  SINCE DEC 1     31                       141   -110      102
  SINCE JUL 1    118                       473   -355      265

 COOLING
  YESTERDAY        0                         0      0        0
  MONTH TO DATE   26                         0     26        0
  SINCE DEC 1     26                         0     26        0
  SINCE JAN 1    897                       330    567      729
..................................................................


WIND (MPH)
  HIGHEST WIND SPEED    13   HIGHEST WIND DIRECTION    SW (220)
  HIGHEST GUST SPEED    15   HIGHEST GUST DIRECTION    SW (220)
  AVERAGE WIND SPEED     5.3


SKY COVER
  POSSIBLE SUNSHINE  MM
  AVERAGE SKY COVER 0.0


WEATHER CONDITIONS
 THE FOLLOWING WEATHER WAS RECORDED YESTERDAY.
  HAZE


RELATIVE HUMIDITY (PERCENT)
 HIGHEST    66           900 PM
 LOWEST      6          1200 PM
 AVERAGE    36

..........................................................


THE CAMARILLO AIRPORT CA CLIMATE NORMALS FOR TODAY
                         NORMAL    RECORD    YEAR
 MAXIMUM TEMPERATURE (F)   65        87      1953
 MINIMUM TEMPERATURE (F)   42        32      2008
                                             1963
                                             1959


SUNRISE AND SUNSET
DECEMBER 14 2017......SUNRISE   654 AM PST   SUNSET   448 PM PST
DECEMBER 15 2017......SUNRISE   655 AM PST   SUNSET   448 PM PST


-  INDICATES NEGATIVE NUMBERS.
R  INDICATES RECORD WAS SET OR TIED.
MM INDICATES DATA IS MISSING.
T  INDICATES TRACE AMOUNT.




$$
