000
CDUS46 KLOX 240121
CLICMA


CLIMATE REPORT
NATIONAL WEATHER SERVICE LOS ANGELES/OXNARD CA
620 PM PDT FRI JUN 23 2017


...................................

...THE CAMARILLO CLIMATE SUMMARY FOR JUNE 23 2017...
VALID TODAY AS OF 0600 PM LOCAL TIME.

CLIMATE NORMAL PERIOD 1981 TO 2010
CLIMATE RECORD PERIOD 1923 TO 2017


WEATHER ITEM   OBSERVED TIME   RECORD YEAR NORMAL DEPARTURE LAST
                VALUE   (LST)  VALUE       VALUE  FROM      YEAR
                                                  NORMAL
..................................................................
TEMPERATURE (F)
 TODAY
  MAXIMUM         71    246 PM  85    1931  73     -2       74
  MINIMUM         61    325 AM  45    1943  57      4       58
                                      1933
  AVERAGE         66                        65      1       66

PRECIPITATION (IN)
  TODAY            0.00          0.01 1970   0.00   0.00     0.00
  MONTH TO DATE    0.00                      0.05  -0.05     0.00
  SINCE OCT 1     19.44                     14.98   4.46     5.98
  SINCE JAN 1     14.78                     10.98   3.80     5.42

SNOWFALL (IN)
  TODAY            0.0
  MONTH TO DATE    0.0
  SINCE JUN 1      0.0
  SINCE JUL 1      0.0

DEGREE DAYS
 HEATING
  TODAY            0                         1     -1        0
  MONTH TO DATE   19                        35    -16       17
  SINCE JUN 1     19                        35    -16       17
  SINCE JUL 1   1351                      1978   -627     1213

 COOLING
  TODAY            1                         1      0        1
  MONTH TO DATE   42                        11     31       38
  SINCE JUN 1     42                        11     31       38
  SINCE JAN 1     83                        42     41      109
..................................................................


WIND (MPH)
  HIGHEST WIND SPEED    13   HIGHEST WIND DIRECTION     W (260)
  HIGHEST GUST SPEED    16   HIGHEST GUST DIRECTION     W (260)
  AVERAGE WIND SPEED     5.6


SKY COVER
  POSSIBLE SUNSHINE  MM
  AVERAGE SKY COVER 0.9


WEATHER CONDITIONS
 THE FOLLOWING WEATHER WAS RECORDED TODAY.
  FOG


RELATIVE HUMIDITY (PERCENT)
 HIGHEST    93          1200 AM
 LOWEST     73           300 PM
 AVERAGE    83

..........................................................


THE CAMARILLO CLIMATE NORMALS FOR TOMORROW
                         NORMAL    RECORD    YEAR
 MAXIMUM TEMPERATURE (F)   74        87      1931
 MINIMUM TEMPERATURE (F)   57        47      1963
                                             1943
                                             1941


SUNRISE AND SUNSET
JUNE 23 2017..........SUNRISE   546 AM PDT   SUNSET   812 PM PDT
JUNE 24 2017..........SUNRISE   546 AM PDT   SUNSET   812 PM PDT


-  INDICATES NEGATIVE NUMBERS.
R  INDICATES RECORD WAS SET OR TIED.
MM INDICATES DATA IS MISSING.
T  INDICATES TRACE AMOUNT.




$$
