000
CDUS41 KILN 240553
CLICMH


CLIMATE REPORT
NATIONAL WEATHER SERVICE WILMINGTON OH
152 AM EDT SAT JUN 24 2017


...................................

...THE COLUMBUS OH CLIMATE SUMMARY FOR JUNE 23 2017...

CLIMATE NORMAL PERIOD 1981 TO 2010
CLIMATE RECORD PERIOD 1869 TO 2017


WEATHER ITEM   OBSERVED TIME   RECORD YEAR NORMAL DEPARTURE LAST
                VALUE   (LST)  VALUE       VALUE  FROM      YEAR
                                                  NORMAL
..................................................................
TEMPERATURE (F)
 YESTERDAY
  MAXIMUM         76   1256 PM  96    1948  84     -8       87
  MINIMUM         68   1159 PM  44    1918  64      4       64
  AVERAGE         72                        74     -2       76

PRECIPITATION (IN)
  YESTERDAY        1.31          2.75 2016   0.13   1.18     2.75
  MONTH TO DATE    3.25                      3.12   0.13     3.82
  SINCE JUN 1      3.25                      3.12   0.13     3.82
  SINCE JAN 1     21.93                     18.69   3.24    17.55

SNOWFALL (IN)
  YESTERDAY        0.0                       0.0    0.0      0.0
  MONTH TO DATE    0.0                       0.0    0.0      0.0
  SINCE JUN 1      0.0                       0.0    0.0      0.0
  SINCE JUL 1      9.3                      26.7  -17.4     17.1
  SNOW DEPTH       0

DEGREE DAYS
 HEATING
  YESTERDAY        0                         0      0        0
  MONTH TO DATE    6                        18    -12        4
  SINCE JUN 1      6                        18    -12        4
  SINCE JUL 1   4277                      5245   -968     4551

 COOLING
  YESTERDAY        7                         9     -2       11
  MONTH TO DATE  198                       150     48      201
  SINCE JUN 1    198                       150     48      201
  SINCE JAN 1    323                       232     91      266
..................................................................


WIND (MPH)
  RESULTANT WIND SPEED   9   RESULTANT WIND DIRECTION  SW (210)
  HIGHEST WIND SPEED    29   HIGHEST WIND DIRECTION    SW (230)
  HIGHEST GUST SPEED    36   HIGHEST GUST DIRECTION     W (250)
  AVERAGE WIND SPEED     9.6


SKY COVER
  POSSIBLE SUNSHINE  MM
  AVERAGE SKY COVER 1.0


WEATHER CONDITIONS
 THE FOLLOWING WEATHER WAS RECORDED YESTERDAY.
  THUNDERSTORM
  HEAVY RAIN
  RAIN
  LIGHT RAIN
  FOG


RELATIVE HUMIDITY (PERCENT)
 HIGHEST   100           300 AM
 LOWEST     93          1200 AM
 AVERAGE    97

..........................................................


THE COLUMBUS OH CLIMATE NORMALS FOR TODAY
                         NORMAL    RECORD    YEAR
 MAXIMUM TEMPERATURE (F)   84        97      1914
 MINIMUM TEMPERATURE (F)   64        46      1982


SUNRISE AND SUNSET
JUNE 24 2017..........SUNRISE   604 AM EDT   SUNSET   904 PM EDT
JUNE 25 2017..........SUNRISE   604 AM EDT   SUNSET   904 PM EDT


-  INDICATES NEGATIVE NUMBERS.
R  INDICATES RECORD WAS SET OR TIED.
MM INDICATES DATA IS MISSING.
T  INDICATES TRACE AMOUNT.




$$
