000
CDUS41 KILN 230634
CLICMH


CLIMATE REPORT
NATIONAL WEATHER SERVICE WILMINGTON OH
233 AM EDT TUE MAY 23 2017


...................................

...THE COLUMBUS OH CLIMATE SUMMARY FOR MAY 22 2017...

CLIMATE NORMAL PERIOD 1981 TO 2010
CLIMATE RECORD PERIOD 1869 TO 2017


WEATHER ITEM   OBSERVED TIME   RECORD YEAR NORMAL DEPARTURE LAST
                VALUE   (LST)  VALUE       VALUE  FROM      YEAR
                                                  NORMAL
..................................................................
TEMPERATURE (F)
 YESTERDAY
  MAXIMUM         68    523 PM  93    1941  75     -7       72
  MINIMUM         52    545 AM  33    2002  54     -2       42
  AVERAGE         60                        64     -4       57

PRECIPITATION (IN)
  YESTERDAY        0.00          1.48 1960   0.14  -0.14     0.00
  MONTH TO DATE    4.34                      2.87   1.47     2.14
  SINCE MAR 1     12.32                      9.29   3.03     8.72
  SINCE JAN 1     17.78                     14.27   3.51    13.13

SNOWFALL (IN)
  YESTERDAY        0.0                       0.0    0.0      0.0
  MONTH TO DATE    0.0                       0.0    0.0      0.0
  SINCE MAR 1      1.7                       5.3   -3.6      2.6
  SINCE JUL 1      9.3                      26.7  -17.4     17.1
  SNOW DEPTH       0

DEGREE DAYS
 HEATING
  YESTERDAY        5                         4      1        8
  MONTH TO DATE  132                       121     11      198
  SINCE MAR 1    999                      1208   -209     1102
  SINCE JUL 1   4268                      5203   -935     4543

 COOLING
  YESTERDAY        0                         3     -3        0
  MONTH TO DATE   47                        38      9        3
  SINCE MAR 1     91                        50     41        4
  SINCE JAN 1     95                        50     45        4
..................................................................


WIND (MPH)
  RESULTANT WIND SPEED   7   RESULTANT WIND DIRECTION   W (280)
  HIGHEST WIND SPEED    22   HIGHEST WIND DIRECTION    NW (300)
  HIGHEST GUST SPEED    25   HIGHEST GUST DIRECTION    NW (300)
  AVERAGE WIND SPEED     8.5


SKY COVER
  POSSIBLE SUNSHINE  MM
  AVERAGE SKY COVER 0.7


WEATHER CONDITIONS
 THE FOLLOWING WEATHER WAS RECORDED YESTERDAY.
  NO SIGNIFICANT WEATHER WAS OBSERVED.


RELATIVE HUMIDITY (PERCENT)
 HIGHEST    93          1200 AM
 LOWEST     45           600 PM
 AVERAGE    69

..........................................................


THE COLUMBUS OH CLIMATE NORMALS FOR TODAY
                         NORMAL    RECORD    YEAR
 MAXIMUM TEMPERATURE (F)   75        90      1939
 MINIMUM TEMPERATURE (F)   54        34      1963


SUNRISE AND SUNSET
MAY 23 2017...........SUNRISE   610 AM EDT   SUNSET   847 PM EDT
MAY 24 2017...........SUNRISE   609 AM EDT   SUNSET   848 PM EDT


-  INDICATES NEGATIVE NUMBERS.
R  INDICATES RECORD WAS SET OR TIED.
MM INDICATES DATA IS MISSING.
T  INDICATES TRACE AMOUNT.




$$
