000
CDUS41 KILN 210540
CLICMH


CLIMATE REPORT
NATIONAL WEATHER SERVICE WILMINGTON OH
1240 AM EST SUN DEC 21 2014


...................................

...THE COLUMBUS OH CLIMATE SUMMARY FOR DECEMBER 20 2014...

CLIMATE NORMAL PERIOD 1981 TO 2010
CLIMATE RECORD PERIOD 1869 TO 2014


WEATHER ITEM   OBSERVED TIME   RECORD YEAR NORMAL DEPARTURE LAST
                VALUE   (LST)  VALUE       VALUE  FROM      YEAR
                                                  NORMAL
..................................................................
TEMPERATURE (F)
 YESTERDAY
  MAXIMUM         31    708 PM  62    1895  39     -8       58
  MINIMUM         28   1255 AM -10    1963  26      2       47
  AVERAGE         30                        32     -2       53

PRECIPITATION (IN)
  YESTERDAY        T             1.02 1903   0.09  -0.09     0.02
  MONTH TO DATE    1.99                      1.91   0.08     1.75
  SINCE DEC 1      1.99                      1.91   0.08     1.75
  SINCE JAN 1     37.38                     38.25  -0.87    39.00

SNOWFALL (IN)
  YESTERDAY        T             6.5  1960   0.1   -0.1      0.0
  MONTH TO DATE    T                         2.7   -2.7     12.0
  SINCE DEC 1      T                         2.7   -2.7     12.0
  SINCE JUL 1      4.1                       3.8    0.3     16.7
  SNOW DEPTH       0

DEGREE DAYS
 HEATING
  YESTERDAY       35                        33      2       12
  MONTH TO DATE  579                       602    -23      628
  SINCE DEC 1    579                       602    -23      628
  SINCE JUL 1   1764                      1616    148     1690

 COOLING
  YESTERDAY        0                         0      0        0
  MONTH TO DATE    0                         0      0        0
  SINCE DEC 1      0                         0      0        0
  SINCE JAN 1   1163                      1024    139     1179
..................................................................


WIND (MPH)
  RESULTANT WIND SPEED   0   RESULTANT WIND DIRECTION   E (90)
  HIGHEST WIND SPEED     8   HIGHEST WIND DIRECTION     E (110)
  HIGHEST GUST SPEED     9   HIGHEST GUST DIRECTION     N (360)
  AVERAGE WIND SPEED     0.7


SKY COVER
  POSSIBLE SUNSHINE  MM
  AVERAGE SKY COVER 1.0


WEATHER CONDITIONS
 THE FOLLOWING WEATHER WAS RECORDED YESTERDAY.
  LIGHT SNOW
  HAZE


RELATIVE HUMIDITY (PERCENT)
 HIGHEST    78          1100 PM
 LOWEST     69           900 AM
 AVERAGE    74

..........................................................


THE COLUMBUS OH CLIMATE NORMALS FOR TODAY
                         NORMAL    RECORD    YEAR
 MAXIMUM TEMPERATURE (F)   38        69      2013
 MINIMUM TEMPERATURE (F)   25       -10      1989


SUNRISE AND SUNSET
DECEMBER 21 2014......SUNRISE   750 AM EST   SUNSET   510 PM EST
DECEMBER 22 2014......SUNRISE   750 AM EST   SUNSET   510 PM EST


-  INDICATES NEGATIVE NUMBERS.
R  INDICATES RECORD WAS SET OR TIED.
MM INDICATES DATA IS MISSING.
T  INDICATES TRACE AMOUNT.




$$
