000
CDUS41 KILN 050544
CLICMH


CLIMATE REPORT
NATIONAL WEATHER SERVICE WILMINGTON OH
143 AM EDT THU MAY 5 2016


...................................

...THE COLUMBUS OH CLIMATE SUMMARY FOR MAY 4 2016...

CLIMATE NORMAL PERIOD 1981 TO 2010
CLIMATE RECORD PERIOD 1869 TO 2016


WEATHER ITEM   OBSERVED TIME   RECORD YEAR NORMAL DEPARTURE LAST
                VALUE   (LST)  VALUE       VALUE  FROM      YEAR
                                                  NORMAL
..................................................................
TEMPERATURE (F)
 YESTERDAY
  MAXIMUM         61   1218 PM  89    1955  70     -9       81
                                      1949
                                      1902
  MINIMUM         44   1159 PM  31    2005  49     -5       52
                                      1986
                                      1966
  AVERAGE         53                        59     -6       67

PRECIPITATION (IN)
  YESTERDAY        0.08          1.44 1990   0.13  -0.05     0.22
  MONTH TO DATE    0.36                      0.49  -0.13     0.22
  SINCE MAR 1      6.94                      6.91   0.03     8.23
  SINCE JAN 1     11.35                     11.89  -0.54    12.80

SNOWFALL (IN)
  YESTERDAY        0.0           0.0         0.0    0.0      0.0
  MONTH TO DATE    0.0                       0.0    0.0      0.0
  SINCE MAR 1      2.6                       5.3   -2.7      5.4
  SINCE JUL 1     17.1                      26.7   -9.6     33.4
  SNOW DEPTH      MM

DEGREE DAYS
 HEATING
  YESTERDAY       12                         7      5        0
  MONTH TO DATE   34                        29      5       16
  SINCE MAR 1    938                      1116   -178     1195
  SINCE JUL 1   4379                      5111   -732     5749

 COOLING
  YESTERDAY        0                         1     -1        2
  MONTH TO DATE    1                         4     -3        2
  SINCE MAR 1      2                        16    -14        2
  SINCE JAN 1      2                        16    -14        2
..................................................................


WIND (MPH)
  RESULTANT WIND SPEED   5   RESULTANT WIND DIRECTION   W (290)
  HIGHEST WIND SPEED    24   HIGHEST WIND DIRECTION    SW (240)
  HIGHEST GUST SPEED    29   HIGHEST GUST DIRECTION    SW (230)
  AVERAGE WIND SPEED     8.7


SKY COVER
  POSSIBLE SUNSHINE  MM
  AVERAGE SKY COVER 0.7


WEATHER CONDITIONS
 THE FOLLOWING WEATHER WAS RECORDED YESTERDAY.
  RAIN
  LIGHT RAIN
  FOG


RELATIVE HUMIDITY (PERCENT)
 HIGHEST   100           400 AM
 LOWEST     68           700 PM
 AVERAGE    84

..........................................................


THE COLUMBUS OH CLIMATE NORMALS FOR TODAY
                         NORMAL    RECORD    YEAR
 MAXIMUM TEMPERATURE (F)   70        92      1952
                                             1895
 MINIMUM TEMPERATURE (F)   49        32      1979


SUNRISE AND SUNSET
MAY  5 2016...........SUNRISE   626 AM EDT   SUNSET   831 PM EDT
MAY  6 2016...........SUNRISE   625 AM EDT   SUNSET   832 PM EDT


-  INDICATES NEGATIVE NUMBERS.
R  INDICATES RECORD WAS SET OR TIED.
MM INDICATES DATA IS MISSING.
T  INDICATES TRACE AMOUNT.




$$
