000
CDUS41 KILN 310616
CLICMH


CLIMATE REPORT
NATIONAL WEATHER SERVICE WILMINGTON OH
115 AM EST SAT JAN 31 2015


...................................

...THE COLUMBUS OH CLIMATE SUMMARY FOR JANUARY 30 2015...

CLIMATE NORMAL PERIOD 1981 TO 2010
CLIMATE RECORD PERIOD 1869 TO 2015


WEATHER ITEM   OBSERVED TIME   RECORD YEAR NORMAL DEPARTURE LAST
                VALUE   (LST)  VALUE       VALUE  FROM      YEAR
                                                  NORMAL
..................................................................
TEMPERATURE (F)
 YESTERDAY
  MAXIMUM         32    126 AM  65    2013  37     -5       32
  MINIMUM         14   1123 PM  -5    1966  23     -9        7
  AVERAGE         23                        30     -7       20

PRECIPITATION (IN)
  YESTERDAY        0.03          1.37 1947   0.09  -0.06     0.00
  MONTH TO DATE    2.87                      2.65   0.22     2.39
  SINCE DEC 1      5.57                      5.62  -0.05     6.69
  SINCE JAN 1      2.87                      2.65   0.22     2.39

SNOWFALL (IN)
  YESTERDAY        0.5           3.5  1909   0.3    0.2      0.0
                                      1901
  MONTH TO DATE    8.4                       8.9   -0.5     17.6
  SINCE DEC 1      8.4                      13.9   -5.5     30.3
  SINCE JUL 1     12.5                      15.0   -2.5     35.0
  SNOW DEPTH       0

DEGREE DAYS
 HEATING
  YESTERDAY       42                        35      7       45
  MONTH TO DATE 1161                      1066     95     1272
  SINCE DEC 1   2054                      2043     11     2203
  SINCE JUL 1   3239                      3057    182     3265

 COOLING
  YESTERDAY        0                         0      0        0
  MONTH TO DATE    0                         0      0        0
  SINCE DEC 1      0                         0      0        0
  SINCE JAN 1      0                         0      0        0
..................................................................


WIND (MPH)
  RESULTANT WIND SPEED  10   RESULTANT WIND DIRECTION  NW (320)
  HIGHEST WIND SPEED    25   HIGHEST WIND DIRECTION    NW (330)
  HIGHEST GUST SPEED    38   HIGHEST GUST DIRECTION    NW (330)
  AVERAGE WIND SPEED    12.0


SKY COVER
  POSSIBLE SUNSHINE  MM
  AVERAGE SKY COVER 0.7


WEATHER CONDITIONS
 THE FOLLOWING WEATHER WAS RECORDED YESTERDAY.
  HEAVY SNOW
  LIGHT SNOW
  FOG
  FOG W/VISIBILITY <= 1/4 MILE


RELATIVE HUMIDITY (PERCENT)
 HIGHEST    85          1200 AM
 LOWEST     54           100 PM
 AVERAGE    70

..........................................................


THE COLUMBUS OH CLIMATE NORMALS FOR TODAY
                         NORMAL    RECORD    YEAR
 MAXIMUM TEMPERATURE (F)   37        66      2002
 MINIMUM TEMPERATURE (F)   23        -6      2004


SUNRISE AND SUNSET
JANUARY 31 2015.......SUNRISE   741 AM EST   SUNSET   549 PM EST
FEBRUARY  1 2015......SUNRISE   740 AM EST   SUNSET   550 PM EST


-  INDICATES NEGATIVE NUMBERS.
R  INDICATES RECORD WAS SET OR TIED.
MM INDICATES DATA IS MISSING.
T  INDICATES TRACE AMOUNT.




$$
