000
CDUS41 KILN 300615
CLICMH


CLIMATE REPORT
NATIONAL WEATHER SERVICE WILMINGTON OH
214 AM EDT THU JUL 30 2015


...................................

...THE COLUMBUS OH CLIMATE SUMMARY FOR JULY 29 2015...

CLIMATE NORMAL PERIOD 1981 TO 2010
CLIMATE RECORD PERIOD 1869 TO 2015


WEATHER ITEM   OBSERVED TIME   RECORD YEAR NORMAL DEPARTURE LAST
                VALUE   (LST)  VALUE       VALUE  FROM      YEAR
                                                  NORMAL
..................................................................
TEMPERATURE (F)
 YESTERDAY
  MAXIMUM         91    338 PM  98    1940  85      6       73
  MINIMUM         70    609 AM  51    1968  65      5       59
  AVERAGE         81                        75      6       66

PRECIPITATION (IN)
  YESTERDAY        0.05          2.20 1878   0.13  -0.08      T
  MONTH TO DATE    5.38                      4.52   0.86     3.47
  SINCE JUN 1     12.10                      8.53   3.57     8.76
  SINCE JAN 1     28.24                     24.10   4.14    25.61

SNOWFALL (IN)
  YESTERDAY        0.0           0.0         0.0    0.0      0.0
  MONTH TO DATE    0.0                       0.0    0.0      0.0
  SINCE JUN 1      0.0                       0.0    0.0      0.0
  SINCE JUL 1      0.0                       0.0    0.0      0.0
  SNOW DEPTH       0

DEGREE DAYS
 HEATING
  YESTERDAY        0                         0      0        0
  MONTH TO DATE    0                         0      0        0
  SINCE JUN 1     20                        19      1        1
  SINCE JUL 1      0                         0      0        0

 COOLING
  YESTERDAY       16                        10      6        1
  MONTH TO DATE  238                       290    -52      239
  SINCE JUN 1    458                       506    -48      528
  SINCE JAN 1    611                       588     23      683
..................................................................


WIND (MPH)
  RESULTANT WIND SPEED   2   RESULTANT WIND DIRECTION  SW (220)
  HIGHEST WIND SPEED    28   HIGHEST WIND DIRECTION     W (280)
  HIGHEST GUST SPEED    33   HIGHEST GUST DIRECTION     W (290)
  AVERAGE WIND SPEED     3.7


SKY COVER
  POSSIBLE SUNSHINE  MM
  AVERAGE SKY COVER 0.6


WEATHER CONDITIONS
 THE FOLLOWING WEATHER WAS RECORDED YESTERDAY.
  THUNDERSTORM
  LIGHT RAIN
  FOG
  HAZE


RELATIVE HUMIDITY (PERCENT)
 HIGHEST    94           900 PM
 LOWEST     52           100 PM
 AVERAGE    73

..........................................................


THE COLUMBUS OH CLIMATE NORMALS FOR TODAY
                         NORMAL    RECORD    YEAR
 MAXIMUM TEMPERATURE (F)   85        99      1940
 MINIMUM TEMPERATURE (F)   65        49      1981


SUNRISE AND SUNSET
JULY 30 2015..........SUNRISE   628 AM EDT   SUNSET   848 PM EDT
JULY 31 2015..........SUNRISE   629 AM EDT   SUNSET   847 PM EDT


-  INDICATES NEGATIVE NUMBERS.
R  INDICATES RECORD WAS SET OR TIED.
MM INDICATES DATA IS MISSING.
T  INDICATES TRACE AMOUNT.




$$
