000
CDUS41 KILN 270610
CLICMH


CLIMATE REPORT
NATIONAL WEATHER SERVICE WILMINGTON OH
209 AM EDT WED JUL 27 2016


...................................

...THE COLUMBUS OH CLIMATE SUMMARY FOR JULY 26 2016...

CLIMATE NORMAL PERIOD 1981 TO 2010
CLIMATE RECORD PERIOD 1869 TO 2016


WEATHER ITEM   OBSERVED TIME   RECORD YEAR NORMAL DEPARTURE LAST
                VALUE   (LST)  VALUE       VALUE  FROM      YEAR
                                                  NORMAL
..................................................................
TEMPERATURE (F)
 YESTERDAY
  MAXIMUM         89    121 PM 102    1934  85      4       84
  MINIMUM         74    641 AM  52    1911  66      8       69
  AVERAGE         82                        75      7       77

PRECIPITATION (IN)
  YESTERDAY        T             2.31 1995   0.16  -0.16     0.08
  MONTH TO DATE    2.33                      4.10  -1.77     5.33
  SINCE JUN 1      7.55                      8.11  -0.56    12.05
  SINCE JAN 1     21.28                     23.68  -2.40    28.19

SNOWFALL (IN)
  YESTERDAY        0.0           0.0         0.0    0.0      0.0
  MONTH TO DATE    0.0                       0.0    0.0      0.0
  SINCE JUN 1      0.0                       0.0    0.0      0.0
  SINCE JUL 1      0.0                       0.0    0.0      0.0
  SNOW DEPTH       0

DEGREE DAYS
 HEATING
  YESTERDAY        0                         0      0        0
  MONTH TO DATE    0                         0      0        0
  SINCE JUN 1      4                        19    -15       20
  SINCE JUL 1      0                         0      0        0

 COOLING
  YESTERDAY       17                        10      7       12
  MONTH TO DATE  304                       260     44      192
  SINCE JUN 1    563                       476     87      412
  SINCE JAN 1    628                       558     70      565
..................................................................


WIND (MPH)
  RESULTANT WIND SPEED   1   RESULTANT WIND DIRECTION  NE (30)
  HIGHEST WIND SPEED    12   HIGHEST WIND DIRECTION     S (200)
  HIGHEST GUST SPEED    15   HIGHEST GUST DIRECTION     S (200)
  AVERAGE WIND SPEED     4.7


SKY COVER
  POSSIBLE SUNSHINE  MM
  AVERAGE SKY COVER 0.7


WEATHER CONDITIONS
 THE FOLLOWING WEATHER WAS RECORDED YESTERDAY.
  LIGHT RAIN


RELATIVE HUMIDITY (PERCENT)
 HIGHEST    84           600 AM
 LOWEST     46           100 PM
 AVERAGE    65

..........................................................


THE COLUMBUS OH CLIMATE NORMALS FOR TODAY
                         NORMAL    RECORD    YEAR
 MAXIMUM TEMPERATURE (F)   85       102      1936
 MINIMUM TEMPERATURE (F)   66        45      1962


SUNRISE AND SUNSET
JULY 27 2016..........SUNRISE   626 AM EDT   SUNSET   850 PM EDT
JULY 28 2016..........SUNRISE   627 AM EDT   SUNSET   849 PM EDT


-  INDICATES NEGATIVE NUMBERS.
R  INDICATES RECORD WAS SET OR TIED.
MM INDICATES DATA IS MISSING.
T  INDICATES TRACE AMOUNT.




$$
