000
CDUS43 KILX 300630
CLICMI


CLIMATE REPORT
NATIONAL WEATHER SERVICE LINCOLN IL
129 AM CDT SAT JUL 30 2016


...................................

...THE CHAMPAIGN IL AIRPORT CLIMATE SUMMARY FOR JULY 29 2016...

CLIMATE NORMAL PERIOD 1981 TO 2010
CLIMATE RECORD PERIOD 9999 TO 9999


WEATHER ITEM   OBSERVED TIME   RECORD YEAR NORMAL DEPARTURE LAST
                VALUE   (LST)  VALUE       VALUE  FROM      YEAR
                                                  NORMAL
..................................................................
TEMPERATURE (F)
 YESTERDAY
  MAXIMUM         83    151 PM  MM      MM  83      0       86
  MINIMUM         66    527 AM  MM      MM  63      3       65
  AVERAGE         75                        73      2       76

PRECIPITATION (IN)
  YESTERDAY        0.00         MM      MM   0.11  -0.11     0.42
  MONTH TO DATE    4.81                      4.11   0.70     2.79
  SINCE JUN 1     10.00                      8.28   1.72    11.14
  SINCE JAN 1     20.51                     23.44  -2.93    22.55

DEGREE DAYS
 HEATING
  YESTERDAY        0                         0      0        0
  MONTH TO DATE    8                         0      8        1
  SINCE JUN 1     10                        17     -7        7
  SINCE JUL 1      8                         0      8        1

 COOLING
  YESTERDAY       10                         8      2       11
  MONTH TO DATE  292                       267     25      247
  SINCE JUN 1    582                       490     92      478
  SINCE JAN 1    682                       582    100      632
..................................................................


WIND (MPH)
  HIGHEST WIND SPEED    14   HIGHEST WIND DIRECTION     W (280)
  HIGHEST GUST SPEED    18   HIGHEST GUST DIRECTION     W (270)
  AVERAGE WIND SPEED     5.4


SKY COVER
  POSSIBLE SUNSHINE  MM
  AVERAGE SKY COVER 0.5


WEATHER CONDITIONS
 THE FOLLOWING WEATHER WAS RECORDED YESTERDAY.
  FOG
  FOG W/VISIBILITY <= 1/4 MILE


RELATIVE HUMIDITY (PERCENT)
 HIGHEST   100           300 AM
 LOWEST     63           300 PM
 AVERAGE    82

..........................................................


THE CHAMPAIGN IL AIRPORT CLIMATE NORMALS FOR TODAY
                         NORMAL    RECORD    YEAR
 MAXIMUM TEMPERATURE (F)   83        MM        MM
 MINIMUM TEMPERATURE (F)   63        MM        MM


SUNRISE AND SUNSET
JULY 30 2016..........SUNRISE   550 AM CDT   SUNSET   808 PM CDT
JULY 31 2016..........SUNRISE   551 AM CDT   SUNSET   807 PM CDT


-  INDICATES NEGATIVE NUMBERS.
R  INDICATES RECORD WAS SET OR TIED.
MM INDICATES DATA IS MISSING.
T  INDICATES TRACE AMOUNT.




$$
