000
CDUS43 KILX 030658
CLICMI


CLIMATE REPORT
NATIONAL WEATHER SERVICE LINCOLN IL
1258 AM CST SAT DEC 3 2016


...................................

...THE CHAMPAIGN IL AIRPORT CLIMATE SUMMARY FOR DECEMBER 2 2016...

CLIMATE NORMAL PERIOD 1981 TO 2010
CLIMATE RECORD PERIOD 9999 TO 9999


WEATHER ITEM   OBSERVED TIME   RECORD YEAR NORMAL DEPARTURE LAST
                VALUE   (LST)  VALUE       VALUE  FROM      YEAR
                                                  NORMAL
..................................................................
TEMPERATURE (F)
 YESTERDAY
  MAXIMUM         41    254 PM  MM      MM  42     -1       37
  MINIMUM         36    752 AM  MM      MM  25     11       31
  AVERAGE         39                        34      5       34

PRECIPITATION (IN)
  YESTERDAY        0.00         MM      MM   0.09  -0.09     0.03
  MONTH TO DATE    0.00                      0.19  -0.19     0.07
  SINCE DEC 1      0.00                      0.19  -0.19     0.07
  SINCE JAN 1     35.61                     37.39  -1.78    36.67

DEGREE DAYS
 HEATING
  YESTERDAY       26                        31     -5       31
  MONTH TO DATE   53                        62     -9       55
  SINCE DEC 1     53                        62     -9       55
  SINCE JUL 1    786                      1226   -440      922

 COOLING
  YESTERDAY        0                         0      0        0
  MONTH TO DATE    0                         0      0        0
  SINCE DEC 1      0                         0      0        0
  SINCE JAN 1   1284                       945    339     1085
..................................................................


WIND (MPH)
  HIGHEST WIND SPEED    16   HIGHEST WIND DIRECTION     W (290)
  HIGHEST GUST SPEED    18   HIGHEST GUST DIRECTION     W (290)
  AVERAGE WIND SPEED     8.5


SKY COVER
  POSSIBLE SUNSHINE  MM
  AVERAGE SKY COVER 1.0


WEATHER CONDITIONS
 THE FOLLOWING WEATHER WAS RECORDED YESTERDAY.
  HAZE


RELATIVE HUMIDITY (PERCENT)
 HIGHEST    82           200 AM
 LOWEST     70           200 PM
 AVERAGE    76

..........................................................


THE CHAMPAIGN IL AIRPORT CLIMATE NORMALS FOR TODAY
                         NORMAL    RECORD    YEAR
 MAXIMUM TEMPERATURE (F)   41        MM        MM
 MINIMUM TEMPERATURE (F)   25        MM        MM


SUNRISE AND SUNSET
DECEMBER  3 2016......SUNRISE   658 AM CST   SUNSET   428 PM CST
DECEMBER  4 2016......SUNRISE   659 AM CST   SUNSET   428 PM CST


-  INDICATES NEGATIVE NUMBERS.
R  INDICATES RECORD WAS SET OR TIED.
MM INDICATES DATA IS MISSING.
T  INDICATES TRACE AMOUNT.




$$
