000
CDUS43 KILX 060651
CLICMI


CLIMATE REPORT
NATIONAL WEATHER SERVICE LINCOLN IL
150 AM CDT MON JUL 6 2015


...................................

...THE CHAMPAIGN IL AIRPORT CLIMATE SUMMARY FOR JULY 5 2015...

CLIMATE NORMAL PERIOD 1981 TO 2010
CLIMATE RECORD PERIOD 9999 TO 9999


WEATHER ITEM   OBSERVED TIME   RECORD YEAR NORMAL DEPARTURE LAST
                VALUE   (LST)  VALUE       VALUE  FROM      YEAR
                                                  NORMAL
..................................................................
TEMPERATURE (F)
 YESTERDAY
  MAXIMUM         83    248 PM  MM      MM  85     -2       79
  MINIMUM         58    459 AM  MM      MM  64     -6       59
  AVERAGE         71                        74     -3       69

PRECIPITATION (IN)
  YESTERDAY        0.00         MM      MM   0.12  -0.12     0.13
  MONTH TO DATE    T                         0.53  -0.53     0.88
  SINCE JUN 1      8.35                      4.70   3.65     7.22
  SINCE JAN 1     19.76                     19.86  -0.10    21.76

DEGREE DAYS
 HEATING
  YESTERDAY        0                         0      0        0
  MONTH TO DATE    0                         0      0        0
  SINCE JUN 1      6                        17    -11        0
  SINCE JUL 1      0                         0      0        0

 COOLING
  YESTERDAY        6                        10     -4        4
  MONTH TO DATE   21                        49    -28       19
  SINCE JUN 1    252                       272    -20      300
  SINCE JAN 1    406                       364     42      452
..................................................................


WIND (MPH)
  HIGHEST WIND SPEED     8   HIGHEST WIND DIRECTION     S (200)
  HIGHEST GUST SPEED    14   HIGHEST GUST DIRECTION    SW (230)
  AVERAGE WIND SPEED     2.8


SKY COVER
  POSSIBLE SUNSHINE  MM
  AVERAGE SKY COVER 0.1


WEATHER CONDITIONS
 THE FOLLOWING WEATHER WAS RECORDED YESTERDAY.
  FOG
  HAZE


RELATIVE HUMIDITY (PERCENT)
 HIGHEST    93           300 AM
 LOWEST     55           100 PM
 AVERAGE    74

..........................................................


THE CHAMPAIGN IL AIRPORT CLIMATE NORMALS FOR TODAY
                         NORMAL    RECORD    YEAR
 MAXIMUM TEMPERATURE (F)   85        MM        MM
 MINIMUM TEMPERATURE (F)   64        MM        MM


SUNRISE AND SUNSET
JULY  6 2015..........SUNRISE   530 AM CDT   SUNSET   825 PM CDT
JULY  7 2015..........SUNRISE   531 AM CDT   SUNSET   825 PM CDT


-  INDICATES NEGATIVE NUMBERS.
R  INDICATES RECORD WAS SET OR TIED.
MM INDICATES DATA IS MISSING.
T  INDICATES TRACE AMOUNT.




$$
