000
CDUS43 KILX 300627
CLICMI


CLIMATE REPORT
NATIONAL WEATHER SERVICE LINCOLN IL
127 AM CDT THU OCT 30 2014


...................................

...THE CHAMPAIGN IL AIRPORT CLIMATE SUMMARY FOR OCTOBER 29 2014...

CLIMATE NORMAL PERIOD 1981 TO 2010
CLIMATE RECORD PERIOD 9999 TO 9999


WEATHER ITEM   OBSERVED TIME   RECORD YEAR NORMAL DEPARTURE LAST
                VALUE   (LST)  VALUE       VALUE  FROM      YEAR
                                                  NORMAL
..................................................................
TEMPERATURE (F)
 YESTERDAY
  MAXIMUM         52   1118 AM  MM      MM  60     -8       58
  MINIMUM         34   1159 PM  MM      MM  39     -5       38
  AVERAGE         43                        49     -6       48

PRECIPITATION (IN)
  YESTERDAY        0.00         MM      MM   0.10  -0.10     0.06
  MONTH TO DATE    3.36                      2.96   0.40     2.30
  SINCE SEP 1      6.54                      6.24   0.30     2.85
  SINCE JAN 1     35.11                     33.52   1.59    27.06

DEGREE DAYS
 HEATING
  YESTERDAY       22                        16      6       17
  MONTH TO DATE  303                       336    -33      334
  SINCE SEP 1    385                       419    -34      362
  SINCE JUL 1    394                       428    -34      377

 COOLING
  YESTERDAY        0                         0      0        0
  MONTH TO DATE   10                        14     -4       45
  SINCE SEP 1     92                       112    -20      214
  SINCE JAN 1    948                       939      9     1067
..................................................................


WIND (MPH)
  HIGHEST WIND SPEED    21   HIGHEST WIND DIRECTION    NW (300)
  HIGHEST GUST SPEED    25   HIGHEST GUST DIRECTION     W (290)
  AVERAGE WIND SPEED     8.7


SKY COVER
  POSSIBLE SUNSHINE  MM
  AVERAGE SKY COVER 0.3


WEATHER CONDITIONS
 THE FOLLOWING WEATHER WAS RECORDED YESTERDAY.
  NO SIGNIFICANT WEATHER WAS OBSERVED.


RELATIVE HUMIDITY (PERCENT)
 HIGHEST    92           600 AM
 LOWEST     56          1000 AM
 AVERAGE    74

..........................................................


THE CHAMPAIGN IL AIRPORT CLIMATE NORMALS FOR TODAY
                         NORMAL    RECORD    YEAR
 MAXIMUM TEMPERATURE (F)   60        MM        MM
 MINIMUM TEMPERATURE (F)   38        MM        MM


SUNRISE AND SUNSET
OCTOBER 30 2014.......SUNRISE   720 AM CDT   SUNSET   553 PM CDT
OCTOBER 31 2014.......SUNRISE   721 AM CDT   SUNSET   552 PM CDT


-  INDICATES NEGATIVE NUMBERS.
R  INDICATES RECORD WAS SET OR TIED.
MM INDICATES DATA IS MISSING.
T  INDICATES TRACE AMOUNT.




$$
