000
CDUS43 KILX 300642
CLICMI


CLIMATE REPORT
NATIONAL WEATHER SERVICE LINCOLN IL
141 AM CDT MON MAY 30 2016


...................................

...THE CHAMPAIGN IL AIRPORT CLIMATE SUMMARY FOR MAY 29 2016...

CLIMATE NORMAL PERIOD 1981 TO 2010
CLIMATE RECORD PERIOD 9999 TO 9999


WEATHER ITEM   OBSERVED TIME   RECORD YEAR NORMAL DEPARTURE LAST
                VALUE   (LST)  VALUE       VALUE  FROM      YEAR
                                                  NORMAL
..................................................................
TEMPERATURE (F)
 YESTERDAY
  MAXIMUM         87    220 PM  MM      MM  80      7       87
  MINIMUM         62    419 AM  MM      MM  55      7       66
  AVERAGE         75                        68      7       77

PRECIPITATION (IN)
  YESTERDAY        0.00         MM      MM   0.14  -0.14      T
  MONTH TO DATE    2.43                      4.27  -1.84     3.00
  SINCE MAR 1      8.75                     10.81  -2.06     7.15
  SINCE JAN 1     10.41                     14.88  -4.47     8.82

DEGREE DAYS
 HEATING
  YESTERDAY        0                         2     -2        0
  MONTH TO DATE  153                       137     16       77
  SINCE MAR 1   1072                      1299   -227     1278
  SINCE JUL 1   4759                      5801  -1042     6154

 COOLING
  YESTERDAY       10                         4      6       12
  MONTH TO DATE   66                        72     -6      151
  SINCE MAR 1     80                        83     -3      154
  SINCE JAN 1     80                        83     -3      154
..................................................................


WIND (MPH)
  HIGHEST WIND SPEED    25   HIGHEST WIND DIRECTION     W (280)
  HIGHEST GUST SPEED    MM   HIGHEST GUST DIRECTION     W (270)
  AVERAGE WIND SPEED     9.9


SKY COVER
  POSSIBLE SUNSHINE  MM
  AVERAGE SKY COVER 0.2


WEATHER CONDITIONS
 THE FOLLOWING WEATHER WAS RECORDED YESTERDAY.
  FOG


RELATIVE HUMIDITY (PERCENT)
 HIGHEST   100           500 AM
 LOWEST     32           200 PM
 AVERAGE    66

..........................................................


THE CHAMPAIGN IL AIRPORT CLIMATE NORMALS FOR TODAY
                         NORMAL    RECORD    YEAR
 MAXIMUM TEMPERATURE (F)   80        MM        MM
 MINIMUM TEMPERATURE (F)   56        MM        MM


SUNRISE AND SUNSET
MAY 30 2016...........SUNRISE   527 AM CDT   SUNSET   815 PM CDT
MAY 31 2016...........SUNRISE   527 AM CDT   SUNSET   816 PM CDT


-  INDICATES NEGATIVE NUMBERS.
R  INDICATES RECORD WAS SET OR TIED.
MM INDICATES DATA IS MISSING.
T  INDICATES TRACE AMOUNT.




$$
