000
CDUS43 KTOP 190638
CLICNK


CLIMATE REPORT
NATIONAL WEATHER SERVICE TOPEKA KS
1236 AM CST THU JAN 19 2017


...................................

...THE CONCORDIA KS CLIMATE SUMMARY FOR JANUARY 18 2017...

CLIMATE NORMAL PERIOD 1981 TO 2010
CLIMATE RECORD PERIOD 1885 TO 2017


WEATHER ITEM   OBSERVED TIME   RECORD YEAR NORMAL DEPARTURE LAST
                VALUE   (LST)  VALUE       VALUE  FROM      YEAR
                                                  NORMAL
..................................................................
TEMPERATURE (F)
 YESTERDAY
  MAXIMUM         53    418 PM  68    1951  39     14       30
  MINIMUM         28    812 AM -13    1940  19      9        9
  AVERAGE         41                        29     12       20

PRECIPITATION (IN)
  YESTERDAY        0.00          0.37 1980   0.02  -0.02     0.00
  MONTH TO DATE    1.63                      0.28   1.35     0.42
  SINCE DEC 1      2.56                      1.13   1.43     3.06
  SINCE JAN 1      1.63                      0.28   1.35     0.42

SNOWFALL (IN)
  YESTERDAY        0.0           1.8  1963   0.2   -0.2      0.0
  MONTH TO DATE    1.0                       3.1   -2.1       T
  SINCE JAN 1      1.0                       3.1   -2.1       T
  SINCE JUL 1      3.2                       9.6   -6.4      1.3
  SNOW DEPTH       0

DEGREE DAYS
 HEATING
  YESTERDAY       24                        36    -12       45
  MONTH TO DATE  703                       662     41      665
  SINCE DEC 1   1807                      1747     60     1540
  SINCE JUL 1   2504                      2839   -335     2308

 COOLING
  YESTERDAY        0                         0      0        0
  MONTH TO DATE    0                         0      0        0
  SINCE DEC 1      0                         0      0        0
  SINCE JAN 1      0                         0      0        0
..................................................................


WIND (MPH)
  HIGHEST WIND SPEED    22   HIGHEST WIND DIRECTION     S (180)
  HIGHEST GUST SPEED    27   HIGHEST GUST DIRECTION     S (180)
  AVERAGE WIND SPEED     9.1


SKY COVER
  AVERAGE SKY COVER 0.1


WEATHER CONDITIONS
 THE FOLLOWING WEATHER WAS RECORDED YESTERDAY.
  NO SIGNIFICANT WEATHER WAS OBSERVED.


RELATIVE HUMIDITY (PERCENT)
 HIGHEST    92           700 AM
 LOWEST     54           300 PM
 AVERAGE    73

..........................................................


THE CONCORDIA KS CLIMATE NORMALS FOR TODAY
                         NORMAL    RECORD    YEAR
 MAXIMUM TEMPERATURE (F)   39        69      1895
 MINIMUM TEMPERATURE (F)   19       -24      1892


SUNRISE AND SUNSET
JANUARY 19 2017.......SUNRISE   747 AM CST   SUNSET   536 PM CST
JANUARY 20 2017.......SUNRISE   747 AM CST   SUNSET   537 PM CST


-  INDICATES NEGATIVE NUMBERS.
R  INDICATES RECORD WAS SET OR TIED.
MM INDICATES DATA IS MISSING.
T  INDICATES TRACE AMOUNT.




$$
