000
CDUS43 KTOP 070632
CLICNK


CLIMATE REPORT
NATIONAL WEATHER SERVICE TOPEKA KS
1231 AM CST SUN FEB 7 2016


...................................

...THE CONCORDIA KS CLIMATE SUMMARY FOR FEBRUARY 6 2016...

CLIMATE NORMAL PERIOD 1981 TO 2010
CLIMATE RECORD PERIOD 1885 TO 2016


WEATHER ITEM   OBSERVED TIME   RECORD YEAR NORMAL DEPARTURE LAST
                VALUE   (LST)  VALUE       VALUE  FROM      YEAR
                                                  NORMAL
..................................................................
TEMPERATURE (F)
 YESTERDAY
  MAXIMUM         48    405 PM  72    2009  41      7       63
  MINIMUM         23    735 AM -10    1905  20      3       29
  AVERAGE         36                        30      6       46

PRECIPITATION (IN)
  YESTERDAY        0.00          1.21 1928   0.02  -0.02     0.00
  MONTH TO DATE    0.49                      0.15   0.34     0.17
  SINCE DEC 1      4.18                      1.58   2.60     2.08
  SINCE JAN 1      1.54                      0.73   0.81     1.34

SNOWFALL (IN)
  YESTERDAY        0.0           2.9  1997   0.2   -0.2      0.0
  MONTH TO DATE    4.7                       1.3    3.4      0.9
  SINCE JAN 1     12.3                       7.0    5.3      3.2
  SINCE JUL 1     13.6                      13.5    0.1      9.3
  SNOW DEPTH       0

DEGREE DAYS
 HEATING
  YESTERDAY       29                        35     -6       19
  MONTH TO DATE  205                       210     -5      231
  SINCE DEC 1   2169                      2422   -253     2233
  SINCE JUL 1   2937                      3514   -577     3396

 COOLING
  YESTERDAY        0                         0      0        0
  MONTH TO DATE    0                         0      0        0
  SINCE DEC 1      0                         0      0        0
  SINCE JAN 1      0                         0      0        0
..................................................................


WIND (MPH)
  HIGHEST WIND SPEED    20   HIGHEST WIND DIRECTION    SW (240)
  HIGHEST GUST SPEED    26   HIGHEST GUST DIRECTION    SW (240)
  AVERAGE WIND SPEED    10.4


SKY COVER
  AVERAGE SKY COVER 0.1


WEATHER CONDITIONS
 THE FOLLOWING WEATHER WAS RECORDED YESTERDAY.
  NO SIGNIFICANT WEATHER WAS OBSERVED.


RELATIVE HUMIDITY (PERCENT)
 HIGHEST    92           300 AM
 LOWEST     39           400 PM
 AVERAGE    66

..........................................................


THE CONCORDIA KS CLIMATE NORMALS FOR TODAY
                         NORMAL    RECORD    YEAR
 MAXIMUM TEMPERATURE (F)   41        73      2015
 MINIMUM TEMPERATURE (F)   20       -17      1895


SUNRISE AND SUNSET
FEBRUARY  7 2016......SUNRISE   733 AM CST   SUNSET   557 PM CST
FEBRUARY  8 2016......SUNRISE   732 AM CST   SUNSET   558 PM CST


-  INDICATES NEGATIVE NUMBERS.
R  INDICATES RECORD WAS SET OR TIED.
MM INDICATES DATA IS MISSING.
T  INDICATES TRACE AMOUNT.




$$
