144
CDUS43 KICT 230626
CLICNU


CLIMATE REPORT
NATIONAL WEATHER SERVICE WICHITA KS
125 AM CDT SAT SEP 23 2017


...................................

...THE CHANUTE KS CLIMATE SUMMARY FOR SEPTEMBER 22 2017...

CLIMATE NORMAL PERIOD 1981 TO 2010
CLIMATE RECORD PERIOD 1894 TO 2017


WEATHER ITEM   OBSERVED TIME   RECORD YEAR NORMAL DEPARTURE LAST
                VALUE   (LST)  VALUE       VALUE  FROM      YEAR
                                                  NORMAL
..................................................................
TEMPERATURE (F)
 YESTERDAY
  MAXIMUM         90    144 PM  99    1956  78     12       89
  MINIMUM         72   1159 PM  33    1995  56     16       67
  AVERAGE         81                        67     14       78

PRECIPITATION (IN)
  YESTERDAY        0.00          2.89 1970   0.14  -0.14     0.00
  MONTH TO DATE    T                         2.56  -2.56     5.88
  SINCE SEP 1      T                         2.56  -2.56     5.88
  SINCE JAN 1     36.64                     33.05   3.59    31.11

DEGREE DAYS
 HEATING
  YESTERDAY        0                         2     -2        0
  MONTH TO DATE    3                        19    -16        0
  SINCE SEP 1      3                        19    -16        0
  SINCE JUL 1      3                        20    -17        0

 COOLING
  YESTERDAY       16                         4     12       13
  MONTH TO DATE  186                       167     19      232
  SINCE SEP 1    186                       167     19      232
  SINCE JAN 1   1493                      1471     22     1713
..................................................................


WIND (MPH)
  HIGHEST WIND SPEED    22   HIGHEST WIND DIRECTION     S (160)
  HIGHEST GUST SPEED    30   HIGHEST GUST DIRECTION    SE (150)
  AVERAGE WIND SPEED    11.5


SKY COVER
  POSSIBLE SUNSHINE  MM
  AVERAGE SKY COVER 0.0


WEATHER CONDITIONS
 THE FOLLOWING WEATHER WAS RECORDED YESTERDAY.
  NO SIGNIFICANT WEATHER WAS OBSERVED.


RELATIVE HUMIDITY (PERCENT)
 HIGHEST    93           500 AM
 LOWEST     50           200 PM
 AVERAGE    72

..........................................................


THE CHANUTE KS CLIMATE NORMALS FOR TODAY
                         NORMAL    RECORD    YEAR
 MAXIMUM TEMPERATURE (F)   78        96      1939
 MINIMUM TEMPERATURE (F)   55        33      1995


SUNRISE AND SUNSET
SEPTEMBER 23 2017.....SUNRISE   711 AM CDT   SUNSET   717 PM CDT
SEPTEMBER 24 2017.....SUNRISE   712 AM CDT   SUNSET   715 PM CDT


-  INDICATES NEGATIVE NUMBERS.
R  INDICATES RECORD WAS SET OR TIED.
MM INDICATES DATA IS MISSING.
T  INDICATES TRACE AMOUNT.




$$
