000
CDUS43 KICT 260741
CLICNU


CLIMATE REPORT
NATIONAL WEATHER SERVICE WICHITA KS
241 AM CDT MON JUN 26 2017


...................................

...THE CHANUTE KS CLIMATE SUMMARY FOR JUNE 25 2017...

CLIMATE NORMAL PERIOD 1981 TO 2010
CLIMATE RECORD PERIOD 1894 TO 2017


WEATHER ITEM   OBSERVED TIME   RECORD YEAR NORMAL DEPARTURE LAST
                VALUE   (LST)  VALUE       VALUE  FROM      YEAR
                                                  NORMAL
..................................................................
TEMPERATURE (F)
 YESTERDAY
  MAXIMUM         86    127 PM 104    1933  87     -1       92
  MINIMUM         58   1233 AM  47    1958  67     -9       73
  AVERAGE         72                        77     -5       83

PRECIPITATION (IN)
  YESTERDAY        T             1.35 1903   0.17  -0.17     0.00
  MONTH TO DATE    1.15                      5.21  -4.06     2.48
  SINCE JUN 1      1.15                      5.21  -4.06     2.48
  SINCE JAN 1     22.23                     21.61   0.62    14.27

DEGREE DAYS
 HEATING
  YESTERDAY        0                         0      0        0
  MONTH TO DATE    0                         4     -4        0
  SINCE JUN 1      0                         4     -4        0
  SINCE JUL 1   3452                      4481  -1029     3647

 COOLING
  YESTERDAY        7                        12     -5       18
  MONTH TO DATE  241                       229     12      354
  SINCE JUN 1    241                       229     12      354
  SINCE JAN 1    408                       362     46      461
..................................................................


WIND (MPH)
  HIGHEST WIND SPEED    21   HIGHEST WIND DIRECTION     N (20)
  HIGHEST GUST SPEED    27   HIGHEST GUST DIRECTION     N (20)
  AVERAGE WIND SPEED     6.2


SKY COVER
  POSSIBLE SUNSHINE  MM
  AVERAGE SKY COVER 0.5


WEATHER CONDITIONS
 THE FOLLOWING WEATHER WAS RECORDED YESTERDAY.
  LIGHT RAIN


RELATIVE HUMIDITY (PERCENT)
 HIGHEST    78          1200 AM
 LOWEST     34          1200 PM
 AVERAGE    56

..........................................................


THE CHANUTE KS CLIMATE NORMALS FOR TODAY
                         NORMAL    RECORD    YEAR
 MAXIMUM TEMPERATURE (F)   87       102      1980
 MINIMUM TEMPERATURE (F)   67        48      1958


SUNRISE AND SUNSET
JUNE 26 2017..........SUNRISE   602 AM CDT   SUNSET   848 PM CDT
JUNE 27 2017..........SUNRISE   602 AM CDT   SUNSET   848 PM CDT


-  INDICATES NEGATIVE NUMBERS.
R  INDICATES RECORD WAS SET OR TIED.
MM INDICATES DATA IS MISSING.
T  INDICATES TRACE AMOUNT.




$$
