000
CDUS43 KICT 230706
CLICNU


CLIMATE REPORT
NATIONAL WEATHER SERVICE WICHITA KS
106 AM CST THU NOV 23 2017


...................................

...THE CHANUTE KS CLIMATE SUMMARY FOR NOVEMBER 22 2017...

CLIMATE NORMAL PERIOD 1981 TO 2010
CLIMATE RECORD PERIOD 1894 TO 2017


WEATHER ITEM   OBSERVED TIME   RECORD YEAR NORMAL DEPARTURE LAST
                VALUE   (LST)  VALUE       VALUE  FROM      YEAR
                                                  NORMAL
..................................................................
TEMPERATURE (F)
 YESTERDAY
  MAXIMUM         44    323 PM  79    1897  53     -9       63
  MINIMUM         19    704 AM  10    1898  33    -14       51
  AVERAGE         32                        43    -11       57

PRECIPITATION (IN)
  YESTERDAY        0.00          2.16 1931   0.08  -0.08     0.06
  MONTH TO DATE    0.48                      1.89  -1.41     0.36
  SINCE SEP 1      9.10                      9.22  -0.12    10.78
  SINCE JAN 1     45.74                     39.71   6.03    36.01

DEGREE DAYS
 HEATING
  YESTERDAY       33                        22     11        8
  MONTH TO DATE  377                       369      8      230
  SINCE SEP 1    605                       656    -51      328
  SINCE JUL 1    605                       657    -52      328

 COOLING
  YESTERDAY        0                         0      0        0
  MONTH TO DATE    3                         0      3       20
  SINCE SEP 1    312                       225     87      365
  SINCE JAN 1   1619                      1529     90     1846
..................................................................


WIND (MPH)
  HIGHEST WIND SPEED    13   HIGHEST WIND DIRECTION     N (360)
  HIGHEST GUST SPEED    15   HIGHEST GUST DIRECTION     N (360)
  AVERAGE WIND SPEED     4.4


SKY COVER
  POSSIBLE SUNSHINE  MM
  AVERAGE SKY COVER 0.0


WEATHER CONDITIONS
 THE FOLLOWING WEATHER WAS RECORDED YESTERDAY.
  NO SIGNIFICANT WEATHER WAS OBSERVED.


RELATIVE HUMIDITY (PERCENT)
 HIGHEST    74           400 AM
 LOWEST     36           200 PM
 AVERAGE    55

..........................................................


THE CHANUTE KS CLIMATE NORMALS FOR TODAY
                         NORMAL    RECORD    YEAR
 MAXIMUM TEMPERATURE (F)   53        80      1897
 MINIMUM TEMPERATURE (F)   32         8      1950


SUNRISE AND SUNSET
NOVEMBER 23 2017......SUNRISE   711 AM CST   SUNSET   506 PM CST
NOVEMBER 24 2017......SUNRISE   712 AM CST   SUNSET   506 PM CST


-  INDICATES NEGATIVE NUMBERS.
R  INDICATES RECORD WAS SET OR TIED.
MM INDICATES DATA IS MISSING.
T  INDICATES TRACE AMOUNT.




$$
