000
CDUS45 KGJT 212329
CLICNY


CLIMATE REPORT
NATIONAL WEATHER SERVICE GRAND JUNCTION CO
530 PM MDT THU AUG 21 2014


...................................

...THE CANYONLANDS AIRPORT UT CLIMATE SUMMARY FOR AUGUST 21 2014...
VALID TODAY AS OF 0500 PM LOCAL TIME.

CLIMATE NORMAL PERIOD 1981 TO 2010
CLIMATE RECORD PERIOD 9999 TO 9999


WEATHER ITEM   OBSERVED TIME   RECORD YEAR NORMAL DEPARTURE LAST
                VALUE   (LST)  VALUE       VALUE  FROM      YEAR
                                                  NORMAL
..................................................................
TEMPERATURE (F)
 TODAY
  MAXIMUM         83    217 PM  MM      MM  91     -8       95
  MINIMUM         55    548 AM  MM      MM  61     -6       71
  AVERAGE         69                        76     -7       83

PRECIPITATION (IN)
  TODAY            0.00         MM      MM   0.03  -0.03      T
  MONTH TO DATE    1.38                      0.56   0.82     0.70
  SINCE JUN 1      2.75                      1.90   0.85     1.67
  SINCE JAN 1      5.13                      5.10   0.03     3.39

SNOWFALL (IN)
  TODAY           MM            MM      MM  MM     MM       MM
  MONTH TO DATE   MM                        MM     MM       MM
  SINCE JUN 1     MM                        MM     MM       MM
  SINCE JUL 1     MM                        MM     MM       MM
  SNOW DEPTH      MM

DEGREE DAYS
 HEATING
  TODAY            0                         0      0        0
  MONTH TO DATE    0                         0      0        0
  SINCE JUN 1      0                        17    -17        0
  SINCE JUL 1      0                         0      0        0

 COOLING
  TODAY            4                        11     -7       18
  MONTH TO DATE  242                       279    -37      289
  SINCE JUN 1   1065                      1008     57     1277
  SINCE JAN 1   1164                      1072     92     1357
..................................................................


WIND (MPH)
  HIGHEST WIND SPEED    10   HIGHEST WIND DIRECTION     W (280)
  HIGHEST GUST SPEED    16   HIGHEST GUST DIRECTION     W (290)
  AVERAGE WIND SPEED     2.0


SKY COVER
  POSSIBLE SUNSHINE  MM
  AVERAGE SKY COVER 0.0


WEATHER CONDITIONS
 THE FOLLOWING WEATHER WAS RECORDED TODAY.
  NO SIGNIFICANT WEATHER WAS OBSERVED.


RELATIVE HUMIDITY (PERCENT)
 HIGHEST    93           200 AM
 LOWEST     18           400 PM
 AVERAGE    56

..........................................................


THE CANYONLANDS AIRPORT UT CLIMATE NORMALS FOR TOMORROW
                         NORMAL    RECORD    YEAR
 MAXIMUM TEMPERATURE (F)   91        MM        MM
 MINIMUM TEMPERATURE (F)   60        MM        MM


SUNRISE AND SUNSET
AUGUST 21 2014........SUNRISE   638 AM MDT   SUNSET   805 PM MDT
AUGUST 22 2014........SUNRISE   639 AM MDT   SUNSET   804 PM MDT


-  INDICATES NEGATIVE NUMBERS.
R  INDICATES RECORD WAS SET OR TIED.
MM INDICATES DATA IS MISSING.
T  INDICATES TRACE AMOUNT.




$$
