000
CDUS45 KGJT 262333
CLICNY


CLIMATE REPORT
NATIONAL WEATHER SERVICE GRAND JUNCTION CO
532 PM MDT FRI MAY 26 2017


...................................

...THE CANYONLANDS AIRPORT UT CLIMATE SUMMARY FOR MAY 26 2017...
VALID TODAY AS OF 0500 PM LOCAL TIME.

CLIMATE NORMAL PERIOD 1981 TO 2010
CLIMATE RECORD PERIOD 9999 TO 9999


WEATHER ITEM   OBSERVED TIME   RECORD YEAR NORMAL DEPARTURE LAST
                VALUE   (LST)  VALUE       VALUE  FROM      YEAR
                                                  NORMAL
..................................................................
TEMPERATURE (F)
 TODAY
  MAXIMUM         85    325 PM  MM      MM  83      2       75
  MINIMUM         57    558 AM  MM      MM  50      7       52
  AVERAGE         71                        66      5       64

PRECIPITATION (IN)
  TODAY            0.00         MM      MM   0.01  -0.01     0.00
  MONTH TO DATE    0.45                      0.50  -0.05     0.48
  SINCE MAR 1      0.65                      1.96  -1.31     1.79
  SINCE JAN 1      1.29                      3.12  -1.83     2.79

SNOWFALL (IN)
  TODAY           MM            MM      MM  MM     MM       MM
  MONTH TO DATE   MM                        MM     MM       MM
  SINCE MAR 1     MM                        MM     MM       MM
  SINCE JUL 1     MM                        MM     MM       MM
  SNOW DEPTH      MM

DEGREE DAYS
 HEATING
  TODAY            0                         2     -2        1
  MONTH TO DATE  103                       125    -22       94
  SINCE MAR 1    870                      1141   -271      953
  SINCE JUL 1   4334                      5550  -1216     5128

 COOLING
  TODAY            6                         3      3        0
  MONTH TO DATE   39                        39      0       37
  SINCE MAR 1     43                        42      1       40
  SINCE JAN 1     43                        42      1       40
..................................................................


WIND (MPH)
  HIGHEST WIND SPEED    29   HIGHEST WIND DIRECTION     S (200)
  HIGHEST GUST SPEED    35   HIGHEST GUST DIRECTION    SW (230)
  AVERAGE WIND SPEED    13.4


SKY COVER
  POSSIBLE SUNSHINE  MM
  AVERAGE SKY COVER 0.1


WEATHER CONDITIONS
 THE FOLLOWING WEATHER WAS RECORDED TODAY.
  NO SIGNIFICANT WEATHER WAS OBSERVED.


RELATIVE HUMIDITY (PERCENT)
 HIGHEST    55          1200 AM
 LOWEST      6           200 PM
 AVERAGE    31

..........................................................


THE CANYONLANDS AIRPORT UT CLIMATE NORMALS FOR TOMORROW
                         NORMAL    RECORD    YEAR
 MAXIMUM TEMPERATURE (F)   83        MM        MM
 MINIMUM TEMPERATURE (F)   50        MM        MM


SUNRISE AND SUNSET
MAY 26 2017...........SUNRISE   559 AM MDT   SUNSET   834 PM MDT
MAY 27 2017...........SUNRISE   558 AM MDT   SUNSET   835 PM MDT


-  INDICATES NEGATIVE NUMBERS.
R  INDICATES RECORD WAS SET OR TIED.
MM INDICATES DATA IS MISSING.
T  INDICATES TRACE AMOUNT.




$$
