000
CDUS45 KGJT 282342
CLICNY


CLIMATE REPORT
NATIONAL WEATHER SERVICE GRAND JUNCTION CO
530 PM MDT THU MAY 28 2015


...................................

...THE CANYONLANDS AIRPORT UT CLIMATE SUMMARY FOR MAY 28 2015...
VALID TODAY AS OF 0500 PM LOCAL TIME.

CLIMATE NORMAL PERIOD 1981 TO 2010
CLIMATE RECORD PERIOD 9999 TO 9999


WEATHER ITEM   OBSERVED TIME   RECORD YEAR NORMAL DEPARTURE LAST
                VALUE   (LST)  VALUE       VALUE  FROM      YEAR
                                                  NORMAL
..................................................................
TEMPERATURE (F)
 TODAY
  MAXIMUM         77    113 PM  MM      MM  83     -6       96
  MINIMUM         47    449 AM  MM      MM  50     -3       62
  AVERAGE         62                        67     -5       79

PRECIPITATION (IN)
  TODAY            T            MM      MM   0.02  -0.02      T
  MONTH TO DATE    1.36                      0.53   0.83     1.44
  SINCE MAR 1      1.98                      1.99  -0.01     2.05
  SINCE JAN 1      2.55                      3.15  -0.60     2.38

SNOWFALL (IN)
  TODAY           MM            MM      MM  MM     MM       MM
  MONTH TO DATE   MM                        MM     MM       MM
  SINCE MAR 1     MM                        MM     MM       MM
  SINCE JUL 1     MM                        MM     MM       MM
  SNOW DEPTH      MM

DEGREE DAYS
 HEATING
  TODAY            3                         2      1        0
  MONTH TO DATE  135                       129      6      149
  SINCE MAR 1   1018                      1145   -127     1063
  SINCE JUL 1   4735                      5554   -819     5811

 COOLING
  TODAY            0                         4     -4       14
  MONTH TO DATE   13                        47    -34       60
  SINCE MAR 1     14                        50    -36       63
  SINCE JAN 1     14                        50    -36       63
..................................................................


WIND (MPH)
  HIGHEST WIND SPEED    38   HIGHEST WIND DIRECTION     N (350)
  HIGHEST GUST SPEED    45   HIGHEST GUST DIRECTION     N (340)
  AVERAGE WIND SPEED     7.3


SKY COVER
  POSSIBLE SUNSHINE  MM
  AVERAGE SKY COVER 0.2


WEATHER CONDITIONS
 THE FOLLOWING WEATHER WAS RECORDED TODAY.
  LIGHT RAIN
  HAZE


RELATIVE HUMIDITY (PERCENT)
 HIGHEST    80           400 AM
 LOWEST     25           100 PM
 AVERAGE    53

..........................................................


THE CANYONLANDS AIRPORT UT CLIMATE NORMALS FOR TOMORROW
                         NORMAL    RECORD    YEAR
 MAXIMUM TEMPERATURE (F)   84        MM        MM
 MINIMUM TEMPERATURE (F)   50        MM        MM


SUNRISE AND SUNSET
MAY 28 2015...........SUNRISE   558 AM MDT   SUNSET   835 PM MDT
MAY 29 2015...........SUNRISE   557 AM MDT   SUNSET   836 PM MDT


-  INDICATES NEGATIVE NUMBERS.
R  INDICATES RECORD WAS SET OR TIED.
MM INDICATES DATA IS MISSING.
T  INDICATES TRACE AMOUNT.




$$
