000
CDUS41 KGYX 250721
CLICON


CLIMATE REPORT
NATIONAL WEATHER SERVICE GRAY ME
321 AM EDT FRI APR 25 2014


...................................

...THE CONCORD NH CLIMATE SUMMARY FOR APRIL 24 2014...

CLIMATE NORMAL PERIOD 1981 TO 2010
CLIMATE RECORD PERIOD 1868 TO 2014


WEATHER ITEM   OBSERVED TIME   RECORD YEAR NORMAL DEPARTURE LAST
                VALUE   (LST)  VALUE       VALUE  FROM      YEAR
                                                  NORMAL
..................................................................
TEMPERATURE (F)
 YESTERDAY
  MAXIMUM         55    134 PM  88    2001  62     -7       77
  MINIMUM         37    510 AM  21    1971  35      2       41
  AVERAGE         46                        48     -2       59

PRECIPITATION (IN)
  YESTERDAY        0.00          1.55 1983   0.11  -0.11     0.00
  MONTH TO DATE    1.87                      2.72  -0.85     1.86
  SINCE MAR 1      5.85                      5.99  -0.14     3.58
  SINCE JAN 1     13.17                     11.31   1.86     8.67

SNOWFALL (IN)
  YESTERDAY        0.0           4.5  1928   0.1   -0.1      0.0
  MONTH TO DATE    0.2                       2.7   -2.5      0.2
  SINCE MAR 1     10.6                      13.8   -3.2     16.2
  SINCE JUL 1     80.4                      61.3   19.1     83.4
  SNOW DEPTH       0

DEGREE DAYS
 HEATING
  YESTERDAY       19                        17      2        6
  MONTH TO DATE  499                       508     -9      498
  SINCE MAR 1   1713                      1495    218     1486
  SINCE JUL 1   7182                      6755    427     6415

 COOLING
  YESTERDAY        0                         0      0        0
  MONTH TO DATE    0                         0      0        0
  SINCE MAR 1      0                         0      0        0
  SINCE JAN 1      0                         0      0        0
..................................................................


WIND (MPH)
  RESULTANT WIND SPEED  19   RESULTANT WIND DIRECTION  NW (320)
  HIGHEST WIND SPEED    33   HIGHEST WIND DIRECTION    NW (320)
  HIGHEST GUST SPEED    47   HIGHEST GUST DIRECTION     N (360)
  AVERAGE WIND SPEED    19.2


SKY COVER
  AVERAGE SKY COVER 0.3


WEATHER CONDITIONS
 THE FOLLOWING WEATHER WAS RECORDED YESTERDAY.
  NO SIGNIFICANT WEATHER WAS OBSERVED.


RELATIVE HUMIDITY (PERCENT)
 HIGHEST    57           100 AM
 LOWEST     29           100 PM
 AVERAGE    43

..........................................................


THE CONCORD NH CLIMATE NORMALS FOR TODAY
                         NORMAL    RECORD    YEAR
 MAXIMUM TEMPERATURE (F)   62        90      2009
 MINIMUM TEMPERATURE (F)   36        18      1965


SUNRISE AND SUNSET
APRIL 25 2014.........SUNRISE   548 AM EDT   SUNSET   740 PM EDT
APRIL 26 2014.........SUNRISE   547 AM EDT   SUNSET   742 PM EDT


-  INDICATES NEGATIVE NUMBERS.
R  INDICATES RECORD WAS SET OR TIED.
MM INDICATES DATA IS MISSING.
T  INDICATES TRACE AMOUNT.




$$
