000
CDUS41 KGYX 010908
CLICON


CLIMATE REPORT
NATIONAL WEATHER SERVICE GRAY ME
407 AM EST SUN FEB 1 2015


...................................

...THE CONCORD NH CLIMATE SUMMARY FOR JANUARY 31 2015...

CLIMATE NORMAL PERIOD 1981 TO 2010
CLIMATE RECORD PERIOD 1868 TO 2015


WEATHER ITEM   OBSERVED TIME   RECORD YEAR NORMAL DEPARTURE LAST
                VALUE   (LST)  VALUE       VALUE  FROM      YEAR
                                                  NORMAL
..................................................................
TEMPERATURE (F)
 YESTERDAY
  MAXIMUM         15    304 PM  59    1913  32    -17       37
  MINIMUM          4    853 AM -24    1898  11     -7       17
  AVERAGE         10                        21    -11       27

PRECIPITATION (IN)
  YESTERDAY        0.00          0.83 1942   0.09  -0.09     0.00
  MONTH TO DATE    3.27                      2.70   0.57     3.21
  SINCE DEC 1      8.43                      5.90   2.53     6.60
  SINCE JAN 1      3.27                      2.70   0.57     3.21

SNOWFALL (IN)
  YESTERDAY        0.0           6.6  1993   0.6   -0.6      0.0
  MONTH TO DATE   25.1                      18.1    7.0     14.4
  SINCE DEC 1     28.8                      32.6   -3.8     34.3
  SINCE JUL 1     41.7                      35.2    6.5     34.5
  SNOW DEPTH      13

DEGREE DAYS
 HEATING
  YESTERDAY       55                        44     11       38
  MONTH TO DATE 1441                      1378     63     1402
  SINCE DEC 1   2477                      2562    -85     2680
  SINCE JUL 1   3981                      4122   -141     4197

 COOLING
  YESTERDAY        0                         0      0        0
  MONTH TO DATE    0                         0      0        0
  SINCE DEC 1      0                         0      0        0
  SINCE JAN 1      0                         0      0        0
..................................................................


WIND (MPH)
  RESULTANT WIND SPEED  19   RESULTANT WIND DIRECTION  NW (310)
  HIGHEST WIND SPEED    31   HIGHEST WIND DIRECTION    NW (310)
  HIGHEST GUST SPEED    41   HIGHEST GUST DIRECTION    NW (310)
  AVERAGE WIND SPEED    19.2


SKY COVER
  AVERAGE SKY COVER 0.4


WEATHER CONDITIONS
 THE FOLLOWING WEATHER WAS RECORDED YESTERDAY.
  HAZE
  BLOWING SNOW


RELATIVE HUMIDITY (PERCENT)
 HIGHEST    63           300 AM
 LOWEST     36           300 PM
 AVERAGE    50

..........................................................


THE CONCORD NH CLIMATE NORMALS FOR TODAY
                         NORMAL    RECORD    YEAR
 MAXIMUM TEMPERATURE (F)   32        62      1989
 MINIMUM TEMPERATURE (F)   11       -26      1971


SUNRISE AND SUNSET
FEBRUARY  1 2015......SUNRISE   702 AM EST   SUNSET   458 PM EST
FEBRUARY  2 2015......SUNRISE   701 AM EST   SUNSET   459 PM EST


-  INDICATES NEGATIVE NUMBERS.
R  INDICATES RECORD WAS SET OR TIED.
MM INDICATES DATA IS MISSING.
T  INDICATES TRACE AMOUNT.




$$
