976
CDUS41 KGYX 230807
CLICON


CLIMATE REPORT
NATIONAL WEATHER SERVICE GRAY ME
406 AM EDT SAT SEP 23 2017


...................................

...THE CONCORD NH CLIMATE SUMMARY FOR SEPTEMBER 22 2017...

CLIMATE NORMAL PERIOD 1981 TO 2010
CLIMATE RECORD PERIOD 1868 TO 2017


WEATHER ITEM   OBSERVED TIME   RECORD YEAR NORMAL DEPARTURE LAST
                VALUE   (LST)  VALUE       VALUE  FROM      YEAR
                                                  NORMAL
..................................................................
TEMPERATURE (F)
 YESTERDAY
  MAXIMUM         73    401 PM  92    1970  70      3       85
                                      1914
  MINIMUM         60    604 AM  25    1871  45     15       50
  AVERAGE         67                        57     10       68

PRECIPITATION (IN)
  YESTERDAY        0.00          2.16 1913   0.12  -0.12     0.00
  MONTH TO DATE    2.98                      2.38   0.60     2.67
  SINCE SEP 1      2.98                      2.38   0.60     2.67
  SINCE JAN 1     31.50                     28.65   2.85    20.85

SNOWFALL (IN)
  YESTERDAY        0.0           0.0  2002   0.0    0.0      0.0
                                      2001
                                      2000
  MONTH TO DATE    0.0                       0.0    0.0      0.0
  SINCE SEP 1      0.0                       0.0    0.0      0.0
  SINCE JUL 1      0.0                       0.0    0.0      0.0
  SNOW DEPTH       0

DEGREE DAYS
 HEATING
  YESTERDAY        0                         8     -8        0
  MONTH TO DATE   57                       107    -50       20
  SINCE SEP 1     57                       107    -50       20
  SINCE JUL 1    110                       155    -45       32

 COOLING
  YESTERDAY        2                         1      1        3
  MONTH TO DATE   59                        35     24       90
  SINCE SEP 1     59                        35     24       90
  SINCE JAN 1    504                       448     56      714
..................................................................


WIND (MPH)
  RESULTANT WIND SPEED   7   RESULTANT WIND DIRECTION   N (10)
  HIGHEST WIND SPEED    17   HIGHEST WIND DIRECTION     N (20)
  HIGHEST GUST SPEED    23   HIGHEST GUST DIRECTION     N (20)
  AVERAGE WIND SPEED     7.3


SKY COVER
  AVERAGE SKY COVER 0.7


WEATHER CONDITIONS
 THE FOLLOWING WEATHER WAS RECORDED YESTERDAY.
  NO SIGNIFICANT WEATHER WAS OBSERVED.


RELATIVE HUMIDITY (PERCENT)
 HIGHEST    67          1000 PM
 LOWEST     44           400 PM
 AVERAGE    56

..........................................................


THE CONCORD NH CLIMATE NORMALS FOR TODAY
                         NORMAL    RECORD    YEAR
 MAXIMUM TEMPERATURE (F)   70        91      1914
                                             1895
 MINIMUM TEMPERATURE (F)   44        26      1904


SUNRISE AND SUNSET
SEPTEMBER 23 2017.....SUNRISE   635 AM EDT   SUNSET   641 PM EDT
SEPTEMBER 24 2017.....SUNRISE   636 AM EDT   SUNSET   639 PM EDT


-  INDICATES NEGATIVE NUMBERS.
R  INDICATES RECORD WAS SET OR TIED.
MM INDICATES DATA IS MISSING.
T  INDICATES TRACE AMOUNT.




$$
