000
CDUS41 KGYX 230908
CLICON


CLIMATE REPORT
NATIONAL WEATHER SERVICE GRAY ME
408 AM EST SUN NOV 23 2014


...................................

...THE CONCORD NH CLIMATE SUMMARY FOR NOVEMBER 22 2014...

CLIMATE NORMAL PERIOD 1981 TO 2010
CLIMATE RECORD PERIOD 1868 TO 2014


WEATHER ITEM   OBSERVED TIME   RECORD YEAR NORMAL DEPARTURE LAST
                VALUE   (LST)  VALUE       VALUE  FROM      YEAR
                                                  NORMAL
..................................................................
TEMPERATURE (F)
 YESTERDAY
  MAXIMUM         39    731 PM  72    1931  46     -7       38
  MINIMUM         11    631 AM   5    1972  27    -16       29
  AVERAGE         25                        36    -11       34

PRECIPITATION (IN)
  YESTERDAY        0.00          1.44 1991   0.12  -0.12     0.14
  MONTH TO DATE    1.42                      2.77  -1.35     0.96
  SINCE SEP 1      6.30                     10.19  -3.89     7.05
  SINCE JAN 1     39.18                     36.46   2.72    35.34

SNOWFALL (IN)
  YESTERDAY        0.0           7.0  1872   0.1   -0.1       T
  MONTH TO DATE    0.3                       1.2   -0.9       T
  SINCE SEP 1      0.3                       1.2   -0.9       T
  SINCE JUL 1      0.3                       1.2   -0.9       T
  SNOW DEPTH       0

DEGREE DAYS
 HEATING
  YESTERDAY       40                        29     11       31
  MONTH TO DATE  633                       556     77      581
  SINCE SEP 1   1231                      1267    -36     1266
  SINCE JUL 1   1263                      1315    -52     1296

 COOLING
  YESTERDAY        0                         0      0        0
  MONTH TO DATE    0                         0      0        0
  SINCE SEP 1     56                        39     17       46
  SINCE JAN 1    387                       452    -65      537
..................................................................


WIND (MPH)
  RESULTANT WIND SPEED   5   RESULTANT WIND DIRECTION   S (200)
  HIGHEST WIND SPEED    15   HIGHEST WIND DIRECTION    SW (210)
  HIGHEST GUST SPEED    21   HIGHEST GUST DIRECTION     S (190)
  AVERAGE WIND SPEED     5.8


SKY COVER
  AVERAGE SKY COVER 0.3


WEATHER CONDITIONS
 THE FOLLOWING WEATHER WAS RECORDED YESTERDAY.
  NO SIGNIFICANT WEATHER WAS OBSERVED.


RELATIVE HUMIDITY (PERCENT)
 HIGHEST    88           700 AM
 LOWEST     27           400 PM
 AVERAGE    58

..........................................................


THE CONCORD NH CLIMATE NORMALS FOR TODAY
                         NORMAL    RECORD    YEAR
 MAXIMUM TEMPERATURE (F)   45        73      1931
 MINIMUM TEMPERATURE (F)   26        -1      1972


SUNRISE AND SUNSET
NOVEMBER 23 2014......SUNRISE   649 AM EST   SUNSET   416 PM EST
NOVEMBER 24 2014......SUNRISE   650 AM EST   SUNSET   415 PM EST


-  INDICATES NEGATIVE NUMBERS.
R  INDICATES RECORD WAS SET OR TIED.
MM INDICATES DATA IS MISSING.
T  INDICATES TRACE AMOUNT.




$$
