000
CDUS41 KGYX 040801
CLICON


CLIMATE REPORT
NATIONAL WEATHER SERVICE GRAY ME
401 AM EDT WED MAY 4 2016


...................................

...THE CONCORD NH CLIMATE SUMMARY FOR MAY 3 2016...

CLIMATE NORMAL PERIOD 1981 TO 2010
CLIMATE RECORD PERIOD 1868 TO 2016


WEATHER ITEM   OBSERVED TIME   RECORD YEAR NORMAL DEPARTURE LAST
                VALUE   (LST)  VALUE       VALUE  FROM      YEAR
                                                  NORMAL
..................................................................
TEMPERATURE (F)
 YESTERDAY
  MAXIMUM         55    500 PM  91    2001  65    -10       79
  MINIMUM         41    107 AM  21    1966  38      3       38
  AVERAGE         48                        52     -4       59

PRECIPITATION (IN)
  YESTERDAY        0.00          1.23 1929   0.11  -0.11     0.00
  MONTH TO DATE    0.71                      0.34   0.37     0.00
  SINCE MAR 1      5.03                      7.02  -1.99     3.74
  SINCE JAN 1     10.78                     12.34  -1.56     9.80

SNOWFALL (IN)
  YESTERDAY        0.0           T    1908   0.0    0.0      0.0
                                      1911
                                      1953
  MONTH TO DATE    0.0                       0.0    0.0      0.0
  SINCE MAR 1      5.0                      13.9   -8.9      7.9
  SINCE JUL 1     29.7                      61.4  -31.7     92.1
  SNOW DEPTH       0

DEGREE DAYS
 HEATING
  YESTERDAY       17                        14      3        6
  MONTH TO DATE   58                        42     16       34
  SINCE MAR 1   1466                      1629   -163     1791
  SINCE JUL 1   5815                      6889  -1074     7245

 COOLING
  YESTERDAY        0                         0      0        0
  MONTH TO DATE    0                         0      0        0
  SINCE MAR 1      0                         2     -2        0
  SINCE JAN 1      0                         2     -2        0
..................................................................


WIND (MPH)
  RESULTANT WIND SPEED   1   RESULTANT WIND DIRECTION  SE (120)
  HIGHEST WIND SPEED     8   HIGHEST WIND DIRECTION     N (340)
  HIGHEST GUST SPEED    11   HIGHEST GUST DIRECTION    NW (320)
  AVERAGE WIND SPEED     1.5


SKY COVER
  AVERAGE SKY COVER 1.0


WEATHER CONDITIONS
 THE FOLLOWING WEATHER WAS RECORDED YESTERDAY.
  FOG
  FOG W/VISIBILITY <= 1/4 MILE


RELATIVE HUMIDITY (PERCENT)
 HIGHEST    96           300 AM
 LOWEST     59          1200 PM
 AVERAGE    78

..........................................................


THE CONCORD NH CLIMATE NORMALS FOR TODAY
                         NORMAL    RECORD    YEAR
 MAXIMUM TEMPERATURE (F)   65        92      1944
 MINIMUM TEMPERATURE (F)   39        22      1946


SUNRISE AND SUNSET
MAY  4 2016...........SUNRISE   535 AM EDT   SUNSET   751 PM EDT
MAY  5 2016...........SUNRISE   533 AM EDT   SUNSET   753 PM EDT


-  INDICATES NEGATIVE NUMBERS.
R  INDICATES RECORD WAS SET OR TIED.
MM INDICATES DATA IS MISSING.
T  INDICATES TRACE AMOUNT.




$$
