000
CDUS41 KGYX 282054
CLICON


CLIMATE REPORT
NATIONAL WEATHER SERVICE GRAY ME
454 PM EDT SAT MAR 28 2015


...................................

...THE CONCORD NH CLIMATE SUMMARY FOR MARCH 28 2015...
VALID TODAY AS OF 0400 PM LOCAL TIME.

CLIMATE NORMAL PERIOD 1981 TO 2010
CLIMATE RECORD PERIOD 1868 TO 2015


WEATHER ITEM   OBSERVED TIME   RECORD YEAR NORMAL DEPARTURE LAST
                VALUE   (LST)  VALUE       VALUE  FROM      YEAR
                                                  NORMAL
..................................................................
TEMPERATURE (F)
 TODAY
  MAXIMUM         37   1215 AM  86    1998  49    -12       47
  MINIMUM         31    850 AM   2    1923  27      4       32
  AVERAGE         34                        38     -4       40

PRECIPITATION (IN)
  TODAY            0.08          1.54 2005   0.11  -0.03     0.16
  MONTH TO DATE    1.48                      2.94  -1.46     1.92
  SINCE MAR 1      1.48                      2.94  -1.46     1.92
  SINCE JAN 1      7.54                      8.26  -0.72     9.24

SNOWFALL (IN)
  TODAY            1.0           9.2  1932   0.3    0.7       T
  MONTH TO DATE    5.8                      10.4   -4.6     10.4
  SINCE MAR 1      5.8                      10.4   -4.6     10.4
  SINCE JUL 1     90.0                      57.9   32.1     80.2
  SNOW DEPTH       8

DEGREE DAYS
 HEATING
  TODAY           31                        27      4       25
  MONTH TO DATE 1049                       907    142     1133
  SINCE MAR 1   1049                       907    142     1133
  SINCE JUL 1   6503                      6167    336     6602

 COOLING
  TODAY            0                         0      0        0
  MONTH TO DATE    0                         0      0        0
  SINCE MAR 1      0                         0      0        0
  SINCE JAN 1      0                         0      0        0
..................................................................


WIND (MPH)
  HIGHEST WIND SPEED    14   HIGHEST WIND DIRECTION    NW (320)
  HIGHEST GUST SPEED    18   HIGHEST GUST DIRECTION    NW (320)
  AVERAGE WIND SPEED     8.1


SKY COVER
  POSSIBLE SUNSHINE  MM
  AVERAGE SKY COVER 1.0


WEATHER CONDITIONS
 THE FOLLOWING WEATHER WAS RECORDED TODAY.
  SNOW
  LIGHT SNOW
  FOG


RELATIVE HUMIDITY (PERCENT)
 HIGHEST    89          1100 AM
 LOWEST     69           700 AM
 AVERAGE    79

..........................................................


THE CONCORD NH CLIMATE NORMALS FOR TOMORROW
                         NORMAL    RECORD    YEAR
 MAXIMUM TEMPERATURE (F)   49        85      1946
 MINIMUM TEMPERATURE (F)   27        -4      1923


SUNRISE AND SUNSET
MARCH 28 2015.........SUNRISE   636 AM EDT   SUNSET   707 PM EDT
MARCH 29 2015.........SUNRISE   634 AM EDT   SUNSET   709 PM EDT


-  INDICATES NEGATIVE NUMBERS.
R  INDICATES RECORD WAS SET OR TIED.
MM INDICATES DATA IS MISSING.
T  INDICATES TRACE AMOUNT.




$$
