000
CDUS41 KGYX 220910
CLICON


CLIMATE REPORT
NATIONAL WEATHER SERVICE GRAY ME
410 AM EST MON JAN 22 2018


...................................

...THE CONCORD NH CLIMATE SUMMARY FOR JANUARY 21 2018...

CLIMATE NORMAL PERIOD 1981 TO 2010
CLIMATE RECORD PERIOD 1868 TO 2018


WEATHER ITEM   OBSERVED TIME   RECORD YEAR NORMAL DEPARTURE LAST
                VALUE   (LST)  VALUE       VALUE  FROM      YEAR
                                                  NORMAL
..................................................................
TEMPERATURE (F)
 YESTERDAY
  MAXIMUM         47    206 PM  62    1906  31     16       45
  MINIMUM         23    424 AM -25    1994  10     13       32
  AVERAGE         35                        20     15       39

PRECIPITATION (IN)
  YESTERDAY        0.00          1.76 1979   0.09  -0.09     0.00
  MONTH TO DATE    2.25                      1.82   0.43     1.64
  SINCE DEC 1      5.32                      5.02   0.30     4.96
  SINCE JAN 1      2.25                      1.82   0.43     1.64

SNOWFALL (IN)
  YESTERDAY        0.0          10.0  1889   0.6   -0.6      0.0
  MONTH TO DATE   16.3                      12.3    4.0      7.5
  SINCE DEC 1     36.4                      26.8    9.6     30.7
  SINCE JUL 1     37.0                      29.4    7.6     31.4
  SNOW DEPTH       7

DEGREE DAYS
 HEATING
  YESTERDAY       30                        45    -15       26
  MONTH TO DATE  948                       935     13      794
  SINCE DEC 1   2269                      2121    148     1945
  SINCE JUL 1   3470                      3681   -211     3197

 COOLING
  YESTERDAY        0                         0      0        0
  MONTH TO DATE    0                         0      0        0
  SINCE DEC 1      0                         0      0        0
  SINCE JAN 1      0                         0      0        0
..................................................................


WIND (MPH)
  RESULTANT WIND SPEED   1   RESULTANT WIND DIRECTION  SW (210)
  HIGHEST WIND SPEED     8   HIGHEST WIND DIRECTION    NW (300)
  HIGHEST GUST SPEED    10   HIGHEST GUST DIRECTION     W (280)
  AVERAGE WIND SPEED     1.1


SKY COVER
  AVERAGE SKY COVER 0.3


WEATHER CONDITIONS
 THE FOLLOWING WEATHER WAS RECORDED YESTERDAY.
  NO SIGNIFICANT WEATHER WAS OBSERVED.


RELATIVE HUMIDITY (PERCENT)
 HIGHEST    92           800 AM
 LOWEST     53           200 PM
 AVERAGE    73

..........................................................


THE CONCORD NH CLIMATE NORMALS FOR TODAY
                         NORMAL    RECORD    YEAR
 MAXIMUM TEMPERATURE (F)   31        56      1957
                                             1916
                                             1906
 MINIMUM TEMPERATURE (F)   10       -33      1984


SUNRISE AND SUNSET
JANUARY 22 2018.......SUNRISE   711 AM EST   SUNSET   445 PM EST
JANUARY 23 2018.......SUNRISE   710 AM EST   SUNSET   446 PM EST


-  INDICATES NEGATIVE NUMBERS.
R  INDICATES RECORD WAS SET OR TIED.
MM INDICATES DATA IS MISSING.
T  INDICATES TRACE AMOUNT.




$$
