000
CDUS41 KGYX 292056
CLICON


CLIMATE REPORT
NATIONAL WEATHER SERVICE GRAY ME
456 PM EDT WED MAR 29 2017


...................................

...THE CONCORD NH CLIMATE SUMMARY FOR MARCH 29 2017...
VALID TODAY AS OF 0400 PM LOCAL TIME.

CLIMATE NORMAL PERIOD 1981 TO 2010
CLIMATE RECORD PERIOD 1868 TO 2017


WEATHER ITEM   OBSERVED TIME   RECORD YEAR NORMAL DEPARTURE LAST
                VALUE   (LST)  VALUE       VALUE  FROM      YEAR
                                                  NORMAL
..................................................................
TEMPERATURE (F)
 TODAY
  MAXIMUM         46   1052 AM  85    1946  49     -3       46
  MINIMUM         36    536 AM  -4    1923  27      9       34
  AVERAGE         41                        38      3       40

PRECIPITATION (IN)
  TODAY            0.03          1.43 1925   0.11  -0.08     0.00
  MONTH TO DATE    3.20                      3.05   0.15     2.67
  SINCE MAR 1      3.20                      3.05   0.15     2.67
  SINCE JAN 1      8.15                      8.37  -0.22     8.42

SNOWFALL (IN)
  TODAY           MM             5.5  1984   0.3   MM        0.0
  MONTH TO DATE   16.5                      10.7    5.8      2.3
  SINCE MAR 1     16.5                      10.7    5.8      2.3
  SINCE JUL 1     73.5                      58.2   15.3     27.0
  SNOW DEPTH       0

DEGREE DAYS
 HEATING
  TODAY           24                        27     -3       25
  MONTH TO DATE 1048                       934    114      754
  SINCE MAR 1   1048                       934    114      754
  SINCE JUL 1   5546                      6194   -648     5103

 COOLING
  TODAY            0                         0      0        0
  MONTH TO DATE    0                         0      0        0
  SINCE MAR 1      0                         0      0        0
  SINCE JAN 1      0                         0      0        0
..................................................................


WIND (MPH)
  HIGHEST WIND SPEED    22   HIGHEST WIND DIRECTION    NW (320)
  HIGHEST GUST SPEED    29   HIGHEST GUST DIRECTION    NW (330)
  AVERAGE WIND SPEED    10.6


SKY COVER
  POSSIBLE SUNSHINE  MM
  AVERAGE SKY COVER 1.0


WEATHER CONDITIONS
 THE FOLLOWING WEATHER WAS RECORDED TODAY.
  LIGHT RAIN
  FOG


RELATIVE HUMIDITY (PERCENT)
 HIGHEST    92          1200 AM
 LOWEST     51           300 PM
 AVERAGE    72

..........................................................


THE CONCORD NH CLIMATE NORMALS FOR TOMORROW
                         NORMAL    RECORD    YEAR
 MAXIMUM TEMPERATURE (F)   49        85      1977
 MINIMUM TEMPERATURE (F)   27         5      1970


SUNRISE AND SUNSET
MARCH 29 2017.........SUNRISE   633 AM EDT   SUNSET   709 PM EDT
MARCH 30 2017.........SUNRISE   631 AM EDT   SUNSET   710 PM EDT


-  INDICATES NEGATIVE NUMBERS.
R  INDICATES RECORD WAS SET OR TIED.
MM INDICATES DATA IS MISSING.
T  INDICATES TRACE AMOUNT.




$$
