000
CDUS41 KGYX 252041
CLICON


CLIMATE REPORT
NATIONAL WEATHER SERVICE GRAY ME
440 PM EDT TUE JUL 25 2017


...................................

...THE CONCORD NH CLIMATE SUMMARY FOR JULY 25 2017...
VALID TODAY AS OF 0400 PM LOCAL TIME.

CLIMATE NORMAL PERIOD 1981 TO 2010
CLIMATE RECORD PERIOD 1868 TO 2017


WEATHER ITEM   OBSERVED TIME   RECORD YEAR NORMAL DEPARTURE LAST
                VALUE   (LST)  VALUE       VALUE  FROM      YEAR
                                                  NORMAL
..................................................................
TEMPERATURE (F)
 TODAY
  MAXIMUM         71    219 PM  98    1963  83    -12       92
  MINIMUM         55   1256 AM  44    1976  58     -3       56
  AVERAGE         63                        70     -7       74

PRECIPITATION (IN)
  TODAY            0.00          2.10 1890   0.12  -0.12     0.00
  MONTH TO DATE    1.20                      2.99  -1.79     1.71
  SINCE JUN 1      6.35                      6.68  -0.33     3.12
  SINCE JAN 1     25.42                     22.34   3.08    15.82

SNOWFALL (IN)
  TODAY            0.0           0.0  2002   0.0    0.0      0.0
                                      2001
                                      2000
  MONTH TO DATE    0.0                       0.0    0.0      0.0
  SINCE JUN 1      0.0                       0.0    0.0      0.0
  SINCE JUL 1      0.0                       0.0    0.0      0.0
  SNOW DEPTH       0

DEGREE DAYS
 HEATING
  TODAY            2                         0      2        0
  MONTH TO DATE   13                        13      0       11
  SINCE JUN 1     92                        98     -6       53
  SINCE JUL 1     13                        13      0       11

 COOLING
  TODAY            0                         6     -6        9
  MONTH TO DATE  164                       140     24      186
  SINCE JUN 1    284                       224     60      268
  SINCE JAN 1    316                       242     74      308
..................................................................


WIND (MPH)
  HIGHEST WIND SPEED    12   HIGHEST WIND DIRECTION    NE (30)
  HIGHEST GUST SPEED    14   HIGHEST GUST DIRECTION    NE (30)
  AVERAGE WIND SPEED     5.0


SKY COVER
  POSSIBLE SUNSHINE  MM
  AVERAGE SKY COVER 1.0


WEATHER CONDITIONS
 THE FOLLOWING WEATHER WAS RECORDED TODAY.
  NO SIGNIFICANT WEATHER WAS OBSERVED.


RELATIVE HUMIDITY (PERCENT)
 HIGHEST    93          1200 AM
 LOWEST     61           300 PM
 AVERAGE    77

..........................................................


THE CONCORD NH CLIMATE NORMALS FOR TOMORROW
                         NORMAL    RECORD    YEAR
 MAXIMUM TEMPERATURE (F)   83        99      1963
 MINIMUM TEMPERATURE (F)   58        39      1976


SUNRISE AND SUNSET
JULY 25 2017..........SUNRISE   529 AM EDT   SUNSET   815 PM EDT
JULY 26 2017..........SUNRISE   530 AM EDT   SUNSET   814 PM EDT


-  INDICATES NEGATIVE NUMBERS.
R  INDICATES RECORD WAS SET OR TIED.
MM INDICATES DATA IS MISSING.
T  INDICATES TRACE AMOUNT.




$$
