000
CDUS41 KGYX 252040
CLICON


CLIMATE REPORT
NATIONAL WEATHER SERVICE GRAY ME
440 PM EDT THU MAY 25 2017


...................................

...THE CONCORD NH CLIMATE SUMMARY FOR MAY 25 2017...
VALID TODAY AS OF 0400 PM LOCAL TIME.

CLIMATE NORMAL PERIOD 1981 TO 2010
CLIMATE RECORD PERIOD 1868 TO 2017


WEATHER ITEM   OBSERVED TIME   RECORD YEAR NORMAL DEPARTURE LAST
                VALUE   (LST)  VALUE       VALUE  FROM      YEAR
                                                  NORMAL
..................................................................
TEMPERATURE (F)
 TODAY
  MAXIMUM         59   1255 PM  93    2007  72    -13       90
  MINIMUM         48    432 AM  24    1956  46      2       54
  AVERAGE         54                        59     -5       72

PRECIPITATION (IN)
  TODAY            0.01          1.20 1878   0.13  -0.12     0.00
  MONTH TO DATE    4.37                      2.90   1.47     2.49
  SINCE MAR 1     12.58                      9.58   3.00     6.81
  SINCE JAN 1     17.53                     14.90   2.63    12.56

SNOWFALL (IN)
  TODAY            0.0           0.0  2002   0.0    0.0      0.0
                                      2001
                                      2000
  MONTH TO DATE    0.0                       0.2   -0.2      0.0
  SINCE MAR 1     29.3                      14.1   15.2      5.0
  SINCE JUL 1     86.3                      61.6   24.7     29.7
  SNOW DEPTH       0

DEGREE DAYS
 HEATING
  TODAY           11                         7      4        0
  MONTH TO DATE  283                       265     18      259
  SINCE MAR 1   1857                      1852      5     1667
  SINCE JUL 1   6355                      7112   -757     6016

 COOLING
  TODAY            0                         1     -1        7
  MONTH TO DATE   24                         8     16        7
  SINCE MAR 1     32                        10     22        7
  SINCE JAN 1     32                        10     22        7
..................................................................


WIND (MPH)
  HIGHEST WIND SPEED    22   HIGHEST WIND DIRECTION     E (90)
  HIGHEST GUST SPEED    30   HIGHEST GUST DIRECTION    NE (60)
  AVERAGE WIND SPEED     4.0


SKY COVER
  POSSIBLE SUNSHINE  MM
  AVERAGE SKY COVER 0.5


WEATHER CONDITIONS
 THE FOLLOWING WEATHER WAS RECORDED TODAY.
  LIGHT RAIN
  FOG


RELATIVE HUMIDITY (PERCENT)
 HIGHEST    93           200 AM
 LOWEST     72           200 PM
 AVERAGE    83

..........................................................


THE CONCORD NH CLIMATE NORMALS FOR TOMORROW
                         NORMAL    RECORD    YEAR
 MAXIMUM TEMPERATURE (F)   72        96      2010
 MINIMUM TEMPERATURE (F)   46        28      1956


SUNRISE AND SUNSET
MAY 25 2017...........SUNRISE   513 AM EDT   SUNSET   813 PM EDT
MAY 26 2017...........SUNRISE   512 AM EDT   SUNSET   814 PM EDT


-  INDICATES NEGATIVE NUMBERS.
R  INDICATES RECORD WAS SET OR TIED.
MM INDICATES DATA IS MISSING.
T  INDICATES TRACE AMOUNT.




$$
