000
CDUS41 KGYX 252041
CLICON


CLIMATE REPORT
NATIONAL WEATHER SERVICE GRAY ME
441 PM EDT THU AUG 25 2016


...................................

...THE CONCORD NH CLIMATE SUMMARY FOR AUGUST 25 2016...
VALID TODAY AS OF 0400 PM LOCAL TIME.

CLIMATE NORMAL PERIOD 1981 TO 2010
CLIMATE RECORD PERIOD 1868 TO 2016


WEATHER ITEM   OBSERVED TIME   RECORD YEAR NORMAL DEPARTURE LAST
                VALUE   (LST)  VALUE       VALUE  FROM      YEAR
                                                  NORMAL
..................................................................
TEMPERATURE (F)
 TODAY
  MAXIMUM         90   1223 PM  97    2007  80     10       78
  MINIMUM         60    429 AM  33    1942  55      5       65
  AVERAGE         75                        67      8       72

PRECIPITATION (IN)
  TODAY            0.00          3.22 1990   0.10  -0.10     1.60
  MONTH TO DATE    1.75                      2.62  -0.87     5.56
  SINCE JUN 1      5.34                     10.05  -4.71    12.89
  SINCE JAN 1     18.04                     25.71  -7.67    23.34

SNOWFALL (IN)
  TODAY            0.0           0.0  2002   0.0    0.0      0.0
                                      2001
                                      2000
  MONTH TO DATE    0.0                       0.0    0.0      0.0
  SINCE JUN 1      0.0                       0.0    0.0      0.0
  SINCE JUL 1      0.0                       0.0    0.0      0.0
  SNOW DEPTH       0

DEGREE DAYS
 HEATING
  TODAY            0                         1     -1        0
  MONTH TO DATE    1                        20    -19        0
  SINCE JUN 1     54                       122    -68      103
  SINCE JUL 1     12                        37    -25        8

 COOLING
  TODAY           10                         4      6        7
  MONTH TO DATE  209                       120     89      153
  SINCE JUN 1    541                       376    165      412
  SINCE JAN 1    581                       394    187      478
..................................................................


WIND (MPH)
  HIGHEST WIND SPEED    16   HIGHEST WIND DIRECTION     S (200)
  HIGHEST GUST SPEED    21   HIGHEST GUST DIRECTION     S (200)
  AVERAGE WIND SPEED     7.3


SKY COVER
  POSSIBLE SUNSHINE  MM
  AVERAGE SKY COVER 0.1


WEATHER CONDITIONS
 THE FOLLOWING WEATHER WAS RECORDED TODAY.
  NO SIGNIFICANT WEATHER WAS OBSERVED.


RELATIVE HUMIDITY (PERCENT)
 HIGHEST    90           400 AM
 LOWEST     46          1200 PM
 AVERAGE    68

..........................................................


THE CONCORD NH CLIMATE NORMALS FOR TOMORROW
                         NORMAL    RECORD    YEAR
 MAXIMUM TEMPERATURE (F)   79       100      1948
 MINIMUM TEMPERATURE (F)   55        34      1942


SUNRISE AND SUNSET
AUGUST 25 2016........SUNRISE   603 AM EDT   SUNSET   732 PM EDT
AUGUST 26 2016........SUNRISE   604 AM EDT   SUNSET   730 PM EDT


-  INDICATES NEGATIVE NUMBERS.
R  INDICATES RECORD WAS SET OR TIED.
MM INDICATES DATA IS MISSING.
T  INDICATES TRACE AMOUNT.




$$
