000
CDUS45 KPUB 231032
CLICOS


CLIMATE REPORT
NATIONAL WEATHER SERVICE PUEBLO
432 AM MDT TUE SEP 23 2014


...................................

...THE COLORADO SPRINGS CO CLIMATE SUMMARY FOR SEPTEMBER 22 2014...

CLIMATE NORMAL PERIOD 1981 TO 2010
CLIMATE RECORD PERIOD 1872 TO 2014


WEATHER ITEM   OBSERVED TIME   RECORD YEAR NORMAL DEPARTURE LAST
                VALUE   (LST)  VALUE       VALUE  FROM      YEAR
                                                  NORMAL
..................................................................
TEMPERATURE (F)
 YESTERDAY
  MAXIMUM         76    330 PM  88    1944  72      4       80
  MINIMUM         54    545 AM  26    1895  45      9       51
  AVERAGE         65                        58      7       66

PRECIPITATION (IN)
  YESTERDAY        T             0.96 1941   0.03  -0.03     0.70
  MONTH TO DATE    0.11                      0.98  -0.87     4.70
  SINCE SEP 1      0.11                      0.98  -0.87     4.70
  SINCE JAN 1     13.16                     14.77  -1.61    18.36

SNOWFALL (IN)
  YESTERDAY        0.0           T    2013   0.0    0.0       T
                                      1994
  MONTH TO DATE    T                         0.1   -0.1       T
  SINCE SEP 1      T                         0.1   -0.1       T
  SINCE JUL 1      T                         0.1   -0.1       T
  SNOW DEPTH       0

DEGREE DAYS
 HEATING
  YESTERDAY        0                         7     -7        0
  MONTH TO DATE   71                        89    -18       26
  SINCE SEP 1     71                        89    -18       26
  SINCE JUL 1    101                       120    -19       36

 COOLING
  YESTERDAY        0                         1     -1        1
  MONTH TO DATE   50                        35     15       87
  SINCE SEP 1     50                        35     15       87
  SINCE JAN 1    477                       453     24      689
..................................................................


WIND (MPH)
  HIGHEST WIND SPEED    20   HIGHEST WIND DIRECTION     S (180)
  HIGHEST GUST SPEED    23   HIGHEST GUST DIRECTION     S (180)
  AVERAGE WIND SPEED     7.7


SKY COVER
  POSSIBLE SUNSHINE  MM
  AVERAGE SKY COVER 0.6


WEATHER CONDITIONS
 THE FOLLOWING WEATHER WAS RECORDED YESTERDAY.
  LIGHT RAIN


RELATIVE HUMIDITY (PERCENT)
 HIGHEST    72           700 AM
 LOWEST     41           400 PM
 AVERAGE    57

..........................................................


THE COLORADO SPRINGS CO CLIMATE NORMALS FOR TODAY
                         NORMAL    RECORD    YEAR
 MAXIMUM TEMPERATURE (F)   72        86      2003
                                             1924
 MINIMUM TEMPERATURE (F)   44        26      1895


SUNRISE AND SUNSET
SEPTEMBER 23 2014.....SUNRISE   647 AM MDT   SUNSET   654 PM MDT
SEPTEMBER 24 2014.....SUNRISE   648 AM MDT   SUNSET   653 PM MDT


-  INDICATES NEGATIVE NUMBERS.
R  INDICATES RECORD WAS SET OR TIED.
MM INDICATES DATA IS MISSING.
T  INDICATES TRACE AMOUNT.




$$
