000
CDUS45 KPUB 251026
CLICOS


CLIMATE REPORT
NATIONAL WEATHER SERVICE PUEBLO
425 AM MDT MON JUL 25 2016


...................................

...THE COLORADO SPRINGS CO CLIMATE SUMMARY FOR JULY 24 2016...

CLIMATE NORMAL PERIOD 1981 TO 2010
CLIMATE RECORD PERIOD 1872 TO 2016


WEATHER ITEM   OBSERVED TIME   RECORD YEAR NORMAL DEPARTURE LAST
                VALUE   (LST)  VALUE       VALUE  FROM      YEAR
                                                  NORMAL
..................................................................
TEMPERATURE (F)
 YESTERDAY
  MAXIMUM         87   1151 AM 100    2003  85      2       87
  MINIMUM         61    443 AM  49    1950  58      3       64
                                      1932
                                      1928
  AVERAGE         74                        71      3       76

PRECIPITATION (IN)
  YESTERDAY        T             1.54 1904   0.11  -0.11      T
  MONTH TO DATE    1.86                      2.08  -0.22     2.73
  SINCE JUN 1      2.90                      4.58  -1.68     8.45
  SINCE JAN 1      9.83                      9.69   0.14    20.68

SNOWFALL (IN)
  YESTERDAY        0.0           0.0  2002   0.0    0.0      0.0
                                      2001
  MONTH TO DATE    T                         0.0    0.0      0.0
  SINCE JUN 1      T                         0.0    0.0       T
  SINCE JUL 1      T                         0.0    0.0      0.0
  SNOW DEPTH       0

DEGREE DAYS
 HEATING
  YESTERDAY        0                         0      0        0
  MONTH TO DATE    0                         3     -3       10
  SINCE JUN 1      8                        82    -74       20
  SINCE JUL 1      0                         3     -3       10

 COOLING
  YESTERDAY        9                         6      3       11
  MONTH TO DATE  241                       147     94      131
  SINCE JUN 1    422                       230    192      253
  SINCE JAN 1    424                       240    184      253
..................................................................


WIND (MPH)
  HIGHEST WIND SPEED    33   HIGHEST WIND DIRECTION     W (270)
  HIGHEST GUST SPEED    44   HIGHEST GUST DIRECTION     W (280)
  AVERAGE WIND SPEED     7.9


SKY COVER
  POSSIBLE SUNSHINE  MM
  AVERAGE SKY COVER 0.7


WEATHER CONDITIONS
 THE FOLLOWING WEATHER WAS RECORDED YESTERDAY.
  THUNDERSTORM
  LIGHT RAIN


RELATIVE HUMIDITY (PERCENT)
 HIGHEST    68           800 PM
 LOWEST     25          1200 PM
 AVERAGE    47

..........................................................


THE COLORADO SPRINGS CO CLIMATE NORMALS FOR TODAY
                         NORMAL    RECORD    YEAR
 MAXIMUM TEMPERATURE (F)   85        98      2003
 MINIMUM TEMPERATURE (F)   58        47      1942
                                             1924


SUNRISE AND SUNSET
JULY 25 2016..........SUNRISE   554 AM MDT   SUNSET   816 PM MDT
JULY 26 2016..........SUNRISE   555 AM MDT   SUNSET   815 PM MDT


-  INDICATES NEGATIVE NUMBERS.
R  INDICATES RECORD WAS SET OR TIED.
MM INDICATES DATA IS MISSING.
T  INDICATES TRACE AMOUNT.




$$
