000
CDUS45 KPUB 191134
CLICOS


CLIMATE REPORT
NATIONAL WEATHER SERVICE PUEBLO
434 AM MST SUN FEB 19 2017


...................................

...THE COLORADO SPRINGS CO CLIMATE SUMMARY FOR FEBRUARY 18 2017...

CLIMATE NORMAL PERIOD 1981 TO 2010
CLIMATE RECORD PERIOD 1872 TO 2017


WEATHER ITEM   OBSERVED TIME   RECORD YEAR NORMAL DEPARTURE LAST
                VALUE   (LST)  VALUE       VALUE  FROM      YEAR
                                                  NORMAL
..................................................................
TEMPERATURE (F)
 YESTERDAY
  MAXIMUM         59    200 PM  73    2016  45     14       73
  MINIMUM         33    305 AM -15    1942  20     13       49
  AVERAGE         46                        32     14       61

PRECIPITATION (IN)
  YESTERDAY        0.00          0.24 1911   0.01  -0.01     0.00
  MONTH TO DATE    0.05                      0.18  -0.13     1.00
  SINCE DEC 1      1.05                      0.84   0.21     1.79
  SINCE JAN 1      0.37                      0.50  -0.13     1.54

SNOWFALL (IN)
  YESTERDAY        0.0           3.0  1898   0.2   -0.2      0.0
  MONTH TO DATE    0.6                       3.2   -2.6     10.1
  SINCE DEC 1     13.3                      14.5   -1.2     21.3
  SINCE JUL 1     13.3                      22.3   -9.0     27.1
  SNOW DEPTH       0

DEGREE DAYS
 HEATING
  YESTERDAY       19                        33    -14        4
  MONTH TO DATE  415                       606   -191      552
  SINCE DEC 1   2566                      2768   -202     2546
  SINCE JUL 1   3469                      4249   -780     3649

 COOLING
  YESTERDAY        0                         0      0        0
  MONTH TO DATE    0                         0      0        0
  SINCE DEC 1      0                         0      0        0
  SINCE JAN 1      0                         0      0        0
..................................................................


WIND (MPH)
  HIGHEST WIND SPEED    20   HIGHEST WIND DIRECTION     S (160)
  HIGHEST GUST SPEED    26   HIGHEST GUST DIRECTION    SE (150)
  AVERAGE WIND SPEED     7.9


SKY COVER
  POSSIBLE SUNSHINE  MM
  AVERAGE SKY COVER 0.7


WEATHER CONDITIONS
 THE FOLLOWING WEATHER WAS RECORDED YESTERDAY.
  NO SIGNIFICANT WEATHER WAS OBSERVED.


RELATIVE HUMIDITY (PERCENT)
 HIGHEST    44           400 AM
 LOWEST     21           100 PM
 AVERAGE    33

..........................................................


THE COLORADO SPRINGS CO CLIMATE NORMALS FOR TODAY
                         NORMAL    RECORD    YEAR
 MAXIMUM TEMPERATURE (F)   45        67      1986
                                             1981
 MINIMUM TEMPERATURE (F)   20        -5      2006


SUNRISE AND SUNSET
FEBRUARY 19 2017......SUNRISE   645 AM MST   SUNSET   541 PM MST
FEBRUARY 20 2017......SUNRISE   643 AM MST   SUNSET   542 PM MST


-  INDICATES NEGATIVE NUMBERS.
R  INDICATES RECORD WAS SET OR TIED.
MM INDICATES DATA IS MISSING.
T  INDICATES TRACE AMOUNT.




$$
