000
CDUS43 KLSX 290734
CLICOU


CLIMATE REPORT
NATIONAL WEATHER SERVICE ST LOUIS MO
233 AM CDT SUN MAR 29 2015


...................................

...THE COLUMBIA ASOS CLIMATE SUMMARY FOR MARCH 28 2015...

CLIMATE NORMAL PERIOD 1981 TO 2010
CLIMATE RECORD PERIOD 1890 TO 2015


WEATHER ITEM   OBSERVED TIME   RECORD YEAR NORMAL DEPARTURE LAST
                VALUE   (LST)  VALUE       VALUE  FROM      YEAR
                                                  NORMAL
..................................................................
TEMPERATURE (F)
 YESTERDAY
  MAXIMUM         49    421 PM  86    1910  60    -11       47
  MINIMUM         32    803 AM  19    1921  38     -6       37
  AVERAGE         41                        49     -8       42

PRECIPITATION (IN)
  YESTERDAY        T             1.69 1977   0.11  -0.11     0.00
  MONTH TO DATE    1.54                      2.57  -1.03     1.22
  SINCE MAR 1      1.54                      2.57  -1.03     1.22
  SINCE JAN 1      3.89                      6.74  -2.85     3.48

SNOWFALL (IN)
  YESTERDAY        T             1.4  1899   0.0    0.0      0.0
  MONTH TO DATE    1.6                       1.6    0.0      0.5
  SINCE MAR 1      1.6                       1.6    0.0      0.5
  SINCE JUL 1     12.0                      17.7   -5.7     17.8
  SNOW DEPTH       0

DEGREE DAYS
 HEATING
  YESTERDAY       24                        16      8       23
  MONTH TO DATE  554                       588    -34      691
  SINCE MAR 1    554                       588    -34      691
  SINCE JUL 1   4609                      4534     75     5120

 COOLING
  YESTERDAY        0                         0      0        0
  MONTH TO DATE    0                         0      0        0
  SINCE MAR 1      0                         0      0        0
  SINCE JAN 1      0                         0      0        0
..................................................................


WIND (MPH)
  HIGHEST WIND SPEED    15   HIGHEST WIND DIRECTION     S (160)
  HIGHEST GUST SPEED    20   HIGHEST GUST DIRECTION     S (160)
  AVERAGE WIND SPEED     8.3


SKY COVER
  AVERAGE SKY COVER 0.6


WEATHER CONDITIONS
 THE FOLLOWING WEATHER WAS RECORDED YESTERDAY.
  LIGHT SNOW


RELATIVE HUMIDITY (PERCENT)
 HIGHEST    82
 LOWEST     42
 AVERAGE    62

..........................................................


THE COLUMBIA ASOS CLIMATE NORMALS FOR TODAY
                         NORMAL    RECORD    YEAR
 MAXIMUM TEMPERATURE (F)   60        85      1986
                                             1895
 MINIMUM TEMPERATURE (F)   38        18      1894


SUNRISE AND SUNSET
MARCH 29 2015.........SUNRISE   659 AM CDT   SUNSET   729 PM CDT
MARCH 30 2015.........SUNRISE   657 AM CDT   SUNSET   730 PM CDT


-  INDICATES NEGATIVE NUMBERS.
R  INDICATES RECORD WAS SET OR TIED.
MM INDICATES DATA IS MISSING.
T  INDICATES TRACE AMOUNT.




$$
