000
CDUS45 KRIW 050748
CLICPR


CLIMATE REPORT
NATIONAL WEATHER SERVICE RIVERTON WY
1235 AM MST THU MAR 5 2015


...................................

...THE CASPER WY CLIMATE SUMMARY FOR MARCH 4 2015...

CLIMATE NORMAL PERIOD 1981 TO 2010
CLIMATE RECORD PERIOD 1939 TO 2015


WEATHER ITEM   OBSERVED TIME   RECORD YEAR NORMAL DEPARTURE LAST
                VALUE   (LST)  VALUE       VALUE  FROM      YEAR
                                                  NORMAL
..................................................................
TEMPERATURE (F)
 YESTERDAY
  MAXIMUM         15    345 PM  65    2000  44    -29       41
  MINIMUM         -8    425 AM -15    1989  20    -28       26
  AVERAGE          4                        32    -28       34

PRECIPITATION (IN)
  YESTERDAY        0.00          0.24 1992   0.02  -0.02      T
  MONTH TO DATE    0.53                      0.08   0.45     0.20
  SINCE MAR 1      0.53                      0.08   0.45     0.20
  SINCE JAN 1      1.84                      1.16   0.68     1.68

SNOWFALL (IN)
  YESTERDAY        0.0                       0.3   -0.3       T
  MONTH TO DATE    8.8                       1.2    7.6      3.0
  SINCE MAR 1      8.8                       1.2    7.6      3.0
  SINCE JUL 1     60.2                      50.6    9.6     69.2
  SNOW DEPTH       6

DEGREE DAYS
 HEATING
  YESTERDAY       61                        33     28       31
  MONTH TO DATE  204                       135     69      171
  SINCE MAR 1    204                       135     69      171
  SINCE JUL 1   5255                      5583   -328     5935

 COOLING
  YESTERDAY        0                         0      0        0
  MONTH TO DATE    0                         0      0        0
  SINCE MAR 1      0                         0      0        0
  SINCE JAN 1      0                         0      0        0
..................................................................


WIND (MPH)
  HIGHEST WIND SPEED    22   HIGHEST WIND DIRECTION    SW (230)
  HIGHEST GUST SPEED    26   HIGHEST GUST DIRECTION    SW (230)
  AVERAGE WIND SPEED    12.3


SKY COVER
  POSSIBLE SUNSHINE  MM
  AVERAGE SKY COVER 0.0


WEATHER CONDITIONS
 THE FOLLOWING WEATHER WAS RECORDED YESTERDAY.
  NO SIGNIFICANT WEATHER WAS OBSERVED.


RELATIVE HUMIDITY (PERCENT)
 HIGHEST    83           300 AM
 LOWEST     58          1000 PM
 AVERAGE    71

..........................................................


THE CASPER WY CLIMATE NORMALS FOR TODAY
                         NORMAL    RECORD    YEAR
 MAXIMUM TEMPERATURE (F)   44        68      2000
 MINIMUM TEMPERATURE (F)   20       -12      1943


SUNRISE AND SUNSET
MARCH  5 2015.........SUNRISE   635 AM MST   SUNSET   600 PM MST
MARCH  6 2015.........SUNRISE   634 AM MST   SUNSET   601 PM MST


-  INDICATES NEGATIVE NUMBERS.
R  INDICATES RECORD WAS SET OR TIED.
MM INDICATES DATA IS MISSING.
T  INDICATES TRACE AMOUNT.




$$
