000
CDUS45 KRIW 290739
CLICPR


CLIMATE REPORT
NATIONAL WEATHER SERVICE RIVERTON WY
137 AM MDT THU SEP 29 2016


...................................

...THE CASPER WY CLIMATE SUMMARY FOR SEPTEMBER 28 2016...

CLIMATE NORMAL PERIOD 1981 TO 2010
CLIMATE RECORD PERIOD 1939 TO 2016


WEATHER ITEM   OBSERVED TIME   RECORD YEAR NORMAL DEPARTURE LAST
                VALUE   (LST)  VALUE       VALUE  FROM      YEAR
                                                  NORMAL
..................................................................
TEMPERATURE (F)
 YESTERDAY
  MAXIMUM         77    311 PM  92    2010  67     10       71
  MINIMUM         37    507 AM  15    1945  36      1       49
  AVERAGE         57                        52      5       60

PRECIPITATION (IN)
  YESTERDAY        0.00          0.29 1965   0.04  -0.04     0.15
  MONTH TO DATE    1.55                      1.00   0.55     0.19
  SINCE SEP 1      1.55                      1.00   0.55     0.19
  SINCE JAN 1     13.72                     10.08   3.64    10.59

SNOWFALL (IN)
  YESTERDAY        0.0                       0.1   -0.1      0.0
  MONTH TO DATE    0.0                       1.5   -1.5      0.0
  SINCE SEP 1      0.0                       1.5   -1.5      0.0
  SINCE JUL 1      0.0                       1.5   -1.5      0.0
  SNOW DEPTH       0

DEGREE DAYS
 HEATING
  YESTERDAY        8                        13     -5        5
  MONTH TO DATE  199                       212    -13       73
  SINCE SEP 1    199                       212    -13       73
  SINCE JUL 1    259                       258      1      133

 COOLING
  YESTERDAY        0                         0      0        0
  MONTH TO DATE   29                        24      5       66
  SINCE SEP 1     29                        24      5       66
  SINCE JAN 1    451                       421     30      424
..................................................................


WIND (MPH)
  HIGHEST WIND SPEED    15   HIGHEST WIND DIRECTION     E (90)
  HIGHEST GUST SPEED    26   HIGHEST GUST DIRECTION    NE (50)
  AVERAGE WIND SPEED     6.6


SKY COVER
  POSSIBLE SUNSHINE  MM
  AVERAGE SKY COVER 0.0


WEATHER CONDITIONS
 THE FOLLOWING WEATHER WAS RECORDED YESTERDAY.
  NO SIGNIFICANT WEATHER WAS OBSERVED.


RELATIVE HUMIDITY (PERCENT)
 HIGHEST    92           100 AM
 LOWEST     23           100 PM
 AVERAGE    58

..........................................................


THE CASPER WY CLIMATE NORMALS FOR TODAY
                         NORMAL    RECORD    YEAR
 MAXIMUM TEMPERATURE (F)   67        86      2009
 MINIMUM TEMPERATURE (F)   36        18      1984


SUNRISE AND SUNSET
SEPTEMBER 29 2016.....SUNRISE   702 AM MDT   SUNSET   650 PM MDT
SEPTEMBER 30 2016.....SUNRISE   703 AM MDT   SUNSET   648 PM MDT


-  INDICATES NEGATIVE NUMBERS.
R  INDICATES RECORD WAS SET OR TIED.
MM INDICATES DATA IS MISSING.
T  INDICATES TRACE AMOUNT.




$$
