000
CDUS45 KRIW 250735
CLICPR


CLIMATE REPORT
NATIONAL WEATHER SERVICE RIVERTON WY
135 AM MDT WED MAY 25 2016


...................................

...THE CASPER WY CLIMATE SUMMARY FOR MAY 24 2016...

CLIMATE NORMAL PERIOD 1981 TO 2010
CLIMATE RECORD PERIOD 1939 TO 2016


WEATHER ITEM   OBSERVED TIME   RECORD YEAR NORMAL DEPARTURE LAST
                VALUE   (LST)  VALUE       VALUE  FROM      YEAR
                                                  NORMAL
..................................................................
TEMPERATURE (F)
 YESTERDAY
  MAXIMUM         71    527 PM  86    1967  70      1       58
  MINIMUM         30R   408 AM  30    1986  40    -10       44
  AVERAGE         51                        55     -4       51

PRECIPITATION (IN)
  YESTERDAY        T             0.66 2010   0.07  -0.07     0.62
  MONTH TO DATE    2.63                      1.58   1.05     3.38
  SINCE MAR 1      7.62                      3.69   3.93     5.68
  SINCE JAN 1      9.08                      4.77   4.31     6.99

SNOWFALL (IN)
  YESTERDAY        0.0                       0.1   -0.1      0.0
  MONTH TO DATE    0.0                       2.8   -2.8      6.3
  SINCE MAR 1     27.9                      25.3    2.6     20.3
  SINCE JUL 1     86.6                      74.7   11.9     71.7
  SNOW DEPTH       0

DEGREE DAYS
 HEATING
  YESTERDAY       14                        10      4       14
  MONTH TO DATE  375                       336     39      424
  SINCE MAR 1   1881                      1930    -49     1825
  SINCE JUL 1   6816                      7378   -562     6876

 COOLING
  YESTERDAY        0                         0      0        0
  MONTH TO DATE    0                         0      0        0
  SINCE MAR 1      0                         0      0        0
  SINCE JAN 1      0                         0      0        0
..................................................................


WIND (MPH)
  HIGHEST WIND SPEED    39   HIGHEST WIND DIRECTION    SW (230)
  HIGHEST GUST SPEED    52   HIGHEST GUST DIRECTION    SW (240)
  AVERAGE WIND SPEED     8.3


SKY COVER
  POSSIBLE SUNSHINE  MM
  AVERAGE SKY COVER 0.2


WEATHER CONDITIONS
 THE FOLLOWING WEATHER WAS RECORDED YESTERDAY.
  THUNDERSTORM
  LIGHT RAIN
  HAZE


RELATIVE HUMIDITY (PERCENT)
 HIGHEST    82           200 AM
 LOWEST     17           500 PM
 AVERAGE    50

..........................................................


THE CASPER WY CLIMATE NORMALS FOR TODAY
                         NORMAL    RECORD    YEAR
 MAXIMUM TEMPERATURE (F)   70        85      2006
                                             2003
                                             1969
 MINIMUM TEMPERATURE (F)   40        29      2002


SUNRISE AND SUNSET
MAY 25 2016...........SUNRISE   534 AM MDT   SUNSET   833 PM MDT
MAY 26 2016...........SUNRISE   533 AM MDT   SUNSET   834 PM MDT


-  INDICATES NEGATIVE NUMBERS.
R  INDICATES RECORD WAS SET OR TIED.
MM INDICATES DATA IS MISSING.
T  INDICATES TRACE AMOUNT.




$$
