804
CDUS45 KRIW 250730
CLICPR


CLIMATE REPORT
NATIONAL WEATHER SERVICE RIVERTON WY
128 AM MDT SUN JUN 25 2017


...................................

...THE CASPER WY CLIMATE SUMMARY FOR JUNE 24 2017...

CLIMATE NORMAL PERIOD 1981 TO 2010
CLIMATE RECORD PERIOD 1939 TO 2017


WEATHER ITEM   OBSERVED TIME   RECORD YEAR NORMAL DEPARTURE LAST
                VALUE   (LST)  VALUE       VALUE  FROM      YEAR
                                                  NORMAL
..................................................................
TEMPERATURE (F)
 YESTERDAY
  MAXIMUM         75    351 PM 102    1988  83     -8       95
  MINIMUM         37R   442 AM  38    1967  48    -11       59
  AVERAGE         56                        65     -9       77

PRECIPITATION (IN)
  YESTERDAY        0.00          0.58 1958   0.05  -0.05     0.00
  MONTH TO DATE    0.93                      1.34  -0.41     1.03
  SINCE JUN 1      0.93                      1.34  -0.41     1.03
  SINCE JAN 1      8.53                      6.55   1.98    10.49

SNOWFALL (IN)
  YESTERDAY        0.0                       0.0    0.0      0.0
  MONTH TO DATE    0.0                       0.1   -0.1      0.0
  SINCE JUN 1      0.0                       0.1   -0.1      0.0
  SINCE JUL 1     70.0                      74.9   -4.9     86.6
  SNOW DEPTH       0

DEGREE DAYS
 HEATING
  YESTERDAY        9                         2      7        0
  MONTH TO DATE   77                       124    -47       33
  SINCE JUN 1     77                       124    -47       33
  SINCE JUL 1   7028                      7568   -540     6938

 COOLING
  YESTERDAY        0                         3     -3       12
  MONTH TO DATE   33                        34     -1       89
  SINCE JUN 1     33                        34     -1       89
  SINCE JAN 1     33                        38     -5       89
..................................................................


WIND (MPH)
  HIGHEST WIND SPEED    15   HIGHEST WIND DIRECTION    NE (50)
  HIGHEST GUST SPEED    19   HIGHEST GUST DIRECTION    NE (60)
  AVERAGE WIND SPEED     7.1


SKY COVER
  POSSIBLE SUNSHINE  MM
  AVERAGE SKY COVER 0.3


WEATHER CONDITIONS
 THE FOLLOWING WEATHER WAS RECORDED YESTERDAY.
  NO SIGNIFICANT WEATHER WAS OBSERVED.


RELATIVE HUMIDITY (PERCENT)
 HIGHEST    79           200 AM
 LOWEST     19           400 PM
 AVERAGE    49

..........................................................


THE CASPER WY CLIMATE NORMALS FOR TODAY
                         NORMAL    RECORD    YEAR
 MAXIMUM TEMPERATURE (F)   83       100      2012
 MINIMUM TEMPERATURE (F)   49        38      1993


SUNRISE AND SUNSET
JUNE 25 2017..........SUNRISE   528 AM MDT   SUNSET   849 PM MDT
JUNE 26 2017..........SUNRISE   529 AM MDT   SUNSET   849 PM MDT


-  INDICATES NEGATIVE NUMBERS.
R  INDICATES RECORD WAS SET OR TIED.
MM INDICATES DATA IS MISSING.
T  INDICATES TRACE AMOUNT.




$$
