000
CDUS45 KRIW 240028
CLICPR


CLIMATE REPORT
NATIONAL WEATHER SERVICE RIVERTON WY
628 PM MDT MON OCT 23 2017


...................................

...THE CASPER WY CLIMATE SUMMARY FOR OCTOBER 23 2017...
VALID TODAY AS OF 0500 PM LOCAL TIME.

CLIMATE NORMAL PERIOD 1981 TO 2010
CLIMATE RECORD PERIOD 1939 TO 2017


WEATHER ITEM   OBSERVED TIME   RECORD YEAR NORMAL DEPARTURE LAST
                VALUE   (LST)  VALUE       VALUE  FROM      YEAR
                                                  NORMAL
..................................................................
TEMPERATURE (F)
 TODAY
  MAXIMUM         54        MM  81    2003  57     -3       72
  MINIMUM         39        MM  11    1984  29     10       24
  AVERAGE         47                        43      4       48

PRECIPITATION (IN)
  TODAY            0.00          0.25 1975   0.04  -0.04     0.00
  MONTH TO DATE    0.95                      0.85   0.10     0.14
  SINCE SEP 1      2.37                      1.93   0.44     1.69
  SINCE JAN 1     12.29                     11.01   1.28    13.86

SNOWFALL (IN)
  TODAY            0.0                       0.3   -0.3      0.0
  MONTH TO DATE    4.5                       5.1   -0.6       T
  SINCE SEP 1      4.5                       6.9   -2.4       T
  SINCE JUL 1      4.5                       6.9   -2.4       T
  SNOW DEPTH       0

DEGREE DAYS
 HEATING
  TODAY           18                        22     -4       17
  MONTH TO DATE  426                       427     -1      350
  SINCE SEP 1    704                       666     38      558
  SINCE JUL 1    725                       712     13      618

 COOLING
  TODAY            0                         0      0        0
  MONTH TO DATE    0                         0      0        0
  SINCE SEP 1     54                        25     29       29
  SINCE JAN 1    448                       422     26      451
..................................................................


WIND (MPH)
  HIGHEST WIND SPEED    22   HIGHEST WIND DIRECTION    NW (330)
  HIGHEST GUST SPEED    31   HIGHEST GUST DIRECTION    NW (320)
  AVERAGE WIND SPEED    11.7


SKY COVER
  POSSIBLE SUNSHINE  MM
  AVERAGE SKY COVER 0.5


WEATHER CONDITIONS
 THE FOLLOWING WEATHER WAS RECORDED TODAY.
  NO SIGNIFICANT WEATHER WAS OBSERVED.


RELATIVE HUMIDITY (PERCENT)
 HIGHEST    73           200 AM
 LOWEST     20           200 PM
 AVERAGE    47

..........................................................


THE CASPER WY CLIMATE NORMALS FOR TOMORROW
                         NORMAL    RECORD    YEAR
 MAXIMUM TEMPERATURE (F)   56        77      1992
 MINIMUM TEMPERATURE (F)   29        13      2001


SUNRISE AND SUNSET
OCTOBER 23 2017.......SUNRISE   729 AM MDT   SUNSET   610 PM MDT
OCTOBER 24 2017.......SUNRISE   731 AM MDT   SUNSET   609 PM MDT


-  INDICATES NEGATIVE NUMBERS.
R  INDICATES RECORD WAS SET OR TIED.
MM INDICATES DATA IS MISSING.
T  INDICATES TRACE AMOUNT.




$$
