000
CDUS45 KRIW 270731
CLICPR


CLIMATE REPORT
NATIONAL WEATHER SERVICE RIVERTON WY
1229 AM MST MON FEB 27 2017


...................................

...THE CASPER WY CLIMATE SUMMARY FOR FEBRUARY 26 2017...

CLIMATE NORMAL PERIOD 1981 TO 2010
CLIMATE RECORD PERIOD 1939 TO 2017


WEATHER ITEM   OBSERVED TIME   RECORD YEAR NORMAL DEPARTURE LAST
                VALUE   (LST)  VALUE       VALUE  FROM      YEAR
                                                  NORMAL
..................................................................
TEMPERATURE (F)
 YESTERDAY
  MAXIMUM         24    416 PM  63    1950  41    -17       57
  MINIMUM          9    639 AM -13    2002  18     -9       24
                                      1947
  AVERAGE         17                        30    -13       41

PRECIPITATION (IN)
  YESTERDAY        0.00          0.47 1987   0.03  -0.03     0.00
  MONTH TO DATE    0.81                      0.53   0.28     0.41
  SINCE DEC 1      2.66                      1.53   1.13     2.46
  SINCE JAN 1      1.35                      1.04   0.31     1.40

SNOWFALL (IN)
  YESTERDAY        0.0                       0.4   -0.4      0.0
  MONTH TO DATE   14.3                       9.1    5.2     15.2
  SINCE DEC 1     50.3                      29.2   21.1     45.4
  SINCE JUL 1     53.5                      48.7    4.8     58.7
  SNOW DEPTH       4

DEGREE DAYS
 HEATING
  YESTERDAY       48                        35     13       24
  MONTH TO DATE  855                      1000   -145      890
  SINCE DEC 1   3679                      3523    156     3340
  SINCE JUL 1   5105                      5377   -272     4862

 COOLING
  YESTERDAY        0                         0      0        0
  MONTH TO DATE    0                         0      0        0
  SINCE DEC 1      0                         0      0        0
  SINCE JAN 1      0                         0      0        0
..................................................................


WIND (MPH)
  HIGHEST WIND SPEED    33   HIGHEST WIND DIRECTION    SW (230)
  HIGHEST GUST SPEED    41   HIGHEST GUST DIRECTION    SW (210)
  AVERAGE WIND SPEED    19.5


SKY COVER
  POSSIBLE SUNSHINE  MM
  AVERAGE SKY COVER 0.0


WEATHER CONDITIONS
 THE FOLLOWING WEATHER WAS RECORDED YESTERDAY.
  NO SIGNIFICANT WEATHER WAS OBSERVED.


RELATIVE HUMIDITY (PERCENT)
 HIGHEST    66           700 AM
 LOWEST     50           200 PM
 AVERAGE    58

..........................................................


THE CASPER WY CLIMATE NORMALS FOR TODAY
                         NORMAL    RECORD    YEAR
 MAXIMUM TEMPERATURE (F)   42        63      1992
 MINIMUM TEMPERATURE (F)   18       -23      1947


SUNRISE AND SUNSET
FEBRUARY 27 2017......SUNRISE   644 AM MST   SUNSET   553 PM MST
FEBRUARY 28 2017......SUNRISE   643 AM MST   SUNSET   554 PM MST


-  INDICATES NEGATIVE NUMBERS.
R  INDICATES RECORD WAS SET OR TIED.
MM INDICATES DATA IS MISSING.
T  INDICATES TRACE AMOUNT.




$$
