000
CDUS45 KRIW 260736
CLICPR


CLIMATE REPORT
NATIONAL WEATHER SERVICE RIVERTON WY
136 AM MDT TUE MAY 26 2015


...................................

...THE CASPER WY CLIMATE SUMMARY FOR MAY 25 2015...

CLIMATE NORMAL PERIOD 1981 TO 2010
CLIMATE RECORD PERIOD 1939 TO 2015


WEATHER ITEM   OBSERVED TIME   RECORD YEAR NORMAL DEPARTURE LAST
                VALUE   (LST)  VALUE       VALUE  FROM      YEAR
                                                  NORMAL
..................................................................
TEMPERATURE (F)
 YESTERDAY
  MAXIMUM         63    301 PM  85    2006  70     -7       72
                                      2003
                                      1969
  MINIMUM         44    504 AM  29    2002  40      4       46
  AVERAGE         54                        55     -1       59

PRECIPITATION (IN)
  YESTERDAY        0.01          0.78 1962   0.06  -0.05     0.00
  MONTH TO DATE    3.39                      1.64   1.75     0.49
  SINCE MAR 1      5.69                      3.75   1.94     3.28
  SINCE JAN 1      7.00                      4.83   2.17     4.76

SNOWFALL (IN)
  YESTERDAY        0.0                       0.0    0.0      0.0
  MONTH TO DATE    6.3                       2.8    3.5      0.9
  SINCE MAR 1     20.3                      25.3   -5.0     25.4
  SINCE JUL 1     71.7                      74.7   -3.0     91.6
  SNOW DEPTH       0

DEGREE DAYS
 HEATING
  YESTERDAY       11                        10      1        6
  MONTH TO DATE  435                       346     89      358
  SINCE MAR 1   1836                      1940   -104     1930
  SINCE JUL 1   6887                      7388   -501     7694

 COOLING
  YESTERDAY        0                         0      0        0
  MONTH TO DATE    0                         0      0        0
  SINCE MAR 1      0                         0      0        0
  SINCE JAN 1      0                         0      0        0
..................................................................


WIND (MPH)
  HIGHEST WIND SPEED    17   HIGHEST WIND DIRECTION    NW (310)
  HIGHEST GUST SPEED    19   HIGHEST GUST DIRECTION    NW (310)
  AVERAGE WIND SPEED     6.9


SKY COVER
  POSSIBLE SUNSHINE  MM
  AVERAGE SKY COVER 0.8


WEATHER CONDITIONS
 THE FOLLOWING WEATHER WAS RECORDED YESTERDAY.
  LIGHT RAIN


RELATIVE HUMIDITY (PERCENT)
 HIGHEST    92           200 AM
 LOWEST     48           300 PM
 AVERAGE    70

..........................................................


THE CASPER WY CLIMATE NORMALS FOR TODAY
                         NORMAL    RECORD    YEAR
 MAXIMUM TEMPERATURE (F)   71        91      2006
 MINIMUM TEMPERATURE (F)   40        29      1989
                                             1950


SUNRISE AND SUNSET
MAY 26 2015...........SUNRISE   533 AM MDT   SUNSET   833 PM MDT
MAY 27 2015...........SUNRISE   533 AM MDT   SUNSET   834 PM MDT


-  INDICATES NEGATIVE NUMBERS.
R  INDICATES RECORD WAS SET OR TIED.
MM INDICATES DATA IS MISSING.
T  INDICATES TRACE AMOUNT.




$$
