000
CDUS46 KLOX 180926
CLICQT


CLIMATE REPORT
NATIONAL WEATHER SERVICE LOS ANGELES/OXNARD CA
126 AM PST SAT NOV 18 2017


...................................

...THE DOWNTOWN LOS ANGELES (USC) CA CLIMATE SUMMARY FOR NOVEMBER 17 2017...

CLIMATE NORMAL PERIOD 1981 TO 2010
CLIMATE RECORD PERIOD 1877 TO 2017


WEATHER ITEM   OBSERVED TIME   RECORD YEAR NORMAL DEPARTURE LAST
                VALUE   (LST)  VALUE       VALUE  FROM      YEAR
                                                  NORMAL
..................................................................
TEMPERATURE (F)
 YESTERDAY
  MAXIMUM         73   1056 AM  91    2008  73      0       72
  MINIMUM         61   1024 PM  36    1886  52      9       52
  AVERAGE         67                        62      5       62

PRECIPITATION (IN)
  YESTERDAY        0.01          1.58 1900   0.04  -0.03     0.00
  MONTH TO DATE    0.01                      0.51  -0.50     0.00
  SINCE OCT 1      0.11                      1.17  -1.06     0.52
  SINCE JAN 1     13.23                     12.07   1.16     6.37

SNOWFALL (IN)
  YESTERDAY        0.0
  MONTH TO DATE    0.0
  SINCE SEP 1      0.0
  SINCE JUL 1      0.0

DEGREE DAYS
 HEATING
  YESTERDAY        0                         4     -4        3
  MONTH TO DATE    7                        46    -39        6
  SINCE SEP 1      7                        66    -59        8
  SINCE JUL 1      7                        66    -59        8

 COOLING
  YESTERDAY        2                         1      1        0
  MONTH TO DATE   20                        27     -7       95
  SINCE SEP 1    623                       400    223      526
  SINCE JAN 1   1825                      1234    591     1521
..................................................................


WIND (MPH)
  HIGHEST WIND SPEED    10   HIGHEST WIND DIRECTION     W (270)
  HIGHEST GUST SPEED    16   HIGHEST GUST DIRECTION     W (280)
  AVERAGE WIND SPEED     1.4


SKY COVER
  POSSIBLE SUNSHINE  MM
  AVERAGE SKY COVER 0.3


WEATHER CONDITIONS
 THE FOLLOWING WEATHER WAS RECORDED YESTERDAY.
  LIGHT RAIN


RELATIVE HUMIDITY (PERCENT)
 HIGHEST    93           700 AM
 LOWEST     61          1100 AM
 AVERAGE    77

..........................................................


THE DOWNTOWN LOS ANGELES (USC) CA CLIMATE NORMALS FOR TODAY
                         NORMAL    RECORD    YEAR
 MAXIMUM TEMPERATURE (F)   72        94      1895
 MINIMUM TEMPERATURE (F)   51        34      1881


SUNRISE AND SUNSET
NOVEMBER 18 2017......SUNRISE   629 AM PST   SUNSET   448 PM PST
NOVEMBER 19 2017......SUNRISE   630 AM PST   SUNSET   447 PM PST


-  INDICATES NEGATIVE NUMBERS.
R  INDICATES RECORD WAS SET OR TIED.
MM INDICATES DATA IS MISSING.
T  INDICATES TRACE AMOUNT.




$$
