000
CDUS46 KLOX 290915
CLICQT


CLIMATE REPORT
NATIONAL WEATHER SERVICE LOS ANGELES/OXNARD CA
215 AM PDT THU SEP 29 2016


...................................

...THE DOWNTOWN LOS ANGELES (USC) CA CLIMATE SUMMARY FOR SEPTEMBER 28 2016...

CLIMATE NORMAL PERIOD 1981 TO 2010
CLIMATE RECORD PERIOD 1877 TO 2016


WEATHER ITEM   OBSERVED TIME   RECORD YEAR NORMAL DEPARTURE LAST
                VALUE   (LST)  VALUE       VALUE  FROM      YEAR
                                                  NORMAL
..................................................................
TEMPERATURE (F)
 YESTERDAY
  MAXIMUM         90   1157 AM 106    1963  81      9       88
  MINIMUM         71    602 AM  49    1901  62      9       68
  AVERAGE         81                        72      9       78

PRECIPITATION (IN)
  YESTERDAY        T             0.74 1911   0.01  -0.01     0.00
  MONTH TO DATE    T                         0.21  -0.21     2.39
  SINCE OCT 1      6.88                     14.90  -8.02    11.24
  SINCE JAN 1      5.85                     10.87  -5.02     6.63

SNOWFALL (IN)
  YESTERDAY        0.0
  MONTH TO DATE    0.0
  SINCE SEP 1      0.0
  SINCE JUL 1      0.0

DEGREE DAYS
 HEATING
  YESTERDAY        0                         0      0        0
  MONTH TO DATE    0                         0      0        0
  SINCE SEP 1      0                         0      0        0
  SINCE JUL 1      0                         0      0        0

 COOLING
  YESTERDAY       16                         7      9       13
  MONTH TO DATE  239                       230      9      391
  SINCE SEP 1    239                       230      9      391
  SINCE JAN 1   1234                      1064    170     1512
..................................................................


WIND (MPH)
  HIGHEST WIND SPEED     9   HIGHEST WIND DIRECTION     W (270)
  HIGHEST GUST SPEED    14   HIGHEST GUST DIRECTION     W (270)
  AVERAGE WIND SPEED     2.3


SKY COVER
  POSSIBLE SUNSHINE  MM
  AVERAGE SKY COVER 0.1


WEATHER CONDITIONS
 THE FOLLOWING WEATHER WAS RECORDED YESTERDAY.
  HAZE


RELATIVE HUMIDITY (PERCENT)
 HIGHEST    84          1100 PM
 LOWEST     29          1100 AM
 AVERAGE    57

..........................................................


THE DOWNTOWN LOS ANGELES (USC) CA CLIMATE NORMALS FOR TODAY
                         NORMAL    RECORD    YEAR
 MAXIMUM TEMPERATURE (F)   81       102      1999
                                             1963
                                             1924
 MINIMUM TEMPERATURE (F)   62        44      1880


SUNRISE AND SUNSET
SEPTEMBER 29 2016.....SUNRISE   647 AM PDT   SUNSET   639 PM PDT
SEPTEMBER 30 2016.....SUNRISE   647 AM PDT   SUNSET   638 PM PDT


-  INDICATES NEGATIVE NUMBERS.
R  INDICATES RECORD WAS SET OR TIED.
MM INDICATES DATA IS MISSING.
T  INDICATES TRACE AMOUNT.




$$
