000
CDUS46 KLOX 210914
CLICQT


CLIMATE REPORT
NATIONAL WEATHER SERVICE LOS ANGELES/OXNARD CA
112 AM PST SUN JAN 21 2018


...................................

...THE DOWNTOWN LOS ANGELES (USC) CA CLIMATE SUMMARY FOR JANUARY 20 2018...

CLIMATE NORMAL PERIOD 1981 TO 2010
CLIMATE RECORD PERIOD 1877 TO 2018


WEATHER ITEM   OBSERVED TIME   RECORD YEAR NORMAL DEPARTURE LAST
                VALUE   (LST)  VALUE       VALUE  FROM      YEAR
                                                  NORMAL
..................................................................
TEMPERATURE (F)
 YESTERDAY
  MAXIMUM         62    301 PM  85    2009  68     -6       59
  MINIMUM         51    545 AM  30    1883  48      3       51
  AVERAGE         57                        58     -1       55

PRECIPITATION (IN)
  YESTERDAY        0.00          3.30 1969   0.10  -0.10     1.51
  MONTH TO DATE    1.77                      2.05  -0.28     5.38
  SINCE OCT 1      1.89                      6.08  -4.19    11.33
  SINCE JAN 1      1.77                      2.05  -0.28     5.38

SNOWFALL (IN)
  YESTERDAY        0.0
  MONTH TO DATE    0.0
  SINCE DEC 1      0.0
  SINCE JUL 1      0.0

DEGREE DAYS
 HEATING
  YESTERDAY        8                         7      1       10
  MONTH TO DATE   56                       146    -90      145
  SINCE DEC 1    186                       380   -194      342
  SINCE JUL 1    204                       511   -307      413

 COOLING
  YESTERDAY        0                         0      0        0
  MONTH TO DATE   10                         0     10        1
  SINCE DEC 1     22                         4     18        7
  SINCE JAN 1     10                         0     10        1
..................................................................


WIND (MPH)
  HIGHEST WIND SPEED    12   HIGHEST WIND DIRECTION    NW (300)
  HIGHEST GUST SPEED    23   HIGHEST GUST DIRECTION    NW (310)
  AVERAGE WIND SPEED     5.9


SKY COVER
  POSSIBLE SUNSHINE  MM
  AVERAGE SKY COVER 0.1


WEATHER CONDITIONS
 THE FOLLOWING WEATHER WAS RECORDED YESTERDAY.
  NO SIGNIFICANT WEATHER WAS OBSERVED.


RELATIVE HUMIDITY (PERCENT)
 HIGHEST    48           700 AM
 LOWEST     22           200 PM
 AVERAGE    35

..........................................................


THE DOWNTOWN LOS ANGELES (USC) CA CLIMATE NORMALS FOR TODAY
                         NORMAL    RECORD    YEAR
 MAXIMUM TEMPERATURE (F)   68        81      2013
                                             1912
 MINIMUM TEMPERATURE (F)   48        32      1937


SUNRISE AND SUNSET
JANUARY 21 2018.......SUNRISE   656 AM PST   SUNSET   513 PM PST
JANUARY 22 2018.......SUNRISE   656 AM PST   SUNSET   514 PM PST


-  INDICATES NEGATIVE NUMBERS.
R  INDICATES RECORD WAS SET OR TIED.
MM INDICATES DATA IS MISSING.
T  INDICATES TRACE AMOUNT.




$$
