000
CDUS46 KLOX 110116
CLICQT


CLIMATE REPORT
NATIONAL WEATHER SERVICE LOS ANGELES/OXNARD CA
516 PM PST SAT DEC 10 2016


...................................

...THE DOWNTOWN LOS ANGELES (USC) CA CLIMATE SUMMARY FOR DECEMBER 10 2016...
VALID TODAY AS OF 0500 PM LOCAL TIME.

CLIMATE NORMAL PERIOD 1981 TO 2010
CLIMATE RECORD PERIOD 1877 TO 2016


WEATHER ITEM   OBSERVED TIME   RECORD YEAR NORMAL DEPARTURE LAST
                VALUE   (LST)  VALUE       VALUE  FROM      YEAR
                                                  NORMAL
..................................................................
TEMPERATURE (F)
 TODAY
  MAXIMUM         66    208 PM  87    1950  68     -2       68
  MINIMUM         54    847 AM  36    1951  48      6       52
  AVERAGE         60                        58      2       60

PRECIPITATION (IN)
  TODAY            0.00          1.58 1941   0.06  -0.06      T
  MONTH TO DATE    0.00                      0.57  -0.57      T
  SINCE OCT 1      1.40                      2.27  -0.87     0.46
  SINCE JAN 1      7.25                     13.17  -5.92     7.09

SNOWFALL (IN)
  TODAY            0.0
  MONTH TO DATE    0.0
  SINCE DEC 1      0.0
  SINCE JUL 1      0.0

DEGREE DAYS
 HEATING
  TODAY            5                         8     -3        5
  MONTH TO DATE   71                        69      2       19
  SINCE DEC 1     71                        69      2       19
  SINCE JUL 1    142                       200    -58      123

 COOLING
  TODAY            0                         0      0        0
  MONTH TO DATE    0                         0      0       10
  SINCE DEC 1      0                         0      0       10
  SINCE JAN 1   1522                      1240    282     1918
..................................................................


WIND (MPH)
  HIGHEST WIND SPEED     6   HIGHEST WIND DIRECTION     W (280)
  HIGHEST GUST SPEED     9   HIGHEST GUST DIRECTION     S (160)
  AVERAGE WIND SPEED     1.4


SKY COVER
  POSSIBLE SUNSHINE  MM
  AVERAGE SKY COVER 0.9


WEATHER CONDITIONS
 THE FOLLOWING WEATHER WAS RECORDED TODAY.
  FOG
  HAZE


RELATIVE HUMIDITY (PERCENT)
 HIGHEST   100          1200 AM
 LOWEST     67           100 PM
 AVERAGE    84

..........................................................


THE DOWNTOWN LOS ANGELES (USC) CA CLIMATE NORMALS FOR TOMORROW
                         NORMAL    RECORD    YEAR
 MAXIMUM TEMPERATURE (F)   68        86      1895
 MINIMUM TEMPERATURE (F)   48        34      1898


SUNRISE AND SUNSET
DECEMBER 10 2016......SUNRISE   648 AM PST   SUNSET   444 PM PST
DECEMBER 11 2016......SUNRISE   649 AM PST   SUNSET   444 PM PST


-  INDICATES NEGATIVE NUMBERS.
R  INDICATES RECORD WAS SET OR TIED.
MM INDICATES DATA IS MISSING.
T  INDICATES TRACE AMOUNT.




$$
