000
CDUS42 KILM 272045
CLICRE


CLIMATE REPORT
NATIONAL WEATHER SERVICE WILMINGTON NC
445 PM EDT TUE SEP 27 2016


...................................

...THE NORTH MYRTLE BEACH SC CLIMATE SUMMARY FOR SEPTEMBER 27 2016...
VALID TODAY AS OF 0400 PM LOCAL TIME.

CLIMATE NORMAL PERIOD 1981 TO 2010
CLIMATE RECORD PERIOD 1949 TO 2016


WEATHER ITEM   OBSERVED TIME   RECORD YEAR NORMAL DEPARTURE LAST
                VALUE   (LST)  VALUE       VALUE  FROM      YEAR
                                                  NORMAL
..................................................................
TEMPERATURE (F)
 TODAY
  MAXIMUM         85    206 PM  88    1993  81      4       85
  MINIMUM         72    717 AM  52    2001  63      9       71
                                      1956
  AVERAGE         79                        72      7       78

PRECIPITATION (IN)
  TODAY            T                         0.20  -0.20     0.02
  MONTH TO DATE   17.72                      5.73  11.99     5.29
  SINCE SEP 1     17.72                      5.73  11.99     5.29
  SINCE JAN 1     43.36                     41.08   2.28    38.05

DEGREE DAYS
 HEATING
  TODAY            0                         0      0        0
  MONTH TO DATE    0                         0      0        0
  SINCE SEP 1      0                         0      0        0
  SINCE JUL 1      0                         0      0        0

 COOLING
  TODAY           14                         7      7       13
  MONTH TO DATE  340                       287     53      319
  SINCE SEP 1    340                       287     53      319
  SINCE JAN 1   2196                      1763    433     2028
..................................................................


WIND (MPH)
  HIGHEST WIND SPEED    14   HIGHEST WIND DIRECTION    SW (210)
  HIGHEST GUST SPEED    17   HIGHEST GUST DIRECTION    SW (210)
  AVERAGE WIND SPEED     4.5


SKY COVER
  POSSIBLE SUNSHINE  MM
  AVERAGE SKY COVER 0.3


WEATHER CONDITIONS
 THE FOLLOWING WEATHER WAS RECORDED TODAY.
  LIGHT RAIN
  FOG


RELATIVE HUMIDITY (PERCENT)
 HIGHEST   100           600 AM
 LOWEST     51           200 PM
 AVERAGE    76

..........................................................


THE NORTH MYRTLE BEACH SC CLIMATE NORMALS FOR TOMORROW
                         NORMAL    RECORD    YEAR
 MAXIMUM TEMPERATURE (F)   81        90      2007
 MINIMUM TEMPERATURE (F)   63        49      1990


SUNRISE AND SUNSET
SEPTEMBER 27 2016.....SUNRISE   707 AM EDT   SUNSET   704 PM EDT
SEPTEMBER 28 2016.....SUNRISE   707 AM EDT   SUNSET   703 PM EDT


-  INDICATES NEGATIVE NUMBERS.
R  INDICATES RECORD WAS SET OR TIED.
MM INDICATES DATA IS MISSING.
T  INDICATES TRACE AMOUNT.




$$
