000
CDUS42 KILM 230841
CLICRE


CLIMATE REPORT
NATIONAL WEATHER SERVICE WILMINGTON NC
441 AM EDT MON OCT 23 2017


...................................

...THE N.MYRTLE BEACH SOUTH CAROLINA CLIMATE SUMMARY FOR OCTOBER 22 2017...

CLIMATE NORMAL PERIOD 1981 TO 2010
CLIMATE RECORD PERIOD 1949 TO 2017


WEATHER ITEM   OBSERVED TIME   RECORD YEAR NORMAL DEPARTURE LAST
                VALUE   (LST)  VALUE       VALUE  FROM      YEAR
                                                  NORMAL
..................................................................
TEMPERATURE (F)
 YESTERDAY
  MAXIMUM         80    211 PM  84    2005  73      7       65
  MINIMUM         62    557 AM  34    1952  53      9       50
  AVERAGE         71                        63      8       58

PRECIPITATION (IN)
  YESTERDAY        0.01          0.47 2006   0.11  -0.10     0.00
  MONTH TO DATE    1.88                      3.01  -1.13     9.38
  SINCE SEP 1      6.16                      9.29  -3.13    27.75
  SINCE JAN 1     41.77                     44.64  -2.87    53.39

DEGREE DAYS
 HEATING
  YESTERDAY        0                         4     -4        7
  MONTH TO DATE   11                        42    -31       13
  SINCE SEP 1     11                        46    -35       13
  SINCE JUL 1     11                        46    -35       13

 COOLING
  YESTERDAY        6                         2      4        0
  MONTH TO DATE  153                        82     71      109
  SINCE SEP 1    503                       390    113      487
  SINCE JAN 1   2168                      1866    302     2343
..................................................................


WIND (MPH)
  HIGHEST WIND SPEED    16   HIGHEST WIND DIRECTION     E (100)
  HIGHEST GUST SPEED    22   HIGHEST GUST DIRECTION     E (90)
  AVERAGE WIND SPEED     8.6


SKY COVER
  POSSIBLE SUNSHINE  MM
  AVERAGE SKY COVER 0.2


WEATHER CONDITIONS
 THE FOLLOWING WEATHER WAS RECORDED YESTERDAY.
  LIGHT RAIN
  FOG


RELATIVE HUMIDITY (PERCENT)
 HIGHEST   100           100 AM
 LOWEST     62          1100 AM
 AVERAGE    81

..........................................................


THE N.MYRTLE BEACH SOUTH CAROLINA CLIMATE NORMALS FOR TODAY
                         NORMAL    RECORD    YEAR
 MAXIMUM TEMPERATURE (F)   73        82      2007
 MINIMUM TEMPERATURE (F)   53        36      1954


SUNRISE AND SUNSET
OCTOBER 23 2017.......SUNRISE   727 AM EDT   SUNSET   631 PM EDT
OCTOBER 24 2017.......SUNRISE   727 AM EDT   SUNSET   630 PM EDT


-  INDICATES NEGATIVE NUMBERS.
R  INDICATES RECORD WAS SET OR TIED.
MM INDICATES DATA IS MISSING.
T  INDICATES TRACE AMOUNT.




$$
