000
CDUS42 KILM 242041
CLICRE


CLIMATE REPORT
NATIONAL WEATHER SERVICE WILMINGTON NC
441 PM EDT FRI MAR 24 2017


...................................

...THE NORTH MYRTLE BEACH SC CLIMATE SUMMARY FOR MARCH 24 2017...
VALID TODAY AS OF 0400 PM LOCAL TIME.

CLIMATE NORMAL PERIOD 1981 TO 2010
CLIMATE RECORD PERIOD 1949 TO 2017


WEATHER ITEM   OBSERVED TIME   RECORD YEAR NORMAL DEPARTURE LAST
                VALUE   (LST)  VALUE       VALUE  FROM      YEAR
                                                  NORMAL
..................................................................
TEMPERATURE (F)
 TODAY
  MAXIMUM         68    259 PM  78    1990  66      2       75
  MINIMUM         40   1234 AM  30    2004  46     -6       53
  AVERAGE         54                        56     -2       64

PRECIPITATION (IN)
  TODAY            0.00                      0.13  -0.13      T
  MONTH TO DATE    1.69                      3.00  -1.31     0.65
  SINCE MAR 1      1.69                      3.00  -1.31     0.65
  SINCE JAN 1      5.22                     10.11  -4.89     8.72

SNOWFALL (IN)
  TODAY           MM
  MONTH TO DATE   MM
  SINCE MAR 1     MM
  SINCE JUL 1     MM
  SNOW DEPTH      MM

DEGREE DAYS
 HEATING
  TODAY           11                         9      2        1
  MONTH TO DATE  340                       280     60      158
  SINCE MAR 1    340                       280     60      158
  SINCE JUL 1   1744                      2224   -480     1633

 COOLING
  TODAY            0                         0      0        0
  MONTH TO DATE    3                         0      3       22
  SINCE MAR 1      3                         0      3       22
  SINCE JAN 1      4                         0      4       22
..................................................................


WIND (MPH)
  HIGHEST WIND SPEED    10   HIGHEST WIND DIRECTION    SE (140)
  HIGHEST GUST SPEED    13   HIGHEST GUST DIRECTION     S (160)
  AVERAGE WIND SPEED     6.5


SKY COVER
  POSSIBLE SUNSHINE  MM
  AVERAGE SKY COVER 0.0


WEATHER CONDITIONS
 THE FOLLOWING WEATHER WAS RECORDED TODAY.
  NO SIGNIFICANT WEATHER WAS OBSERVED.


RELATIVE HUMIDITY (PERCENT)
 HIGHEST    93           600 AM
 LOWEST     52           200 PM
 AVERAGE    73

..........................................................


THE NORTH MYRTLE BEACH SC CLIMATE NORMALS FOR TOMORROW
                         NORMAL    RECORD    YEAR
 MAXIMUM TEMPERATURE (F)   66        84      2007
 MINIMUM TEMPERATURE (F)   46        28      1956


SUNRISE AND SUNSET
MARCH 24 2017.........SUNRISE   713 AM EDT   SUNSET   730 PM EDT
MARCH 25 2017.........SUNRISE   711 AM EDT   SUNSET   731 PM EDT


-  INDICATES NEGATIVE NUMBERS.
R  INDICATES RECORD WAS SET OR TIED.
MM INDICATES DATA IS MISSING.
T  INDICATES TRACE AMOUNT.




$$
