000
CDUS42 KILM 240841
CLICRE


CLIMATE REPORT
NATIONAL WEATHER SERVICE WILMINGTON NC
440 AM EDT THU APR 24 2014


...................................

...THE NORTH MYRTLE BEACH SC CLIMATE SUMMARY FOR APRIL 23 2014...

CLIMATE NORMAL PERIOD 1981 TO 2010
CLIMATE RECORD PERIOD 1949 TO 2014


WEATHER ITEM   OBSERVED TIME   RECORD YEAR NORMAL DEPARTURE LAST
                VALUE   (LST)  VALUE       VALUE  FROM      YEAR
                                                  NORMAL
..................................................................
TEMPERATURE (F)
 YESTERDAY
  MAXIMUM         80    411 PM  85    1950  73      7       69
  MINIMUM         51   1159 PM  35    1993  54     -3       51
  AVERAGE         66                        64      2       60

PRECIPITATION (IN)
  YESTERDAY        0.00                      0.10  -0.10     0.00
  MONTH TO DATE    1.98                      2.34  -0.36     4.21
  SINCE MAR 1      6.72                      6.26   0.46     7.39
  SINCE JAN 1     10.84                     13.37  -2.53    12.45

SNOWFALL (IN)
  YESTERDAY       MM
  MONTH TO DATE   MM
  SINCE MAR 1     MM
  SINCE JUL 1     MM
  SNOW DEPTH      MM

DEGREE DAYS
 HEATING
  YESTERDAY        0                         3     -3        5
  MONTH TO DATE   96                       123    -27      110
  SINCE MAR 1    544                       461     83      595
  SINCE JUL 1   2568                      2405    163     2376

 COOLING
  YESTERDAY        1                         2     -1        0
  MONTH TO DATE   16                        23     -7       26
  SINCE MAR 1     16                        26    -10       28
  SINCE JAN 1     16                        26    -10       30
..................................................................


WIND (MPH)
  HIGHEST WIND SPEED    17   HIGHEST WIND DIRECTION     W (290)
  HIGHEST GUST SPEED    23   HIGHEST GUST DIRECTION     W (280)
  AVERAGE WIND SPEED     6.2


SKY COVER
  POSSIBLE SUNSHINE  MM
  AVERAGE SKY COVER 0.0


WEATHER CONDITIONS
 THE FOLLOWING WEATHER WAS RECORDED YESTERDAY.
  FOG
  HAZE


RELATIVE HUMIDITY (PERCENT)
 HIGHEST    97           500 AM
 LOWEST     26           300 PM
 AVERAGE    62

..........................................................


THE NORTH MYRTLE BEACH SC CLIMATE NORMALS FOR TODAY
                         NORMAL    RECORD    YEAR
 MAXIMUM TEMPERATURE (F)   74        86      1950
 MINIMUM TEMPERATURE (F)   54        35      1993


SUNRISE AND SUNSET
APRIL 24 2014.........SUNRISE   634 AM EDT   SUNSET   753 PM EDT
APRIL 25 2014.........SUNRISE   632 AM EDT   SUNSET   754 PM EDT


-  INDICATES NEGATIVE NUMBERS.
R  INDICATES RECORD WAS SET OR TIED.
MM INDICATES DATA IS MISSING.
T  INDICATES TRACE AMOUNT.




$$
