000
CDUS42 KILM 222044
CLICRE


CLIMATE REPORT
NATIONAL WEATHER SERVICE WILMINGTON NC
444 PM EDT MON MAY 22 2017


...................................

...THE NORTH MYRTLE BEACH SC CLIMATE SUMMARY FOR MAY 22 2017...
VALID TODAY AS OF 0400 PM LOCAL TIME.

CLIMATE NORMAL PERIOD 1981 TO 2010
CLIMATE RECORD PERIOD 1949 TO 2017


WEATHER ITEM   OBSERVED TIME   RECORD YEAR NORMAL DEPARTURE LAST
                VALUE   (LST)  VALUE       VALUE  FROM      YEAR
                                                  NORMAL
..................................................................
TEMPERATURE (F)
 TODAY
  MAXIMUM         82    231 PM  92    2014  80      2       78
  MINIMUM         75    121 AM  41    1993  63     12       61
  AVERAGE         79                        71      8       70

PRECIPITATION (IN)
  TODAY            T                         0.11  -0.11     0.07
  MONTH TO DATE    1.16                      2.27  -1.11     4.23
  SINCE MAR 1      6.54                      9.15  -2.61     6.69
  SINCE JAN 1     10.07                     16.26  -6.19    14.76

DEGREE DAYS
 HEATING
  TODAY            0                         0      0        0
  MONTH TO DATE   10                        23    -13       11
  SINCE MAR 1    402                       502   -100      305
  SINCE JUL 1   1806                      2446   -640     1780

 COOLING
  TODAY           14                         7      7        5
  MONTH TO DATE  154                       101     53      129
  SINCE MAR 1    269                       143    126      229
  SINCE JAN 1    270                       143    127      229
..................................................................


WIND (MPH)
  HIGHEST WIND SPEED    21   HIGHEST WIND DIRECTION     S (200)
  HIGHEST GUST SPEED    26   HIGHEST GUST DIRECTION     S (200)
  AVERAGE WIND SPEED    15.2


SKY COVER
  POSSIBLE SUNSHINE  MM
  AVERAGE SKY COVER 0.5


WEATHER CONDITIONS
 THE FOLLOWING WEATHER WAS RECORDED TODAY.
  NO SIGNIFICANT WEATHER WAS OBSERVED.


RELATIVE HUMIDITY (PERCENT)
 HIGHEST    82           200 AM
 LOWEST     74           700 AM
 AVERAGE    78

..........................................................


THE NORTH MYRTLE BEACH SC CLIMATE NORMALS FOR TOMORROW
                         NORMAL    RECORD    YEAR
 MAXIMUM TEMPERATURE (F)   80        94      1953
 MINIMUM TEMPERATURE (F)   63        43      1954


SUNRISE AND SUNSET
MAY 22 2017...........SUNRISE   609 AM EDT   SUNSET   814 PM EDT
MAY 23 2017...........SUNRISE   609 AM EDT   SUNSET   815 PM EDT


-  INDICATES NEGATIVE NUMBERS.
R  INDICATES RECORD WAS SET OR TIED.
MM INDICATES DATA IS MISSING.
T  INDICATES TRACE AMOUNT.




$$
