000
CDUS42 KILM 310842
CLICRE


CLIMATE REPORT
NATIONAL WEATHER SERVICE WILMINGTON NC
442 AM EDT THU JUL 31 2014


...................................

...THE NORTH MYRTLE BEACH SC CLIMATE SUMMARY FOR JULY 30 2014...

CLIMATE NORMAL PERIOD 1981 TO 2010
CLIMATE RECORD PERIOD 1949 TO 2014


WEATHER ITEM   OBSERVED TIME   RECORD YEAR NORMAL DEPARTURE LAST
                VALUE   (LST)  VALUE       VALUE  FROM      YEAR
                                                  NORMAL
..................................................................
TEMPERATURE (F)
 YESTERDAY
  MAXIMUM         85    319 PM  97    2002  87     -2       84
  MINIMUM         69    550 AM  64    1954  73     -4       72
  AVERAGE         77                        80     -3       78

PRECIPITATION (IN)
  YESTERDAY        0.00                      0.19  -0.19     0.01
  MONTH TO DATE    6.44                      5.70   0.74     6.64
  SINCE JUN 1      9.07                     10.34  -1.27    19.09
  SINCE JAN 1     22.05                     27.74  -5.69    36.53

DEGREE DAYS
 HEATING
  YESTERDAY        0                         0      0        0
  MONTH TO DATE    0                         0      0        0
  SINCE JUN 1      0                         0      0        0
  SINCE JUL 1      0                         0      0        0

 COOLING
  YESTERDAY       12                        15     -3       13
  MONTH TO DATE  447                       462    -15      456
  SINCE JUN 1    852                       819     33      843
  SINCE JAN 1   1134                      1031    103     1023
..................................................................


WIND (MPH)
  HIGHEST WIND SPEED    16   HIGHEST WIND DIRECTION    SE (120)
  HIGHEST GUST SPEED    23   HIGHEST GUST DIRECTION     E (110)
  AVERAGE WIND SPEED     7.8


SKY COVER
  POSSIBLE SUNSHINE  MM
  AVERAGE SKY COVER 0.3


WEATHER CONDITIONS
 THE FOLLOWING WEATHER WAS RECORDED YESTERDAY.
  HAZE


RELATIVE HUMIDITY (PERCENT)
 HIGHEST    90           300 AM
 LOWEST     51          1100 AM
 AVERAGE    71

..........................................................


THE NORTH MYRTLE BEACH SC CLIMATE NORMALS FOR TODAY
                         NORMAL    RECORD    YEAR
 MAXIMUM TEMPERATURE (F)   87        95      1953
 MINIMUM TEMPERATURE (F)   73        63      1997


SUNRISE AND SUNSET
JULY 31 2014..........SUNRISE   626 AM EDT   SUNSET   816 PM EDT
AUGUST  1 2014........SUNRISE   627 AM EDT   SUNSET   815 PM EDT


-  INDICATES NEGATIVE NUMBERS.
R  INDICATES RECORD WAS SET OR TIED.
MM INDICATES DATA IS MISSING.
T  INDICATES TRACE AMOUNT.




$$
