806
CDUS44 KCRP 270738
CLICRP

CLIMATE REPORT
NATIONAL WEATHER SERVICE CORPUS CHRISTI TX
237 AM CDT TUE JUN 27 2017


...THE CORPUS CHRISTI CLIMATE SUMMARY FOR JUNE 26 2017...

CLIMATE NORMAL PERIOD 1981 TO 2010
CLIMATE RECORD PERIOD 1887 TO 2017


WEATHER ITEM   OBSERVED TIME   RECORD YEAR NORMAL DEPARTURE LAST
                VALUE   (LST)  VALUE       VALUE  FROM      YEAR
                                                  NORMAL
..................................................................
TEMPERATURE (F)
 YESTERDAY
  MAXIMUM         92    214 PM 106    2012  92      0       93
  MINIMUM         77    605 AM  61    1974  75      2       77
  AVERAGE         85                        83      2       85

PRECIPITATION (IN)
  YESTERDAY        0.02          1.79 2006   0.12  -0.10     0.00
  MONTH TO DATE    1.89                      2.89  -1.00     2.88
  SINCE JUN 1      1.89                      2.89  -1.00     2.88
  SINCE JAN 1     15.16                     13.16   2.00    21.10

SNOWFALL (IN)
  YESTERDAY        0.0
  MONTH TO DATE    0.0
  SINCE JUN 1      0.0
  SINCE JUL 1      0.0
  SNOW DEPTH       0

DEGREE DAYS
 HEATING
  YESTERDAY        0                         0      0        0
  MONTH TO DATE    0                         0      0        0
  SINCE JUN 1      0                         0      0        0
  SINCE JUL 1    368                       898   -530      640

 COOLING
  YESTERDAY       20                        18      2       20
  MONTH TO DATE  495                       448     47      476
  SINCE JUN 1    495                       448     47      476
  SINCE JAN 1   1685                      1289    396     1512
..................................................................


WIND (MPH)
  HIGHEST WIND SPEED    18   HIGHEST WIND DIRECTION     E (90)
  HIGHEST GUST SPEED    26   HIGHEST GUST DIRECTION     E (90)
  AVERAGE WIND SPEED     8.8


SKY COVER
  POSSIBLE SUNSHINE  MM
  AVERAGE SKY COVER 0.7


WEATHER CONDITIONS
 THE FOLLOWING WEATHER WAS RECORDED YESTERDAY.
  LIGHT RAIN


RELATIVE HUMIDITY (PERCENT)
 HIGHEST    91           100 AM
 LOWEST     56           200 PM
 AVERAGE    74

..........................................................


THE CORPUS CHRISTI CLIMATE NORMALS FOR TODAY
                         NORMAL    RECORD    YEAR
 MAXIMUM TEMPERATURE (F)   92       101      2012
                                             1980
 MINIMUM TEMPERATURE (F)   75        62      1974


SUNRISE AND SUNSET
JUNE 27 2017..........SUNRISE   636 AM CDT   SUNSET   830 PM CDT
JUNE 28 2017..........SUNRISE   637 AM CDT   SUNSET   830 PM CDT


-  INDICATES NEGATIVE NUMBERS.
R  INDICATES RECORD WAS SET OR TIED.
MM INDICATES DATA IS MISSING.
T  INDICATES TRACE AMOUNT.

$$

TMT
