000
CDUS44 KCRP 260747
CLICRP

CLIMATE REPORT
NATIONAL WEATHER SERVICE CORPUS CHRISTI TX
247 AM CDT WED APR 26 2017


...................................

...THE CORPUS CHRISTI CLIMATE SUMMARY FOR APRIL 25 2017...

CLIMATE NORMAL PERIOD 1981 TO 2010
CLIMATE RECORD PERIOD 1887 TO 2017


WEATHER ITEM   OBSERVED TIME   RECORD YEAR NORMAL DEPARTURE LAST
                VALUE   (LST)  VALUE       VALUE  FROM      YEAR
                                                  NORMAL
..................................................................
TEMPERATURE (F)
 YESTERDAY
  MAXIMUM         88    230 PM  99    2003  83      5       84
  MINIMUM         67    306 AM  49    1983  65      2       74
  AVERAGE         78                        74      4       79

PRECIPITATION (IN)
  YESTERDAY        0.00          6.18 2004   0.07  -0.07     0.00
  MONTH TO DATE    2.19                      1.48   0.71     3.40
  SINCE MAR 1      7.18                      3.37   3.81     9.94
  SINCE JAN 1     10.02                      6.84   3.18    12.23

SNOWFALL (IN)
  YESTERDAY        0.0
  MONTH TO DATE    0.0
  SINCE MAR 1      0.0
  SINCE JUL 1      0.0
  SNOW DEPTH       0

DEGREE DAYS
 HEATING
  YESTERDAY        0                         0      0        0
  MONTH TO DATE    0                        15    -15        0
  SINCE MAR 1     16                        96    -80       21
  SINCE JUL 1    368                       896   -528      640

 COOLING
  YESTERDAY       13                         9      4       14
  MONTH TO DATE  234                       187     47      212
  SINCE MAR 1    437                       302    135      412
  SINCE JAN 1    706                       378    328      489
..................................................................


WIND (MPH)
  HIGHEST WIND SPEED    33   HIGHEST WIND DIRECTION     S (160)
  HIGHEST GUST SPEED    39   HIGHEST GUST DIRECTION     S (160)
  AVERAGE WIND SPEED    20.8


SKY COVER
  POSSIBLE SUNSHINE  MM
  AVERAGE SKY COVER 0.6


WEATHER CONDITIONS
 THE FOLLOWING WEATHER WAS RECORDED YESTERDAY.
  NO SIGNIFICANT WEATHER WAS OBSERVED.


RELATIVE HUMIDITY (PERCENT)
 HIGHEST    88           800 PM
 LOWEST     61          1200 PM
 AVERAGE    75

..........................................................


THE CORPUS CHRISTI CLIMATE NORMALS FOR TODAY
                         NORMAL    RECORD    YEAR
 MAXIMUM TEMPERATURE (F)   83       102      1984
 MINIMUM TEMPERATURE (F)   66        51      1952


SUNRISE AND SUNSET
APRIL 26 2017.........SUNRISE   654 AM CDT   SUNSET   801 PM CDT
APRIL 27 2017.........SUNRISE   654 AM CDT   SUNSET   802 PM CDT


-  INDICATES NEGATIVE NUMBERS.
R  INDICATES RECORD WAS SET OR TIED.
MM INDICATES DATA IS MISSING.
T  INDICATES TRACE AMOUNT.




$$
