000
CDUS44 KCRP 300704
CLICRP

CLIMATE REPORT
NATIONAL WEATHER SERVICE CORPUS CHRISTI TX
204 AM CDT SAT JUL 30 2016


...................................

...THE CORPUS CHRISTI CLIMATE SUMMARY FOR JULY 29 2016...

CLIMATE NORMAL PERIOD 1981 TO 2010
CLIMATE RECORD PERIOD 1887 TO 2016


WEATHER ITEM   OBSERVED TIME   RECORD YEAR NORMAL DEPARTURE LAST
                VALUE   (LST)  VALUE       VALUE  FROM      YEAR
                                                  NORMAL
..................................................................
TEMPERATURE (F)
 YESTERDAY
  MAXIMUM         96    309 PM 100    2014  94      2       97
                                      1975
                                      1960
  MINIMUM         77    604 AM  71    2014  75      2       77
                                      2000
                                      1987
  AVERAGE         87                        84      3       87

PRECIPITATION (IN)
  YESTERDAY        T             1.13 1933   0.06  -0.06     0.00
  MONTH TO DATE    T                         2.67  -2.67     0.57
  SINCE JUN 1      2.95                      6.03  -3.08     2.20
  SINCE JAN 1     21.17                     16.30   4.87    32.46

SNOWFALL (IN)
  YESTERDAY        0.0
  MONTH TO DATE    0.0
  SINCE JUN 1      0.0
  SINCE JUL 1      0.0
  SNOW DEPTH       0

DEGREE DAYS
 HEATING
  YESTERDAY        0                         0      0        0
  MONTH TO DATE    0                         0      0        0
  SINCE JUN 1      0                         0      0        0
  SINCE JUL 1      0                         0      0        0

 COOLING
  YESTERDAY       22                        20      2       22
  MONTH TO DATE  625                       548     77      602
  SINCE JUN 1   1185                      1070    115     1141
  SINCE JAN 1   2221                      1911    310     1971
..................................................................


WIND (MPH)
  HIGHEST WIND SPEED    20   HIGHEST WIND DIRECTION    SE (120)
  HIGHEST GUST SPEED    25   HIGHEST GUST DIRECTION    SE (120)
  AVERAGE WIND SPEED    10.5


SKY COVER
  POSSIBLE SUNSHINE  MM
  AVERAGE SKY COVER 0.5


WEATHER CONDITIONS
 THE FOLLOWING WEATHER WAS RECORDED YESTERDAY.
  THUNDERSTORM
  LIGHT RAIN
  FOG
  HAZE


RELATIVE HUMIDITY (PERCENT)
 HIGHEST    97           200 AM
 LOWEST     46           300 PM
 AVERAGE    72

..........................................................


THE CORPUS CHRISTI CLIMATE NORMALS FOR TODAY
                         NORMAL    RECORD    YEAR
 MAXIMUM TEMPERATURE (F)   94       101      1960
                                             1946
 MINIMUM TEMPERATURE (F)   75        69      2015


SUNRISE AND SUNSET
JULY 30 2016..........SUNRISE   652 AM CDT   SUNSET   820 PM CDT
JULY 31 2016..........SUNRISE   653 AM CDT   SUNSET   820 PM CDT


-  INDICATES NEGATIVE NUMBERS.
R  INDICATES RECORD WAS SET OR TIED.
MM INDICATES DATA IS MISSING.
T  INDICATES TRACE AMOUNT.




$$
