000
CDUS44 KCRP 022139
CLICRP

CLIMATE REPORT
NATIONAL WEATHER SERVICE CORPUS CHRISTI TX
436 PM CDT TUE JUN 2 2015


...................................

...THE CORPUS CHRISTI CLIMATE SUMMARY FOR JUNE 2 2015...
VALID TODAY AS OF 400 PM LOCAL TIME.

CLIMATE NORMAL PERIOD 1981 TO 2010
CLIMATE RECORD PERIOD 1887 TO 2015


WEATHER ITEM   OBSERVED TIME   RECORD YEAR NORMAL DEPARTURE LAST
                VALUE   (LST)  VALUE       VALUE  FROM      YEAR
                                                  NORMAL
..................................................................
TEMPERATURE (F)
 TODAY
  MAXIMUM         88    100 PM  96    2009  89     -1       90
  MINIMUM         70    440 AM  60    1964  73     -3       71
  AVERAGE         79                        81     -2       81

PRECIPITATION (IN)
  TODAY            0.00          6.54 1928   0.10  -0.10      T
  MONTH TO DATE    0.00                      0.21  -0.21      T
  SINCE JUN 1      0.00                      0.21  -0.21      T
  SINCE JAN 1     30.26                     10.48  19.78     7.10

SNOWFALL (IN)
  TODAY            0.0
  MONTH TO DATE    0.0
  SINCE JUN 1      0.0
  SINCE JUL 1      0.0
  SNOW DEPTH       0

DEGREE DAYS
 HEATING
  TODAY            0                         0      0        0
  MONTH TO DATE    0                         0      0        0
  SINCE JUN 1      0                         0      0        0
  SINCE JUL 1   1053                       898    155     1145

 COOLING
  TODAY           14                        16     -2       16
  MONTH TO DATE   28                        32     -4       32
  SINCE JUN 1     28                        32     -4       32
  SINCE JAN 1    858                       873    -15      838
..................................................................


WIND (MPH)
  HIGHEST WIND SPEED    16   HIGHEST WIND DIRECTION    SE (130)
  HIGHEST GUST SPEED    21   HIGHEST GUST DIRECTION     E (100)


SKY COVER
  POSSIBLE SUNSHINE  MM
  AVERAGE SKY COVER 0.4


WEATHER CONDITIONS
 THE FOLLOWING WEATHER WAS RECORDED TODAY.
  FOG


RELATIVE HUMIDITY (PERCENT)
 HIGHEST    93          1200 AM
 LOWEST     51           300 PM
 AVERAGE    72

..........................................................


THE CORPUS CHRISTI CLIMATE NORMALS FOR TOMORROW
                         NORMAL    RECORD    YEAR
 MAXIMUM TEMPERATURE (F)   90        99      2009
 MINIMUM TEMPERATURE (F)   73        56      1919


SUNRISE AND SUNSET
JUNE  2 2015..........SUNRISE   634 AM CDT   SUNSET   822 PM CDT
JUNE  3 2015..........SUNRISE   634 AM CDT   SUNSET   822 PM CDT


-  INDICATES NEGATIVE NUMBERS.
R  INDICATES RECORD WAS SET OR TIED.
MM INDICATES DATA IS MISSING.
T  INDICATES TRACE AMOUNT.




$$
