000
CDUS41 KRLX 262118
CLICRW


CLIMATE REPORT
NATIONAL WEATHER SERVICE CHARLESTON WV
518 PM EDT FRI AUG 26 2016


...................................

...THE CHARLESTON WV CLIMATE SUMMARY FOR AUGUST 26 2016...
VALID TODAY AS OF 0500 PM LOCAL TIME.

CLIMATE NORMAL PERIOD 1981 TO 2010
CLIMATE RECORD PERIOD 1901 TO 2016


WEATHER ITEM   OBSERVED TIME   RECORD YEAR NORMAL DEPARTURE LAST
                VALUE   (LST)  VALUE       VALUE  FROM      YEAR
                                                  NORMAL
..................................................................
TEMPERATURE (F)
 TODAY
  MAXIMUM         93    337 PM 101    1903  84      9       74
  MINIMUM         70    637 AM  46    1951  63      7       56
  AVERAGE         82                        73      9       65

PRECIPITATION (IN)
  TODAY            0.00          1.88 2005   0.11  -0.11     0.00
  MONTH TO DATE    3.12                      3.19  -0.07     3.40
  SINCE JUN 1     12.59                     12.42   0.17    17.19
  SINCE JAN 1     29.45                     30.56  -1.11    36.39

DEGREE DAYS
 HEATING
  TODAY            0                         0      0        0
  MONTH TO DATE    0                         0      0        0
  SINCE JUN 1      3                        13    -10        8
  SINCE JUL 1      0                         0      0        0

 COOLING
  TODAY           17                         9      8        0
  MONTH TO DATE  339                       251     88      232
  SINCE JUN 1    970                       795    175      848
  SINCE JAN 1   1100                       905    195     1037
..................................................................


WIND (MPH)
  HIGHEST WIND SPEED     6   HIGHEST WIND DIRECTION    NE (40)
  HIGHEST GUST SPEED     9   HIGHEST GUST DIRECTION     S (200)
  AVERAGE WIND SPEED     0.6


SKY COVER
  POSSIBLE SUNSHINE  MM
  AVERAGE SKY COVER 0.4


WEATHER CONDITIONS
 THE FOLLOWING WEATHER WAS RECORDED TODAY.
  FOG
  FOG W/VISIBILITY <= 1/4 MILE


RELATIVE HUMIDITY (PERCENT)
 HIGHEST    97           600 AM
 LOWEST     49           200 PM
 AVERAGE    73

..........................................................


THE CHARLESTON WV CLIMATE NORMALS FOR TOMORROW
                         NORMAL    RECORD    YEAR
 MAXIMUM TEMPERATURE (F)   83       100      1903
 MINIMUM TEMPERATURE (F)   63        50      1958
                                             1942


SUNRISE AND SUNSET
AUGUST 26 2016........SUNRISE   651 AM EDT   SUNSET   804 PM EDT
AUGUST 27 2016........SUNRISE   652 AM EDT   SUNSET   803 PM EDT


-  INDICATES NEGATIVE NUMBERS.
R  INDICATES RECORD WAS SET OR TIED.
MM INDICATES DATA IS MISSING.
T  INDICATES TRACE AMOUNT.




$$
