000
CDUS41 KRLX 022119
CLICRW


CLIMATE REPORT
NATIONAL WEATHER SERVICE CHARLESTON WV
518 PM EDT SUN AUG 2 2015


...................................

...THE CHARLESTON WV CLIMATE SUMMARY FOR AUGUST 2 2015...
VALID TODAY AS OF 0500 PM LOCAL TIME.

CLIMATE NORMAL PERIOD 1981 TO 2010
CLIMATE RECORD PERIOD 1901 TO 2015


WEATHER ITEM   OBSERVED TIME   RECORD YEAR NORMAL DEPARTURE LAST
                VALUE   (LST)  VALUE       VALUE  FROM      YEAR
                                                  NORMAL
..................................................................
TEMPERATURE (F)
 TODAY
  MAXIMUM         85    327 PM 100    1931  85      0       82
  MINIMUM         60    614 AM  52    1992  66     -6       59
  AVERAGE         73                        75     -2       71

PRECIPITATION (IN)
  TODAY            0.00          1.77 1956   0.13  -0.13     0.06
  MONTH TO DATE    0.00                      0.27  -0.27     0.06
  SINCE JUN 1     13.79                      9.50   4.29    12.04
  SINCE JAN 1     32.99                     27.64   5.35    28.16

DEGREE DAYS
 HEATING
  TODAY            0                         0      0        0
  MONTH TO DATE    0                         0      0        0
  SINCE JUN 1      8                        13     -5        0
  SINCE JUL 1      0                         0      0        0

 COOLING
  TODAY            8                        10     -2        6
  MONTH TO DATE   18                        20     -2       13
  SINCE JUN 1    619                       564     55      535
  SINCE JAN 1    808                       674    134      656
..................................................................


WIND (MPH)
  HIGHEST WIND SPEED     8   HIGHEST WIND DIRECTION    SW (220)
  HIGHEST GUST SPEED    10   HIGHEST GUST DIRECTION    SW (210)
  AVERAGE WIND SPEED     1.2


SKY COVER
  POSSIBLE SUNSHINE  MM
  AVERAGE SKY COVER 0.4


WEATHER CONDITIONS
 THE FOLLOWING WEATHER WAS RECORDED TODAY.
  NO SIGNIFICANT WEATHER WAS OBSERVED.


RELATIVE HUMIDITY (PERCENT)
 HIGHEST   100           300 AM
 LOWEST     37           100 PM
 AVERAGE    69

..........................................................


THE CHARLESTON WV CLIMATE NORMALS FOR TOMORROW
                         NORMAL    RECORD    YEAR
 MAXIMUM TEMPERATURE (F)   85       102      1931
 MINIMUM TEMPERATURE (F)   66        51      1976


SUNRISE AND SUNSET
AUGUST  2 2015........SUNRISE   629 AM EDT   SUNSET   836 PM EDT
AUGUST  3 2015........SUNRISE   630 AM EDT   SUNSET   835 PM EDT


-  INDICATES NEGATIVE NUMBERS.
R  INDICATES RECORD WAS SET OR TIED.
MM INDICATES DATA IS MISSING.
T  INDICATES TRACE AMOUNT.




$$
