000
CDUS41 KRLX 220737
CLICRW


CLIMATE REPORT
NATIONAL WEATHER SERVICE CHARLESTON WV
336 AM EDT SAT JUL 22 2017


...................................

...THE CHARLESTON WV CLIMATE SUMMARY FOR JULY 21 2017...

CLIMATE NORMAL PERIOD 1981 TO 2010
CLIMATE RECORD PERIOD 1901 TO 2017


WEATHER ITEM   OBSERVED TIME   RECORD YEAR NORMAL DEPARTURE LAST
                VALUE   (LST)  VALUE       VALUE  FROM      YEAR
                                                  NORMAL
..................................................................
TEMPERATURE (F)
 YESTERDAY
  MAXIMUM         87    411 PM 106    1930  85      2       90
  MINIMUM         72    545 AM  50    1970  66      6       62
                                      1966
  AVERAGE         80                        76      4       76

PRECIPITATION (IN)
  YESTERDAY        0.02          1.94 1946   0.17  -0.15     0.00
  MONTH TO DATE    2.20                      3.33  -1.13     2.68
  SINCE JAN 1     30.26                     25.76   4.50    24.30

SNOWFALL (IN)
  YESTERDAY        0.0
  MONTH TO DATE    0.0
  SINCE SEP 1      7.5
  SNOW DEPTH       0

DEGREE DAYS
 HEATING
  YESTERDAY        0                         0      0        0
  MONTH TO DATE    0                         0      0        0
  SINCE JUN 1      5                        13     -8        3
  SINCE JUL 1      0                         0      0        0

 COOLING
  YESTERDAY       15                        11      4       11
  MONTH TO DATE  255                       224     31      229
  SINCE JUN 1    451                       444      7      484
  SINCE JAN 1    596                       554     42      614
..................................................................


WIND (MPH)
  HIGHEST WIND SPEED    25   HIGHEST WIND DIRECTION    NW (300)
  HIGHEST GUST SPEED    37   HIGHEST GUST DIRECTION    NW (320)
  AVERAGE WIND SPEED     2.9


SKY COVER
  POSSIBLE SUNSHINE  MM
  AVERAGE SKY COVER 0.6


WEATHER CONDITIONS
 THE FOLLOWING WEATHER WAS RECORDED YESTERDAY.
  THUNDERSTORM
  LIGHT RAIN
  FOG
  HAZE


RELATIVE HUMIDITY (PERCENT)
 HIGHEST    93           300 AM
 LOWEST     57           400 PM
 AVERAGE    75

..........................................................


THE CHARLESTON WV CLIMATE NORMALS FOR TODAY
                         NORMAL    RECORD    YEAR
 MAXIMUM TEMPERATURE (F)   85       106      1934
 MINIMUM TEMPERATURE (F)   66        49      1947


SUNRISE AND SUNSET
JULY 22 2017..........SUNRISE   620 AM EDT   SUNSET   845 PM EDT
JULY 23 2017..........SUNRISE   621 AM EDT   SUNSET   844 PM EDT


-  INDICATES NEGATIVE NUMBERS.
R  INDICATES RECORD WAS SET OR TIED.
MM INDICATES DATA IS MISSING.
T  INDICATES TRACE AMOUNT.




$$
