000
CDUS41 KRLX 260800
CLICRW


CLIMATE REPORT
NATIONAL WEATHER SERVICE CHARLESTON WV
358 AM EDT FRI MAY 26 2017


...................................

...THE CHARLESTON WV CLIMATE SUMMARY FOR MAY 25 2017...

CLIMATE NORMAL PERIOD 1981 TO 2010
CLIMATE RECORD PERIOD 1901 TO 2017


WEATHER ITEM   OBSERVED TIME   RECORD YEAR NORMAL DEPARTURE LAST
                VALUE   (LST)  VALUE       VALUE  FROM      YEAR
                                                  NORMAL
..................................................................
TEMPERATURE (F)
 YESTERDAY
  MAXIMUM         62    829 AM  92    1991  77    -15       85
                                      1970
                                      1939
  MINIMUM         57    601 AM  33    1956  55      2       51
  AVERAGE         60                        66     -6       68

PRECIPITATION (IN)
  YESTERDAY        0.31          1.48 1902   0.15   0.16     0.00
  MONTH TO DATE    5.36                      3.80   1.56     5.09
  SINCE JAN 1     19.63                     17.14   2.49    16.86

SNOWFALL (IN)
  YESTERDAY        0.0
  MONTH TO DATE    0.0
  SINCE SEP 1      7.5
  SNOW DEPTH       0

DEGREE DAYS
 HEATING
  YESTERDAY        5                         2      3        0
  MONTH TO DATE  104                       105     -1      138
  SINCE MAR 1    821                       999   -178      781
  SINCE JUL 1   3528                      4453   -925     3716

 COOLING
  YESTERDAY        0                         3     -3        3
  MONTH TO DATE   63                        52     11       30
  SINCE MAR 1    116                        84     32       76
  SINCE JAN 1    116                        84     32       76
..................................................................


WIND (MPH)
  HIGHEST WIND SPEED    21   HIGHEST WIND DIRECTION    SW (210)
  HIGHEST GUST SPEED    25   HIGHEST GUST DIRECTION     S (200)
  AVERAGE WIND SPEED    10.0


SKY COVER
  POSSIBLE SUNSHINE  MM
  AVERAGE SKY COVER 0.8


WEATHER CONDITIONS
 THE FOLLOWING WEATHER WAS RECORDED YESTERDAY.
  LIGHT RAIN
  FOG


RELATIVE HUMIDITY (PERCENT)
 HIGHEST    93           400 PM
 LOWEST     69           900 AM
 AVERAGE    81

..........................................................


THE CHARLESTON WV CLIMATE NORMALS FOR TODAY
                         NORMAL    RECORD    YEAR
 MAXIMUM TEMPERATURE (F)   77        94      1916
 MINIMUM TEMPERATURE (F)   56        37      1925


SUNRISE AND SUNSET
MAY 26 2017...........SUNRISE   607 AM EDT   SUNSET   840 PM EDT
MAY 27 2017...........SUNRISE   607 AM EDT   SUNSET   841 PM EDT


-  INDICATES NEGATIVE NUMBERS.
R  INDICATES RECORD WAS SET OR TIED.
MM INDICATES DATA IS MISSING.
T  INDICATES TRACE AMOUNT.




$$
