000
CDUS41 KRLX 292123
CLICRW


CLIMATE REPORT
NATIONAL WEATHER SERVICE CHARLESTON WV
517 PM EDT MON SEP 29 2014


...................................

...THE CHARLESTON WV CLIMATE SUMMARY FOR SEPTEMBER 29 2014...
VALID TODAY AS OF 0500 PM LOCAL TIME.

CLIMATE NORMAL PERIOD 1981 TO 2010
CLIMATE RECORD PERIOD 1901 TO 2014


WEATHER ITEM   OBSERVED TIME   RECORD YEAR NORMAL DEPARTURE LAST
                VALUE   (LST)  VALUE       VALUE  FROM      YEAR
                                                  NORMAL
..................................................................
TEMPERATURE (F)
 TODAY
  MAXIMUM         78   1238 PM  98    1929  73      5       75
  MINIMUM         60    728 AM  32    1942  52      8       52
  AVERAGE         69                        62      7       64

PRECIPITATION (IN)
  TODAY            0.00          2.34 1973   0.10  -0.10     0.00
  MONTH TO DATE    4.49                      3.15   1.34     2.49
  SINCE SEP 1      4.49                      3.15   1.34     2.49
  SINCE JAN 1     36.64                     34.26   2.38    36.53

DEGREE DAYS
 HEATING
  TODAY            0                         5     -5        1
  MONTH TO DATE   45                        50     -5       39
  SINCE SEP 1     45                        50     -5       39
  SINCE JUL 1     45                        52     -7       42

 COOLING
  TODAY            4                         2      2        0
  MONTH TO DATE  122                       123     -1      113
  SINCE SEP 1    122                       123     -1      113
  SINCE JAN 1   1029                      1069    -40     1079
..................................................................


WIND (MPH)
  HIGHEST WIND SPEED     9   HIGHEST WIND DIRECTION     W (250)
  HIGHEST GUST SPEED    12   HIGHEST GUST DIRECTION    SW (230)
  AVERAGE WIND SPEED     2.2


SKY COVER
  POSSIBLE SUNSHINE  MM
  AVERAGE SKY COVER 0.7


WEATHER CONDITIONS
 THE FOLLOWING WEATHER WAS RECORDED TODAY.
  FOG


RELATIVE HUMIDITY (PERCENT)
 HIGHEST   100           100 AM
 LOWEST     60           300 PM
 AVERAGE    80

..........................................................


THE CHARLESTON WV CLIMATE NORMALS FOR TOMORROW
                         NORMAL    RECORD    YEAR
 MAXIMUM TEMPERATURE (F)   73        97      1929
 MINIMUM TEMPERATURE (F)   51        34      1947


SUNRISE AND SUNSET
SEPTEMBER 29 2014.....SUNRISE   720 AM EDT   SUNSET   712 PM EDT
SEPTEMBER 30 2014.....SUNRISE   721 AM EDT   SUNSET   711 PM EDT


-  INDICATES NEGATIVE NUMBERS.
R  INDICATES RECORD WAS SET OR TIED.
MM INDICATES DATA IS MISSING.
T  INDICATES TRACE AMOUNT.




$$
