000
CDUS41 KRLX 290805
CLICRW


CLIMATE REPORT
NATIONAL WEATHER SERVICE CHARLESTON WV
346 AM EDT FRI AUG 29 2014


...................................

...THE CHARLESTON WV CLIMATE SUMMARY FOR AUGUST 28 2014...

CLIMATE NORMAL PERIOD 1981 TO 2010
CLIMATE RECORD PERIOD 1901 TO 2014


WEATHER ITEM   OBSERVED TIME   RECORD YEAR NORMAL DEPARTURE LAST
                VALUE   (LST)  VALUE       VALUE  FROM      YEAR
                                                  NORMAL
..................................................................
TEMPERATURE (F)
 YESTERDAY
  MAXIMUM         84    429 PM 102    1903  83      1       87
  MINIMUM         65   1159 PM  46    1968  63      2       73
  AVERAGE         75                        73      2       80

PRECIPITATION (IN)
  YESTERDAY        T             2.65 2003   0.11  -0.11     0.02
  MONTH TO DATE    3.39                      3.41  -0.02     4.12
  SINCE JAN 1     31.49                     30.78   0.71    34.04

SNOWFALL (IN)
  YESTERDAY        0.0
  MONTH TO DATE    0.0
  SINCE SEP 1     51.7
  SNOW DEPTH       0

DEGREE DAYS
 HEATING
  YESTERDAY        0                         0      0        0
  MONTH TO DATE    0                         0      0        3
  SINCE JUN 1      0                        13    -13        3
  SINCE JUL 1      0                         0      0        3

 COOLING
  YESTERDAY       10                         8      2       15
  MONTH TO DATE  229                       267    -38      224
  SINCE JUN 1    751                       811    -60      782
  SINCE JAN 1    872                       921    -49      929
..................................................................


WIND (MPH)
  HIGHEST WIND SPEED     9   HIGHEST WIND DIRECTION     W (290)
  HIGHEST GUST SPEED    14   HIGHEST GUST DIRECTION    NW (320)
  AVERAGE WIND SPEED     1.6


SKY COVER
  POSSIBLE SUNSHINE  MM
  AVERAGE SKY COVER 0.5


WEATHER CONDITIONS
 THE FOLLOWING WEATHER WAS RECORDED YESTERDAY.
  THUNDERSTORM
  LIGHT RAIN
  FOG
  FOG W/VISIBILITY <= 1/4 MILE
  HAZE


RELATIVE HUMIDITY (PERCENT)
 HIGHEST   100          1200 AM
 LOWEST     46           500 PM
 AVERAGE    73

..........................................................


THE CHARLESTON WV CLIMATE NORMALS FOR TODAY
                         NORMAL    RECORD    YEAR
 MAXIMUM TEMPERATURE (F)   83       100      1953
 MINIMUM TEMPERATURE (F)   63        41      1965


SUNRISE AND SUNSET
AUGUST 29 2014........SUNRISE   653 AM EDT   SUNSET   801 PM EDT
AUGUST 30 2014........SUNRISE   654 AM EDT   SUNSET   759 PM EDT


-  INDICATES NEGATIVE NUMBERS.
R  INDICATES RECORD WAS SET OR TIED.
MM INDICATES DATA IS MISSING.
T  INDICATES TRACE AMOUNT.




$$
