000
CDUS42 KFFC 160022
CLICSG


CLIMATE REPORT
NATIONAL WEATHER SERVICE PEACHTREE CITY GA
822 PM EDT TUE APR 15 2014


...................................

...THE COLUMBUS CLIMATE SUMMARY FOR APRIL 15 2014...
VALID AS OF 0800 PM LOCAL TIME.

CLIMATE NORMAL PERIOD 1981 TO 2010
CLIMATE RECORD PERIOD 1948 TO 2014


WEATHER ITEM   OBSERVED TIME   RECORD YEAR NORMAL DEPARTURE LAST
                VALUE   (LST)  VALUE       VALUE  FROM      YEAR
                                                  NORMAL
..................................................................
TEMPERATURE (F)
 TODAY
  MAXIMUM         65    224 AM  91    1972  77    -12       79
  MINIMUM         48    707 PM  36    1950  52     -4       59
  AVERAGE         57                        64     -7       69

PRECIPITATION (IN)
  TODAY            0.34          1.45 1969   0.12   0.22     0.00
  MONTH TO DATE    5.35                      1.93   3.42     2.17
  SINCE MAR 1     10.75                      7.39   3.36     5.51
  SINCE JAN 1     19.07                     15.68   3.39    21.20

SNOWFALL (IN)
  TODAY           MM             0.0  2002   0.0   MM        0.0
                                      2001
                                      2000
  MONTH TO DATE    0.0                       0.0    0.0      0.0
  SINCE MAR 1      0.0                       0.1   -0.1      0.0
  SINCE JUL 1      1.2                       0.4    0.8      0.0
  SNOW DEPTH       0

DEGREE DAYS
 HEATING
  TODAY            8                         3      5        0
  MONTH TO DATE   37                        62    -25       46
  SINCE MAR 1    349                       308     41      396
  SINCE JUL 1   2292                      2085    207     1752

 COOLING
  TODAY            0                         2     -2        4
  MONTH TO DATE   25                        28     -3       30
  SINCE MAR 1     25                        51    -26       38
  SINCE JAN 1     28                        55    -27       63
..................................................................


WIND (MPH)
  HIGHEST WIND SPEED    24   HIGHEST WIND DIRECTION     N (340)
  HIGHEST GUST SPEED    33   HIGHEST GUST DIRECTION     N (360)
  AVERAGE WIND SPEED    11.7


SKY COVER
  AVERAGE SKY COVER 0.9


WEATHER CONDITIONS
 THE FOLLOWING WEATHER WAS RECORDED TODAY.
  HEAVY RAIN
  RAIN
  LIGHT RAIN
  FOG
  HAZE


RELATIVE HUMIDITY (PERCENT)
 HIGHEST   100          1200 AM
 LOWEST     50           600 PM

..........................................................


THE COLUMBUS CLIMATE NORMALS FOR TOMORROW
                         NORMAL    RECORD
 MAXIMUM TEMPERATURE (F)   77        89
 MINIMUM TEMPERATURE (F)   52        32


SUNRISE AND SUNSET
APRIL 15 2014.........SUNRISE   710 AM EDT   SUNSET   810 PM EDT
APRIL 16 2014.........SUNRISE   709 AM EDT   SUNSET   810 PM EDT


-  INDICATES NEGATIVE NUMBERS.
R  INDICATES RECORD WAS SET OR TIED.
MM INDICATES DATA IS MISSING.
T  INDICATES TRACE AMOUNT.




$$
