000
CDUS42 KFFC 040023
CLICSG


CLIMATE REPORT
NATIONAL WEATHER SERVICE PEACHTREE CITY GA
823 PM EDT MON AUG 3 2015


...................................

...THE COLUMBUS CLIMATE SUMMARY FOR AUGUST 3 2015...
VALID AS OF 0800 PM LOCAL TIME.

CLIMATE NORMAL PERIOD 1981 TO 2010
CLIMATE RECORD PERIOD 1948 TO 2015


WEATHER ITEM   OBSERVED TIME   RECORD YEAR NORMAL DEPARTURE LAST
                VALUE   (LST)  VALUE       VALUE  FROM      YEAR
                                                  NORMAL
..................................................................
TEMPERATURE (F)
 TODAY
  MAXIMUM         94    353 PM 101    2011  92      2       86
  MINIMUM         73    635 AM  62    1965  73      0       72
  AVERAGE         84                        82      2       79

PRECIPITATION (IN)
  TODAY            0.19          5.32 1977   0.13   0.06     0.01
  MONTH TO DATE    0.19                      0.40  -0.21     0.02
  SINCE JUN 1      6.50                      8.88  -2.38     8.72
  SINCE JAN 1     25.98                     29.37  -3.39    34.51

DEGREE DAYS
 COOLING
  TODAY           19                        18      1       14
  MONTH TO DATE   55                        54      1       40
  SINCE JUN 1   1116                      1044     72      981
  SINCE JAN 1   1562                      1402    160     1317
..................................................................


WIND (MPH)
  HIGHEST WIND SPEED    28   HIGHEST WIND DIRECTION     E (80)
  HIGHEST GUST SPEED    43   HIGHEST GUST DIRECTION     E (70)
  AVERAGE WIND SPEED     2.9


SKY COVER
  AVERAGE SKY COVER 0.3


WEATHER CONDITIONS
 THE FOLLOWING WEATHER WAS RECORDED TODAY.
  HEAVY RAIN
  RAIN


RELATIVE HUMIDITY (PERCENT)
 HIGHEST    87           600 AM
 LOWEST     39           400 PM

..........................................................


THE COLUMBUS CLIMATE NORMALS FOR TOMORROW
                         NORMAL    RECORD
 MAXIMUM TEMPERATURE (F)   92        99
 MINIMUM TEMPERATURE (F)   73        62


SUNRISE AND SUNSET
AUGUST  3 2015........SUNRISE   655 AM EDT   SUNSET   836 PM EDT
AUGUST  4 2015........SUNRISE   656 AM EDT   SUNSET   835 PM EDT


-  INDICATES NEGATIVE NUMBERS.
R  INDICATES RECORD WAS SET OR TIED.
MM INDICATES DATA IS MISSING.
T  INDICATES TRACE AMOUNT.




$$
