000
CDUS42 KFFC 020822
CLICSG


CLIMATE REPORT
NATIONAL WEATHER SERVICE PEACHTREE CITY GA
422 AM EDT THU JUL 2 2015


...................................

...THE COLUMBUS CLIMATE SUMMARY FOR JULY 1 2015...

CLIMATE NORMAL PERIOD 1981 TO 2010
CLIMATE RECORD PERIOD 1948 TO 2015


WEATHER ITEM   OBSERVED TIME   RECORD YEAR NORMAL DEPARTURE LAST
                VALUE   (LST)  VALUE       VALUE  FROM      YEAR
                                                  NORMAL
..................................................................
TEMPERATURE (F)
 YESTERDAY
  MAXIMUM         88    354 PM 105    2012  92     -4       95
  MINIMUM         70    626 AM  59    1958  72     -2       71
                                      1950
  AVERAGE         79                        82     -3       83

PRECIPITATION (IN)
  YESTERDAY        0.03          2.63 2003   0.15  -0.12     0.00
  MONTH TO DATE    0.03                      0.15  -0.12     0.00
  SINCE JUN 1      4.10                      3.87   0.23     4.21
  SINCE JAN 1     23.58                     24.36  -0.78    30.00

DEGREE DAYS
 HEATING
  YESTERDAY        0                         0      0        0
  MONTH TO DATE    0                         0      0        0
  SINCE JUN 1      0                         0      0        0
  SINCE JUL 1      0                         0      0        0

 COOLING
  YESTERDAY       14                        17     -3       18
  MONTH TO DATE   14                        17     -3       18
  SINCE JUN 1    486                       463     23      477
  SINCE JAN 1    932                       821    111      813
..................................................................


WIND (MPH)
  HIGHEST WIND SPEED    16   HIGHEST WIND DIRECTION    NW (330)
  HIGHEST GUST SPEED    21   HIGHEST GUST DIRECTION    NW (320)
  AVERAGE WIND SPEED     7.1


SKY COVER
  AVERAGE SKY COVER 0.4


WEATHER CONDITIONS
 THE FOLLOWING WEATHER WAS RECORDED YESTERDAY.
  THUNDERSTORM
  LIGHT RAIN


RELATIVE HUMIDITY (PERCENT)
 HIGHEST    97           600 AM
 LOWEST     53           400 PM
 AVERAGE    75

..........................................................


THE COLUMBUS CLIMATE NORMALS FOR TODAY
                         NORMAL    RECORD    YEAR
 MAXIMUM TEMPERATURE (F)   92       101      1990
                                             1970
 MINIMUM TEMPERATURE (F)   72        59      1950


SUNRISE AND SUNSET
JULY  2 2015..........SUNRISE   636 AM EDT   SUNSET   851 PM EDT
JULY  3 2015..........SUNRISE   637 AM EDT   SUNSET   851 PM EDT


-  INDICATES NEGATIVE NUMBERS.
R  INDICATES RECORD WAS SET OR TIED.
MM INDICATES DATA IS MISSING.
T  INDICATES TRACE AMOUNT.




$$
