000
CDUS42 KFFC 270927
CLICSG


CLIMATE REPORT
NATIONAL WEATHER SERVICE PEACHTREE CITY GA
427 AM EST TUE JAN 27 2015


...................................

...THE COLUMBUS CLIMATE SUMMARY FOR JANUARY 26 2015...

CLIMATE NORMAL PERIOD 1981 TO 2010
CLIMATE RECORD PERIOD 1948 TO 2015


WEATHER ITEM   OBSERVED TIME   RECORD YEAR NORMAL DEPARTURE LAST
                VALUE   (LST)  VALUE       VALUE  FROM      YEAR
                                                  NORMAL
..................................................................
TEMPERATURE (F)
 YESTERDAY
  MAXIMUM         48    244 AM  80    1950  58    -10       59
  MINIMUM         33   1031 PM  20    1985  37     -4       27
  AVERAGE         41                        48     -7       43

PRECIPITATION (IN)
  YESTERDAY        0.00          1.77 1976   0.13  -0.13     0.00
  MONTH TO DATE    3.15                      3.17  -0.02     2.56
  SINCE DEC 1      7.77                      7.44   0.33    11.43
  SINCE JAN 1      3.15                      3.17  -0.02     2.56

SNOWFALL (IN)
  YESTERDAY        0.0           0.0  2002   0.0    0.0      0.0
  MONTH TO DATE    0.0                       0.2   -0.2      0.0
  SINCE DEC 1      0.0                       0.3   -0.3      0.0
  SINCE JUL 1      0.0                       0.3   -0.3      0.0
  SNOW DEPTH       0

DEGREE DAYS
 HEATING
  YESTERDAY       24                        17      7       22
  MONTH TO DATE  492                       466     26      625
  SINCE DEC 1    887                       963    -76     1053
  SINCE JUL 1   1355                      1295     60     1401

 COOLING
  YESTERDAY        0                         0      0        0
  MONTH TO DATE    0                         0      0        0
  SINCE DEC 1      1                         4     -3       17
  SINCE JAN 1      0                         0      0        0
..................................................................


WIND (MPH)
  HIGHEST WIND SPEED    23   HIGHEST WIND DIRECTION    NW (330)
  HIGHEST GUST SPEED    31   HIGHEST GUST DIRECTION    NW (330)
  AVERAGE WIND SPEED     9.8


SKY COVER
  AVERAGE SKY COVER 0.7


WEATHER CONDITIONS
 THE FOLLOWING WEATHER WAS RECORDED YESTERDAY.
  NO SIGNIFICANT WEATHER WAS OBSERVED.


RELATIVE HUMIDITY (PERCENT)
 HIGHEST    89          1000 PM
 LOWEST     53           600 PM
 AVERAGE    71

..........................................................


THE COLUMBUS CLIMATE NORMALS FOR TODAY
                         NORMAL    RECORD    YEAR
 MAXIMUM TEMPERATURE (F)   58        79      1999
 MINIMUM TEMPERATURE (F)   37        16      1986


SUNRISE AND SUNSET
JANUARY 27 2015.......SUNRISE   737 AM EST   SUNSET   608 PM EST
JANUARY 28 2015.......SUNRISE   737 AM EST   SUNSET   609 PM EST


-  INDICATES NEGATIVE NUMBERS.
R  INDICATES RECORD WAS SET OR TIED.
MM INDICATES DATA IS MISSING.
T  INDICATES TRACE AMOUNT.




$$
