000
CDUS42 KFFC 010818
CLICSG


CLIMATE REPORT
NATIONAL WEATHER SERVICE PEACHTREE CITY GA
418 AM EDT SUN MAY 1 2016


...................................

...THE COLUMBUS CLIMATE SUMMARY FOR APRIL 30 2016...

CLIMATE NORMAL PERIOD 1981 TO 2010
CLIMATE RECORD PERIOD 1948 TO 2016


WEATHER ITEM   OBSERVED TIME   RECORD YEAR NORMAL DEPARTURE LAST
                VALUE   (LST)  VALUE       VALUE  FROM      YEAR
                                                  NORMAL
..................................................................
TEMPERATURE (F)
 YESTERDAY
  MAXIMUM         88    348 PM  94    2012  80      8       77
  MINIMUM         65    643 AM  42    2008  57      8       49
  AVERAGE         77                        68      9       63

PRECIPITATION (IN)
  YESTERDAY        0.00          5.04 1953   0.10  -0.10     0.00
  MONTH TO DATE    6.94                      3.55   3.39     6.47
  SINCE MAR 1      9.50                      9.01   0.49     8.93
  SINCE JAN 1     16.93                     17.30  -0.37    16.30

DEGREE DAYS
 HEATING
  YESTERDAY        0                         1     -1        2
  MONTH TO DATE   69                        90    -21       25
  SINCE MAR 1    214                       335   -121      200
  SINCE JUL 1   1604                      2112   -508     2210

 COOLING
  YESTERDAY       12                         4      8        0
  MONTH TO DATE   81                        77      4      120
  SINCE MAR 1    138                       100     38      149
  SINCE JAN 1    140                       104     36      149
..................................................................


WIND (MPH)
  HIGHEST WIND SPEED    17   HIGHEST WIND DIRECTION    SW (240)
  HIGHEST GUST SPEED    22   HIGHEST GUST DIRECTION    SW (240)
  AVERAGE WIND SPEED     6.4


SKY COVER
  AVERAGE SKY COVER 0.1


WEATHER CONDITIONS
 THE FOLLOWING WEATHER WAS RECORDED YESTERDAY.
  NO SIGNIFICANT WEATHER WAS OBSERVED.


RELATIVE HUMIDITY (PERCENT)
 HIGHEST    81           500 AM
 LOWEST     46           300 PM
 AVERAGE    64

..........................................................


THE COLUMBUS CLIMATE NORMALS FOR TODAY
                         NORMAL    RECORD    YEAR
 MAXIMUM TEMPERATURE (F)   80        92      2012
 MINIMUM TEMPERATURE (F)   57        44      1996
                                             1965


SUNRISE AND SUNSET
MAY  1 2016...........SUNRISE   653 AM EDT   SUNSET   821 PM EDT
MAY  2 2016...........SUNRISE   652 AM EDT   SUNSET   822 PM EDT


-  INDICATES NEGATIVE NUMBERS.
R  INDICATES RECORD WAS SET OR TIED.
MM INDICATES DATA IS MISSING.
T  INDICATES TRACE AMOUNT.




$$
