000
CDUS42 KFFC 290823
CLICSG


CLIMATE REPORT
NATIONAL WEATHER SERVICE PEACHTREE CITY GA
423 AM EDT TUE JUL 29 2014


...................................

...THE COLUMBUS CLIMATE SUMMARY FOR JULY 28 2014...

CLIMATE NORMAL PERIOD 1981 TO 2010
CLIMATE RECORD PERIOD 1948 TO 2014


WEATHER ITEM   OBSERVED TIME   RECORD YEAR NORMAL DEPARTURE LAST
                VALUE   (LST)  VALUE       VALUE  FROM      YEAR
                                                  NORMAL
..................................................................
TEMPERATURE (F)
 YESTERDAY
  MAXIMUM         96    406 PM 100    1993  92      4       90
                                      1952
  MINIMUM         77   1159 PM  67    1954  73      4       70
  AVERAGE         87                        83      4       80

PRECIPITATION (IN)
  YESTERDAY        T             1.55 1962   0.14  -0.14      T
  MONTH TO DATE    4.49                      4.32   0.17     8.41
  SINCE JUN 1      8.70                      8.04   0.66    15.73
  SINCE JAN 1     34.49                     28.53   5.96    41.34

DEGREE DAYS
 HEATING
  YESTERDAY        0                         0      0        0
  MONTH TO DATE    0                         0      0        0
  SINCE JUN 1      0                         0      0        0
  SINCE JUL 1      0                         0      0        0

 COOLING
  YESTERDAY       22                        18      4       15
  MONTH TO DATE  446                       496    -50      426
  SINCE JUN 1    905                       942    -37      888
  SINCE JAN 1   1241                      1300    -59     1251
..................................................................


WIND (MPH)
  HIGHEST WIND SPEED    17   HIGHEST WIND DIRECTION     W (290)
  HIGHEST GUST SPEED    23   HIGHEST GUST DIRECTION     W (290)
  AVERAGE WIND SPEED     8.2


SKY COVER
  AVERAGE SKY COVER 0.2


WEATHER CONDITIONS
 THE FOLLOWING WEATHER WAS RECORDED YESTERDAY.
  THUNDERSTORM


RELATIVE HUMIDITY (PERCENT)
 HIGHEST    88           600 AM
 LOWEST     46           400 PM
 AVERAGE    67

..........................................................


THE COLUMBUS CLIMATE NORMALS FOR TODAY
                         NORMAL    RECORD    YEAR
 MAXIMUM TEMPERATURE (F)   92       101      1952
 MINIMUM TEMPERATURE (F)   73        65      1994


SUNRISE AND SUNSET
JULY 29 2014..........SUNRISE   652 AM EDT   SUNSET   840 PM EDT
JULY 30 2014..........SUNRISE   653 AM EDT   SUNSET   839 PM EDT


-  INDICATES NEGATIVE NUMBERS.
R  INDICATES RECORD WAS SET OR TIED.
MM INDICATES DATA IS MISSING.
T  INDICATES TRACE AMOUNT.




$$
