000
CDUS42 KFFC 060020
CLICSG


CLIMATE REPORT
NATIONAL WEATHER SERVICE PEACHTREE CITY GA
720 PM EST THU MAR 5 2015


...................................

...THE COLUMBUS CLIMATE SUMMARY FOR MARCH 5 2015...
VALID AS OF 0700 PM LOCAL TIME.

CLIMATE NORMAL PERIOD 1981 TO 2010
CLIMATE RECORD PERIOD 1948 TO 2015


WEATHER ITEM   OBSERVED TIME   RECORD YEAR NORMAL DEPARTURE LAST
                VALUE   (LST)  VALUE       VALUE  FROM      YEAR
                                                  NORMAL
..................................................................
TEMPERATURE (F)
 TODAY
  MAXIMUM         71   1030 AM  84    1989  67      4       61
  MINIMUM         40    659 PM  19    1960  44     -4       36
  AVERAGE         56                        55      1       49

PRECIPITATION (IN)
  TODAY            0.45          2.60 1983   0.18   0.27     0.02
  MONTH TO DATE    0.53                      0.88  -0.35     0.12
  SINCE MAR 1      0.53                      0.88  -0.35     0.12
  SINCE JAN 1      7.90                      9.17  -1.27     8.44

SNOWFALL (IN)
  TODAY           MM             0.0  2002   0.0   MM        0.0
                                      2000
  MONTH TO DATE    0.0                       0.0    0.0      0.0
  SINCE MAR 1      0.0                       0.0    0.0      0.0
  SINCE JUL 1      0.0                       0.3   -0.3      1.2
  SNOW DEPTH       0

DEGREE DAYS
 HEATING
  TODAY            9                        10     -1       16
  MONTH TO DATE   35                        53    -18       67
  SINCE MAR 1     35                        53    -18       67
  SINCE JUL 1   2045                      1830    215     2010

 COOLING
  TODAY            0                         0      0        0
  MONTH TO DATE    4                         0      4        0
  SINCE MAR 1      4                         0      4        0
  SINCE JAN 1      4                         4      0        3
..................................................................


WIND (MPH)
  HIGHEST WIND SPEED    29   HIGHEST WIND DIRECTION    NW (330)
  HIGHEST GUST SPEED    36   HIGHEST GUST DIRECTION     N (340)
  AVERAGE WIND SPEED    10.6


SKY COVER
  AVERAGE SKY COVER 0.9


WEATHER CONDITIONS
 THE FOLLOWING WEATHER WAS RECORDED TODAY.
  HEAVY RAIN
  RAIN
  LIGHT RAIN
  FOG
  HAZE


RELATIVE HUMIDITY (PERCENT)
 HIGHEST    93           500 AM
 LOWEST     71           300 PM

..........................................................


THE COLUMBUS CLIMATE NORMALS FOR TOMORROW
                         NORMAL    RECORD
 MAXIMUM TEMPERATURE (F)   67        82
 MINIMUM TEMPERATURE (F)   44        19


SUNRISE AND SUNSET
MARCH  5 2015.........SUNRISE   703 AM EST   SUNSET   640 PM EST
MARCH  6 2015.........SUNRISE   702 AM EST   SUNSET   641 PM EST


-  INDICATES NEGATIVE NUMBERS.
R  INDICATES RECORD WAS SET OR TIED.
MM INDICATES DATA IS MISSING.
T  INDICATES TRACE AMOUNT.




$$
