000
CDUS44 KOHX 310808
CLICSV

CLIMATE REPORT
NATIONAL WEATHER SERVICE NASHVILLE TN
307 AM CDT SUN AUG 31 2014


...................................

...THE CROSSVILLE CLIMATE SUMMARY FOR AUGUST 30 2014...

CLIMATE NORMAL PERIOD 1981 TO 2010
CLIMATE RECORD PERIOD 1954 TO 2014


WEATHER ITEM   OBSERVED TIME   RECORD YEAR NORMAL DEPARTURE
                VALUE   (LST)  VALUE       VALUE  FROM
                                                  NORMAL
...............................................................
TEMPERATURE (F)
 YESTERDAY
  MAXIMUM         84    311 PM  92    1995  82      2
  MINIMUM         66    254 AM  48    1965  62      4
  AVERAGE         75                        72      3

PRECIPITATION (IN)
  YESTERDAY        0.74          0.99 2005   0.12   0.62
  MONTH TO DATE    3.94                      3.88   0.06
  SINCE JUN 1     13.44                     13.63  -0.19
  SINCE JAN 1     31.35                     38.01  -6.66

DEGREE DAYS
 HEATING
  YESTERDAY        0                                0
  MONTH TO DATE    0                                0
  SINCE JUN 1      1                              -13
  SINCE JUL 1      1                                1

 COOLING
  YESTERDAY       10                                3
  MONTH TO DATE  272                                2
  SINCE JUN 1    706                              -57
  SINCE JAN 1    824                              -22
...............................................................


WIND (MPH)
  HIGHEST WIND SPEED    20   HIGHEST WIND DIRECTION     W (270)
  HIGHEST GUST SPEED    25   HIGHEST GUST DIRECTION     W (270)
  AVERAGE WIND SPEED     4.0


SKY COVER
  POSSIBLE SUNSHINE  MM
  AVERAGE SKY COVER 0.3


WEATHER CONDITIONS
 THE FOLLOWING WEATHER WAS RECORDED YESTERDAY.
  THUNDERSTORM
  HEAVY RAIN
  RAIN
  LIGHT RAIN
  FOG


RELATIVE HUMIDITY (PERCENT)
 HIGHEST    84          1100 PM
 LOWEST     54           800 AM
 AVERAGE    69

..........................................................


THE CROSSVILLE CLIMATE NORMALS FOR TODAY
                         NORMAL    RECORD    YEAR
 MAXIMUM TEMPERATURE (F)   82        92      1957
 MINIMUM TEMPERATURE (F)   62        48      1954


SUNRISE AND SUNSET
AUGUST 31 2014........SUNRISE   611 AM CDT   SUNSET   709 PM CDT
SEPTEMBER  1 2014.....SUNRISE   612 AM CDT   SUNSET   708 PM CDT


-  INDICATES NEGATIVE NUMBERS.
R  INDICATES RECORD WAS SET OR TIED.
MM INDICATES DATA IS MISSING.
T  INDICATES TRACE AMOUNT.




$$
