000
CDUS45 KTFX 181026
CLICTB


CLIMATE REPORT
NATIONAL WEATHER SERVICE GREAT FALLS MT
325 AM MST WED JAN 18 2017


...................................

...THE CUT BANK MT CLIMATE SUMMARY FOR JANUARY 17 2017...

CLIMATE NORMAL PERIOD 1981 TO 2010
CLIMATE RECORD PERIOD 1903 TO 2017


WEATHER ITEM   OBSERVED TIME   RECORD YEAR NORMAL DEPARTURE LAST
                VALUE   (LST)  VALUE       VALUE  FROM      YEAR
                                                  NORMAL
..................................................................
TEMPERATURE (F)
 YESTERDAY
  MAXIMUM         47   1027 PM  52    1976  33     14        9
  MINIMUM         36   1242 AM -36    1950  12     24        0
  AVERAGE         42                        22     20        5

PRECIPITATION (IN)
  YESTERDAY        0.00          0.25 1924   0.00   0.00     0.05
  MONTH TO DATE    0.05                      0.11  -0.06     0.40
  SINCE OCT 1      1.48                      1.13   0.35     2.32
  SINCE JAN 1      0.05                      0.11  -0.06     0.40

SNOWFALL (IN)
  YESTERDAY       MM
  SNOW DEPTH       3

DEGREE DAYS
 HEATING
  YESTERDAY       23                        43    -20       60
  MONTH TO DATE  952                       734    218      840
  SINCE DEC 1   2597                      2061    536     2147
  SINCE JUL 1   4575                      4324    251     4185

 COOLING
  YESTERDAY        0                         0      0        0
  MONTH TO DATE    0                         0      0        0
  SINCE DEC 1      0                         0      0        0
  SINCE JAN 1      0                         0      0        0
..................................................................


WIND (MPH)
  HIGHEST WIND SPEED    46   HIGHEST WIND DIRECTION     W (250)
  HIGHEST GUST SPEED    55   HIGHEST GUST DIRECTION     W (250)
  AVERAGE WIND SPEED    26.4


SKY COVER
  AVERAGE SKY COVER 0.0


WEATHER CONDITIONS
 THE FOLLOWING WEATHER WAS RECORDED YESTERDAY.
  NO SIGNIFICANT WEATHER WAS OBSERVED.


RELATIVE HUMIDITY (PERCENT)
 HIGHEST    60           700 PM
 LOWEST     44           400 AM
 AVERAGE    52

..........................................................


THE CUT BANK MT CLIMATE NORMALS FOR TODAY
                         NORMAL    RECORD    YEAR
 MAXIMUM TEMPERATURE (F)   33        54      2009
 MINIMUM TEMPERATURE (F)   12       -36      1935


SUNRISE AND SUNSET
JANUARY 18 2017.......SUNRISE   814 AM MST   SUNSET   507 PM MST
JANUARY 19 2017.......SUNRISE   813 AM MST   SUNSET   508 PM MST


-  INDICATES NEGATIVE NUMBERS.
R  INDICATES RECORD WAS SET OR TIED.
MM INDICATES DATA IS MISSING.
T  INDICATES TRACE AMOUNT.




$$
