000
CDUS45 KTFX 230945
CLICTB


CLIMATE REPORT
NATIONAL WEATHER SERVICE GREAT FALLS MT
344 AM MDT SUN APR 23 2017


...................................

...THE CUT BANK MT CLIMATE SUMMARY FOR APRIL 22 2017...

CLIMATE NORMAL PERIOD 1981 TO 2010
CLIMATE RECORD PERIOD 1903 TO 2017


WEATHER ITEM   OBSERVED TIME   RECORD YEAR NORMAL DEPARTURE LAST
                VALUE   (LST)  VALUE       VALUE  FROM      YEAR
                                                  NORMAL
..................................................................
TEMPERATURE (F)
 YESTERDAY
  MAXIMUM         58    448 PM  78    1969  55      3       64
  MINIMUM         30    526 AM  -5    1967  30      0       40
  AVERAGE         44                        43      1       52

PRECIPITATION (IN)
  YESTERDAY        0.00          0.56 1932   0.03  -0.03     0.00
  MONTH TO DATE    1.67                      0.51   1.16     0.76
  SINCE OCT 1      4.98                      2.44   2.54     3.43
  SINCE JAN 1      3.55                      1.42   2.13     1.51

SNOWFALL (IN)
  YESTERDAY       MM
  SNOW DEPTH       0

DEGREE DAYS
 HEATING
  YESTERDAY       21                        22     -1       13
  MONTH TO DATE  506                       553    -47      381
  SINCE MAR 1   1527                      1591    -64     1225
  SINCE JUL 1   7878                      7651    227     6690

 COOLING
  YESTERDAY        0                         0      0        0
  MONTH TO DATE    0                         0      0        0
  SINCE MAR 1      0                         0      0        0
  SINCE JAN 1      0                         0      0        0
..................................................................


WIND (MPH)
  HIGHEST WIND SPEED    20   HIGHEST WIND DIRECTION    SE (130)
  HIGHEST GUST SPEED    34   HIGHEST GUST DIRECTION    SE (150)
  AVERAGE WIND SPEED    10.8


SKY COVER
  AVERAGE SKY COVER 0.4


WEATHER CONDITIONS
 THE FOLLOWING WEATHER WAS RECORDED YESTERDAY.
  FOG


RELATIVE HUMIDITY (PERCENT)
 HIGHEST   100           500 AM
 LOWEST     36           200 PM
 AVERAGE    68

..........................................................


THE CUT BANK MT CLIMATE NORMALS FOR TODAY
                         NORMAL    RECORD    YEAR
 MAXIMUM TEMPERATURE (F)   56        82      2012
 MINIMUM TEMPERATURE (F)   31         8      2009


SUNRISE AND SUNSET
APRIL 23 2017.........SUNRISE   623 AM MDT   SUNSET   833 PM MDT
APRIL 24 2017.........SUNRISE   621 AM MDT   SUNSET   835 PM MDT


-  INDICATES NEGATIVE NUMBERS.
R  INDICATES RECORD WAS SET OR TIED.
MM INDICATES DATA IS MISSING.
T  INDICATES TRACE AMOUNT.




$$
