000
CDUS45 KTFX 192330
CLICTB


CLIMATE REPORT
NATIONAL WEATHER SERVICE GREAT FALLS MT
430 PM MST SUN FEB 19 2017


...................................

...THE CUT BANK MT CLIMATE SUMMARY FOR FEBRUARY 19 2017...
VALID TODAY AS OF 0400 PM LOCAL TIME.

CLIMATE NORMAL PERIOD 1981 TO 2010
CLIMATE RECORD PERIOD 1903 TO 2017


WEATHER ITEM   OBSERVED TIME   RECORD YEAR NORMAL DEPARTURE LAST
                VALUE   (LST)  VALUE       VALUE  FROM      YEAR
                                                  NORMAL
..................................................................
TEMPERATURE (F)
 TODAY
  MAXIMUM         47    249 PM  62    1981  36     11       45
  MINIMUM         27    231 AM -30    1986  13     14       32
  AVERAGE         37                        25     12       39

PRECIPITATION (IN)
  TODAY            0.00          0.11 1940   0.01  -0.01     0.00
  MONTH TO DATE    T                         0.13  -0.13     0.01
  SINCE OCT 1      2.03                      1.35   0.68     2.37
  SINCE JAN 1      0.60                      0.33   0.27     0.45

DEGREE DAYS
 HEATING
  TODAY           28                        40    -12       26
  MONTH TO DATE  862                       788     74      518
  SINCE DEC 1   3991                      3443    548     3131
  SINCE JUL 1   5969                      5706    263     5169

 COOLING
  TODAY            0                         0      0        0
  MONTH TO DATE    0                         0      0        0
  SINCE DEC 1      0                         0      0        0
  SINCE JAN 1      0                         0      0        0
..................................................................


WIND (MPH)
  HIGHEST WIND SPEED    32   HIGHEST WIND DIRECTION     W (250)
  HIGHEST GUST SPEED    37   HIGHEST GUST DIRECTION     W (250)
  AVERAGE WIND SPEED    12.0


SKY COVER
  AVERAGE SKY COVER 0.3


WEATHER CONDITIONS
 THE FOLLOWING WEATHER WAS RECORDED TODAY.
  NO SIGNIFICANT WEATHER WAS OBSERVED.


RELATIVE HUMIDITY (PERCENT)
 HIGHEST    92          1200 AM
 LOWEST     40           400 PM
 AVERAGE    66

..........................................................


THE CUT BANK MT CLIMATE NORMALS FOR TOMORROW
                         NORMAL    RECORD    YEAR
 MAXIMUM TEMPERATURE (F)   36        66      1977
 MINIMUM TEMPERATURE (F)   14       -37      1918


SUNRISE AND SUNSET
FEBRUARY 19 2017......SUNRISE   729 AM MST   SUNSET   558 PM MST
FEBRUARY 20 2017......SUNRISE   728 AM MST   SUNSET   600 PM MST


-  INDICATES NEGATIVE NUMBERS.
R  INDICATES RECORD WAS SET OR TIED.
MM INDICATES DATA IS MISSING.
T  INDICATES TRACE AMOUNT.




$$
