000
CDUS45 KTFX 201046
CLICTB


CLIMATE REPORT
NATIONAL WEATHER SERVICE GREAT FALLS MT
345 AM MST MON NOV 20 2017


...................................

...THE CUT BANK MT CLIMATE SUMMARY FOR NOVEMBER 19 2017...

CLIMATE NORMAL PERIOD 1981 TO 2010
CLIMATE RECORD PERIOD 1903 TO 2017


WEATHER ITEM   OBSERVED TIME   RECORD YEAR NORMAL DEPARTURE LAST
                VALUE   (LST)  VALUE       VALUE  FROM      YEAR
                                                  NORMAL
..................................................................
TEMPERATURE (F)
 YESTERDAY
  MAXIMUM         45    423 PM  68    1936  39      6       39
  MINIMUM         30   1219 AM -33    1921  19     11       26
  AVERAGE         38                        29      9       33

PRECIPITATION (IN)
  YESTERDAY        0.00          0.17 1996   0.01  -0.01     0.00
  MONTH TO DATE    0.04                      0.24  -0.20     0.26
  SINCE OCT 1      0.54                      0.68  -0.14     1.33
  SINCE JAN 1      8.66                     10.56  -1.90    11.23

SNOWFALL (IN)
  YESTERDAY       MM
  SNOW DEPTH       T

DEGREE DAYS
 HEATING
  YESTERDAY       27                        36     -9       32
  MONTH TO DATE  807                       617    190      391
  SINCE SEP 1   1855                      1647    208     1451
  SINCE JUL 1   1938                      1841     97     1624

 COOLING
  YESTERDAY        0                         0      0        0
  MONTH TO DATE    0                         0      0        0
  SINCE SEP 1     24                         9     15        5
  SINCE JAN 1    250                       162     88      108
..................................................................


WIND (MPH)
  HIGHEST WIND SPEED    55   HIGHEST WIND DIRECTION     W (250)
  HIGHEST GUST SPEED    67   HIGHEST GUST DIRECTION     W (250)
  AVERAGE WIND SPEED    29.0


SKY COVER
  AVERAGE SKY COVER 0.0


WEATHER CONDITIONS
 THE FOLLOWING WEATHER WAS RECORDED YESTERDAY.
  NO SIGNIFICANT WEATHER WAS OBSERVED.


RELATIVE HUMIDITY (PERCENT)
 HIGHEST    58          1200 AM
 LOWEST     27           900 PM
 AVERAGE    43

..........................................................


THE CUT BANK MT CLIMATE NORMALS FOR TODAY
                         NORMAL    RECORD    YEAR
 MAXIMUM TEMPERATURE (F)   38        62      2005
                                             1987
 MINIMUM TEMPERATURE (F)   19       -21      1996


SUNRISE AND SUNSET
NOVEMBER 20 2017......SUNRISE   746 AM MST   SUNSET   444 PM MST
NOVEMBER 21 2017......SUNRISE   747 AM MST   SUNSET   443 PM MST


-  INDICATES NEGATIVE NUMBERS.
R  INDICATES RECORD WAS SET OR TIED.
MM INDICATES DATA IS MISSING.
T  INDICATES TRACE AMOUNT.




$$
