000
CDUS45 KTFX 290943
CLICTB


CLIMATE REPORT
NATIONAL WEATHER SERVICE GREAT FALLS MT
242 AM MST THU JAN 29 2015


...................................

...THE CUT BANK MT CLIMATE SUMMARY FOR JANUARY 28 2015...

CLIMATE NORMAL PERIOD 1981 TO 2010
CLIMATE RECORD PERIOD 1903 TO 2015


WEATHER ITEM   OBSERVED TIME   RECORD YEAR NORMAL DEPARTURE LAST
                VALUE   (LST)  VALUE       VALUE  FROM      YEAR
                                                  NORMAL
..................................................................
TEMPERATURE (F)
 YESTERDAY
  MAXIMUM         45   1219 AM  57    1935  34     11       40
  MINIMUM         25   1157 PM -44    1929  12     13        1
  AVERAGE         35                        23     12       21

PRECIPITATION (IN)
  YESTERDAY        0.00          0.06 1932   0.00   0.00     0.00
  MONTH TO DATE    0.64                      0.18   0.46     0.48
  SINCE OCT 1      3.17                      1.20   1.97     1.68
  SINCE JAN 1      0.64                      0.18   0.46     0.48

SNOWFALL (IN)
  YESTERDAY       MM
  SNOW DEPTH       0

DEGREE DAYS
 HEATING
  YESTERDAY       30                        42    -12       44
  MONTH TO DATE 1123                      1201    -78     1012
  SINCE DEC 1   2398                      2528   -130     2452
  SINCE JUL 1   4496                      4791   -295     4541

 COOLING
  YESTERDAY        0                         0      0        0
  MONTH TO DATE    0                         0      0        0
  SINCE DEC 1      0                         0      0        0
  SINCE JAN 1      0                         0      0        0
..................................................................


WIND (MPH)
  HIGHEST WIND SPEED    25   HIGHEST WIND DIRECTION     W (270)
  HIGHEST GUST SPEED    30   HIGHEST GUST DIRECTION     W (270)
  AVERAGE WIND SPEED     9.2


SKY COVER
  AVERAGE SKY COVER 0.1


WEATHER CONDITIONS
 THE FOLLOWING WEATHER WAS RECORDED YESTERDAY.
  FOG


RELATIVE HUMIDITY (PERCENT)
 HIGHEST   100          1000 PM
 LOWEST     41          1200 AM
 AVERAGE    71

..........................................................


THE CUT BANK MT CLIMATE NORMALS FOR TODAY
                         NORMAL    RECORD    YEAR
 MAXIMUM TEMPERATURE (F)   34        61      1962
 MINIMUM TEMPERATURE (F)   12       -40      1916


SUNRISE AND SUNSET
JANUARY 29 2015.......SUNRISE   803 AM MST   SUNSET   523 PM MST
JANUARY 30 2015.......SUNRISE   802 AM MST   SUNSET   524 PM MST


-  INDICATES NEGATIVE NUMBERS.
R  INDICATES RECORD WAS SET OR TIED.
MM INDICATES DATA IS MISSING.
T  INDICATES TRACE AMOUNT.




$$
