000
CDUS45 KTFX 220924
CLICTB


CLIMATE REPORT
NATIONAL WEATHER SERVICE GREAT FALLS MT
324 AM MDT FRI SEP 22 2017


...................................

...THE CUT BANK MT CLIMATE SUMMARY FOR SEPTEMBER 21 2017...

CLIMATE NORMAL PERIOD 1981 TO 2010
CLIMATE RECORD PERIOD 1903 TO 2017


WEATHER ITEM   OBSERVED TIME   RECORD YEAR NORMAL DEPARTURE LAST
                VALUE   (LST)  VALUE       VALUE  FROM      YEAR
                                                  NORMAL
..................................................................
TEMPERATURE (F)
 YESTERDAY
  MAXIMUM         53   1226 PM  88    1967  66    -13       47
  MINIMUM         26    645 AM  20    1995  38    -12       41
  AVERAGE         40                        52    -12       44

PRECIPITATION (IN)
  YESTERDAY        0.01          1.53 1940   0.04  -0.03     0.12
  MONTH TO DATE    0.52                      0.92  -0.40     0.72
  SINCE OCT 1      9.46                     10.60  -1.14    11.28
  SINCE JAN 1      8.03                      9.58  -1.55     9.36

SNOWFALL (IN)
  YESTERDAY       MM
  SNOW DEPTH       0

DEGREE DAYS
 HEATING
  YESTERDAY       25                        13     12       21
  MONTH TO DATE  192                       210    -18      254
  SINCE SEP 1    192                       210    -18      254
  SINCE JUL 1    275                       404   -129      427

 COOLING
  YESTERDAY        0                         0      0        0
  MONTH TO DATE   24                         6     18        5
  SINCE SEP 1     24                         6     18        5
  SINCE JAN 1    250                       159     91      108
..................................................................


WIND (MPH)
  HIGHEST WIND SPEED    20   HIGHEST WIND DIRECTION     N (360)
  HIGHEST GUST SPEED    24   HIGHEST GUST DIRECTION     N (360)
  AVERAGE WIND SPEED     9.1


SKY COVER
  AVERAGE SKY COVER 0.6


WEATHER CONDITIONS
 THE FOLLOWING WEATHER WAS RECORDED YESTERDAY.
  LIGHT RAIN


RELATIVE HUMIDITY (PERCENT)
 HIGHEST    92           400 AM
 LOWEST     41           100 PM
 AVERAGE    67

..........................................................


THE CUT BANK MT CLIMATE NORMALS FOR TODAY
                         NORMAL    RECORD    YEAR
 MAXIMUM TEMPERATURE (F)   65        87      1938
 MINIMUM TEMPERATURE (F)   38        16      1934


SUNRISE AND SUNSET
SEPTEMBER 22 2017.....SUNRISE   717 AM MDT   SUNSET   727 PM MDT
SEPTEMBER 23 2017.....SUNRISE   718 AM MDT   SUNSET   725 PM MDT


-  INDICATES NEGATIVE NUMBERS.
R  INDICATES RECORD WAS SET OR TIED.
MM INDICATES DATA IS MISSING.
T  INDICATES TRACE AMOUNT.




$$
