000
CDUS45 KTFX 311101
CLICTB


CLIMATE REPORT
NATIONAL WEATHER SERVICE GREAT FALLS MT
501 AM MDT TUE MAY 31 2016


...................................

...THE CUT BANK MT CLIMATE SUMMARY FOR MAY 30 2016...

CLIMATE NORMAL PERIOD 1981 TO 2010
CLIMATE RECORD PERIOD 1903 TO 2016


WEATHER ITEM   OBSERVED TIME   RECORD YEAR NORMAL DEPARTURE LAST
                VALUE   (LST)  VALUE       VALUE  FROM      YEAR
                                                  NORMAL
..................................................................
TEMPERATURE (F)
 YESTERDAY
  MAXIMUM         59    222 PM  89    1986  66     -7       69
  MINIMUM         39    748 AM  25    1924  42     -3       42
  AVERAGE         49                        54     -5       56

PRECIPITATION (IN)
  YESTERDAY        0.04          1.58 1985   0.09  -0.05     0.09
  MONTH TO DATE    2.19                      1.86   0.33     1.65
  SINCE OCT 1      6.77                      4.57   2.20     5.53
  SINCE JAN 1      4.85                      3.55   1.30     3.00

SNOWFALL (IN)
  YESTERDAY       MM
  SNOW DEPTH       0

DEGREE DAYS
 HEATING
  YESTERDAY       16                        11      5        9
  MONTH TO DATE  469                       458     11      508
  SINCE MAR 1   1884                      2218   -334     1984
  SINCE JUL 1   7349                      8278   -929     7646

 COOLING
  YESTERDAY        0                         0      0        0
  MONTH TO DATE    0                         0      0        0
  SINCE MAR 1      0                         0      0        0
  SINCE JAN 1      0                         0      0        0
..................................................................


WIND (MPH)
  HIGHEST WIND SPEED    37   HIGHEST WIND DIRECTION     N (340)
  HIGHEST GUST SPEED    43   HIGHEST GUST DIRECTION    NW (330)
  AVERAGE WIND SPEED    19.9


SKY COVER
  AVERAGE SKY COVER 0.6


WEATHER CONDITIONS
 THE FOLLOWING WEATHER WAS RECORDED YESTERDAY.
  LIGHT RAIN
  FOG


RELATIVE HUMIDITY (PERCENT)
 HIGHEST    96           300 AM
 LOWEST     40           200 PM
 AVERAGE    68

..........................................................


THE CUT BANK MT CLIMATE NORMALS FOR TODAY
                         NORMAL    RECORD    YEAR
 MAXIMUM TEMPERATURE (F)   67        86      1914
 MINIMUM TEMPERATURE (F)   42        28      1979


SUNRISE AND SUNSET
MAY 31 2016...........SUNRISE   532 AM MDT   SUNSET   923 PM MDT
JUNE  1 2016..........SUNRISE   531 AM MDT   SUNSET   924 PM MDT


-  INDICATES NEGATIVE NUMBERS.
R  INDICATES RECORD WAS SET OR TIED.
MM INDICATES DATA IS MISSING.
T  INDICATES TRACE AMOUNT.




$$
