000
CDUS45 KTFX 091055
CLICTB


CLIMATE REPORT
NATIONAL WEATHER SERVICE GREAT FALLS MT
355 AM MST FRI DEC 9 2016


...................................

...THE CUT BANK MT CLIMATE SUMMARY FOR DECEMBER 8 2016...

CLIMATE NORMAL PERIOD 1981 TO 2010
CLIMATE RECORD PERIOD 1903 TO 2016


WEATHER ITEM   OBSERVED TIME   RECORD YEAR NORMAL DEPARTURE LAST
                VALUE   (LST)  VALUE       VALUE  FROM      YEAR
                                                  NORMAL
..................................................................
TEMPERATURE (F)
 YESTERDAY
  MAXIMUM          2    216 PM  58    2006  33    -31       53
  MINIMUM        -17    251 AM -34    2009  13    -30       34
                                      1972
  AVERAGE         -7                        23    -30       44

PRECIPITATION (IN)
  YESTERDAY        0.00          0.18 1973   0.01  -0.01     0.00
                                      1973
                                      2012
  MONTH TO DATE    0.01                      0.06  -0.05     0.00
  SINCE OCT 1      1.34                      0.86   0.48     1.36
  SINCE JAN 1     11.24                     10.74   0.50     9.66

SNOWFALL (IN)
  YESTERDAY       MM
  SNOW DEPTH       T

DEGREE DAYS
 HEATING
  YESTERDAY       72                        42     30       21
  MONTH TO DATE  414                       330     84      215
  SINCE DEC 1    414                       330     84      215
  SINCE JUL 1   2392                      2593   -201     2253

 COOLING
  YESTERDAY        0                         0      0        0
  MONTH TO DATE    0                         0      0        0
  SINCE DEC 1      0                         0      0        0
  SINCE JAN 1    108                       162    -54      234
..................................................................


WIND (MPH)
  HIGHEST WIND SPEED     9   HIGHEST WIND DIRECTION     E (80)
  HIGHEST GUST SPEED    11   HIGHEST GUST DIRECTION     E (90)
  AVERAGE WIND SPEED     3.8


SKY COVER
  AVERAGE SKY COVER 0.8


WEATHER CONDITIONS
 THE FOLLOWING WEATHER WAS RECORDED YESTERDAY.
  FOG
  HAZE


RELATIVE HUMIDITY (PERCENT)
 HIGHEST    87           700 PM
 LOWEST     71          1100 AM
 AVERAGE    79

..........................................................


THE CUT BANK MT CLIMATE NORMALS FOR TODAY
                         NORMAL    RECORD    YEAR
 MAXIMUM TEMPERATURE (F)   33        64      1925
 MINIMUM TEMPERATURE (F)   13       -32      1977


SUNRISE AND SUNSET
DECEMBER  9 2016......SUNRISE   810 AM MST   SUNSET   434 PM MST
DECEMBER 10 2016......SUNRISE   811 AM MST   SUNSET   434 PM MST


-  INDICATES NEGATIVE NUMBERS.
R  INDICATES RECORD WAS SET OR TIED.
MM INDICATES DATA IS MISSING.
T  INDICATES TRACE AMOUNT.




$$
