000
CDUS45 KTFX 240822
CLICTB


CLIMATE REPORT
NATIONAL WEATHER SERVICE GREAT FALLS MT
121 AM MST WED JAN 24 2018


...................................

...THE CUT BANK MT CLIMATE SUMMARY FOR JANUARY 23 2018...

CLIMATE NORMAL PERIOD 1981 TO 2010
CLIMATE RECORD PERIOD 1903 TO 2018


WEATHER ITEM   OBSERVED TIME   RECORD YEAR NORMAL DEPARTURE LAST
                VALUE   (LST)  VALUE       VALUE  FROM      YEAR
                                                  NORMAL
..................................................................
TEMPERATURE (F)
 YESTERDAY
  MAXIMUM         37    224 PM  62    2005  33      4       23
  MINIMUM         19    717 AM -38    1943  12      7        2
  AVERAGE         28                        22      6       13

PRECIPITATION (IN)
  YESTERDAY        0.00          0.32 1943   0.00   0.00     0.07
  MONTH TO DATE    T                         0.15  -0.15     0.52
  SINCE OCT 1      1.05                      1.17  -0.12     1.95
  SINCE JAN 1      T                         0.15  -0.15     0.52

SNOWFALL (IN)
  YESTERDAY       MM
  SNOW DEPTH       0

DEGREE DAYS
 HEATING
  YESTERDAY       37                        42     -5       52
  MONTH TO DATE  952                       991    -39     1172
  SINCE DEC 1   2399                      2318     81     2817
  SINCE JUL 1   4623                      4581     42     4795

 COOLING
  YESTERDAY        0                         0      0        0
  MONTH TO DATE    0                         0      0        0
  SINCE DEC 1      0                         0      0        0
  SINCE JAN 1      0                         0      0        0
..................................................................


WIND (MPH)
  HIGHEST WIND SPEED    30   HIGHEST WIND DIRECTION     W (250)
  HIGHEST GUST SPEED    35   HIGHEST GUST DIRECTION     W (250)
  AVERAGE WIND SPEED    15.0


SKY COVER
  AVERAGE SKY COVER 0.0


WEATHER CONDITIONS
 THE FOLLOWING WEATHER WAS RECORDED YESTERDAY.
  NO SIGNIFICANT WEATHER WAS OBSERVED.


RELATIVE HUMIDITY (PERCENT)
 HIGHEST    81          1200 AM
 LOWEST     40           200 PM
 AVERAGE    61

..........................................................


THE CUT BANK MT CLIMATE NORMALS FOR TODAY
                         NORMAL    RECORD    YEAR
 MAXIMUM TEMPERATURE (F)   33        60      2005
 MINIMUM TEMPERATURE (F)   12       -41      1943


SUNRISE AND SUNSET
JANUARY 24 2018.......SUNRISE   808 AM MST   SUNSET   515 PM MST
JANUARY 25 2018.......SUNRISE   807 AM MST   SUNSET   517 PM MST


-  INDICATES NEGATIVE NUMBERS.
R  INDICATES RECORD WAS SET OR TIED.
MM INDICATES DATA IS MISSING.
T  INDICATES TRACE AMOUNT.




$$
