000
CDUS45 KTFX 200915
CLICTB


CLIMATE REPORT
NATIONAL WEATHER SERVICE GREAT FALLS MT
315 AM MDT WED AUG 20 2014


...................................

...THE CUT BANK MT CLIMATE SUMMARY FOR AUGUST 19 2014...

CLIMATE NORMAL PERIOD 1981 TO 2010
CLIMATE RECORD PERIOD 1903 TO 2014


WEATHER ITEM   OBSERVED TIME   RECORD YEAR NORMAL DEPARTURE LAST
                VALUE   (LST)  VALUE       VALUE  FROM      YEAR
                                                  NORMAL
..................................................................
TEMPERATURE (F)
 YESTERDAY
  MAXIMUM         85   1118 AM  93    1967  79      6       88
  MINIMUM         53    543 AM  31    1950  48      5       54
  AVERAGE         69                        63      6       71

PRECIPITATION (IN)
  YESTERDAY        0.02          1.92 1936   0.04  -0.02     0.00
  MONTH TO DATE    0.84                      0.71   0.13     1.41
  SINCE OCT 1     13.19                      9.20   3.99    13.08
  SINCE JAN 1     11.99                      8.18   3.81    10.91

SNOWFALL (IN)
  YESTERDAY       MM
  SNOW DEPTH       0

DEGREE DAYS
 HEATING
  YESTERDAY        0                         4     -4        0
  MONTH TO DATE    1                        49    -48       23
  SINCE JUN 1    291                       368    -77      273
  SINCE JUL 1     18                       135   -117       64

 COOLING
  YESTERDAY        4                         2      2        6
  MONTH TO DATE   89                        51     38       56
  SINCE JUN 1    194                       138     56      153
  SINCE JAN 1    194                       140     54      155
..................................................................


WIND (MPH)
  HIGHEST WIND SPEED    36   HIGHEST WIND DIRECTION     W (260)
  HIGHEST GUST SPEED    44   HIGHEST GUST DIRECTION     W (260)
  AVERAGE WIND SPEED    10.7


SKY COVER
  AVERAGE SKY COVER 0.2


WEATHER CONDITIONS
 THE FOLLOWING WEATHER WAS RECORDED YESTERDAY.
  THUNDERSTORM
  LIGHT RAIN


RELATIVE HUMIDITY (PERCENT)
 HIGHEST    86           200 AM
 LOWEST     30          1000 AM
 AVERAGE    58

..........................................................


THE CUT BANK MT CLIMATE NORMALS FOR TODAY
                         NORMAL    RECORD    YEAR
 MAXIMUM TEMPERATURE (F)   78        92      2012
                                             1967
 MINIMUM TEMPERATURE (F)   48        35      1938


SUNRISE AND SUNSET
AUGUST 20 2014........SUNRISE   630 AM MDT   SUNSET   835 PM MDT
AUGUST 21 2014........SUNRISE   631 AM MDT   SUNSET   833 PM MDT


-  INDICATES NEGATIVE NUMBERS.
R  INDICATES RECORD WAS SET OR TIED.
MM INDICATES DATA IS MISSING.
T  INDICATES TRACE AMOUNT.




$$
