000
CDUS45 KTFX 291015
CLICTB


CLIMATE REPORT
NATIONAL WEATHER SERVICE GREAT FALLS MT
413 AM MDT FRI MAY 29 2015


...................................

...THE CUT BANK MT CLIMATE SUMMARY FOR MAY 28 2015...

CLIMATE NORMAL PERIOD 1981 TO 2010
CLIMATE RECORD PERIOD 1903 TO 2015


WEATHER ITEM   OBSERVED TIME   RECORD YEAR NORMAL DEPARTURE LAST
                VALUE   (LST)  VALUE       VALUE  FROM      YEAR
                                                  NORMAL
..................................................................
TEMPERATURE (F)
 YESTERDAY
  MAXIMUM         55    920 AM  90    1934  66    -11       66
  MINIMUM         39   1134 PM  25    1947  41     -2       49
  AVERAGE         47                        53     -6       58

PRECIPITATION (IN)
  YESTERDAY        0.02          1.48 1989   0.09  -0.07     0.06
  MONTH TO DATE    1.52                      1.68  -0.16     0.98
  SINCE OCT 1      5.40                      4.39   1.01     5.68
  SINCE JAN 1      2.87                      3.37  -0.50     4.48

SNOWFALL (IN)
  YESTERDAY       MM
  SNOW DEPTH       0

DEGREE DAYS
 HEATING
  YESTERDAY       18                        12      6        7
  MONTH TO DATE  482                       436     46      424
  SINCE MAR 1   1958                      2196   -238     2353
  SINCE JUL 1   7620                      8256   -636     8559

 COOLING
  YESTERDAY        0                         0      0        0
  MONTH TO DATE    0                         0      0        0
  SINCE MAR 1      0                         0      0        0
  SINCE JAN 1      0                         0      0        0
..................................................................


WIND (MPH)
  HIGHEST WIND SPEED    30   HIGHEST WIND DIRECTION     N (350)
  HIGHEST GUST SPEED    35   HIGHEST GUST DIRECTION     N (350)
  AVERAGE WIND SPEED    15.0


SKY COVER
  AVERAGE SKY COVER 0.9


WEATHER CONDITIONS
 THE FOLLOWING WEATHER WAS RECORDED YESTERDAY.
  LIGHT RAIN
  FOG
  HAZE


RELATIVE HUMIDITY (PERCENT)
 HIGHEST    93           100 AM
 LOWEST     77           700 AM
 AVERAGE    85

..........................................................


THE CUT BANK MT CLIMATE NORMALS FOR TODAY
                         NORMAL    RECORD    YEAR
 MAXIMUM TEMPERATURE (F)   66        90      1936
 MINIMUM TEMPERATURE (F)   41        23      1951


SUNRISE AND SUNSET
MAY 29 2015...........SUNRISE   534 AM MDT   SUNSET   921 PM MDT
MAY 30 2015...........SUNRISE   533 AM MDT   SUNSET   922 PM MDT


-  INDICATES NEGATIVE NUMBERS.
R  INDICATES RECORD WAS SET OR TIED.
MM INDICATES DATA IS MISSING.
T  INDICATES TRACE AMOUNT.




$$
