000
CDUS45 KTFX 281011
CLICTB


CLIMATE REPORT
NATIONAL WEATHER SERVICE GREAT FALLS MT
409 AM MDT MON JUL 28 2014


...................................

...THE CUT BANK MT CLIMATE SUMMARY FOR JULY 27 2014...

CLIMATE NORMAL PERIOD 1981 TO 2010
CLIMATE RECORD PERIOD 1903 TO 2014


WEATHER ITEM   OBSERVED TIME   RECORD YEAR NORMAL DEPARTURE LAST
                VALUE   (LST)  VALUE       VALUE  FROM      YEAR
                                                  NORMAL
..................................................................
TEMPERATURE (F)
 YESTERDAY
  MAXIMUM         86    511 PM  99    1933  82      4       88
  MINIMUM         43    520 AM  36    1930  51     -8       49
  AVERAGE         65                        66     -1       69

PRECIPITATION (IN)
  YESTERDAY        0.00          1.85 1909   0.03  -0.03     0.00
  MONTH TO DATE    0.42                      1.14  -0.72     1.64
  SINCE OCT 1     12.35                      8.35   4.00    11.60
  SINCE JAN 1     11.15                      7.33   3.82     9.43

SNOWFALL (IN)
  YESTERDAY        0.0
  SNOW DEPTH       0

DEGREE DAYS
 HEATING
  YESTERDAY        0                         2     -2        0
  MONTH TO DATE   17                        80    -63       26
  SINCE JUN 1    290                       313    -23      235
  SINCE JUL 1     17                        80    -63       26

 COOLING
  YESTERDAY        0                         3     -3        4
  MONTH TO DATE   79                        60     19       85
  SINCE JUN 1     80                        75      5       97
  SINCE JAN 1     80                        77      3       99
..................................................................


WIND (MPH)
  HIGHEST WIND SPEED    15   HIGHEST WIND DIRECTION     S (190)
  HIGHEST GUST SPEED    20   HIGHEST GUST DIRECTION    SE (120)
  AVERAGE WIND SPEED     5.3


SKY COVER
  AVERAGE SKY COVER 0.0


WEATHER CONDITIONS
 THE FOLLOWING WEATHER WAS RECORDED YESTERDAY.
  NO SIGNIFICANT WEATHER WAS OBSERVED.


RELATIVE HUMIDITY (PERCENT)
 HIGHEST    83           400 AM
 LOWEST     20           500 PM
 AVERAGE    52

..........................................................


THE CUT BANK MT CLIMATE NORMALS FOR TODAY
                         NORMAL    RECORD    YEAR
 MAXIMUM TEMPERATURE (F)   82       100      1939
 MINIMUM TEMPERATURE (F)   51        36      1930


SUNRISE AND SUNSET
JULY 28 2014..........SUNRISE   559 AM MDT   SUNSET   913 PM MDT
JULY 29 2014..........SUNRISE   600 AM MDT   SUNSET   911 PM MDT


-  INDICATES NEGATIVE NUMBERS.
R  INDICATES RECORD WAS SET OR TIED.
MM INDICATES DATA IS MISSING.
T  INDICATES TRACE AMOUNT.




$$
