000
CDUS45 KTFX 142330
CLICTB


CLIMATE REPORT
NATIONAL WEATHER SERVICE GREAT FALLS MT
430 PM MST SUN FEB 14 2016


...................................

...THE CUT BANK MT CLIMATE SUMMARY FOR FEBRUARY 14 2016...
VALID TODAY AS OF 0400 PM LOCAL TIME.

CLIMATE NORMAL PERIOD 1981 TO 2010
CLIMATE RECORD PERIOD 1903 TO 2016


WEATHER ITEM   OBSERVED TIME   RECORD YEAR NORMAL DEPARTURE LAST
                VALUE   (LST)  VALUE       VALUE  FROM      YEAR
                                                  NORMAL
..................................................................
TEMPERATURE (F)
 TODAY
  MAXIMUM         48    121 PM  59    1934  35     13       47
  MINIMUM         31    527 AM -43    1936  13     18       32
  AVERAGE         40                        24     16       40

PRECIPITATION (IN)
  TODAY            0.00          0.29 1910   0.01  -0.01     0.01
  MONTH TO DATE    0.01                      0.09  -0.08     0.07
  SINCE OCT 1      2.37                      1.31   1.06     3.31
  SINCE JAN 1      0.45                      0.29   0.16     0.78

DEGREE DAYS
 HEATING
  TODAY           25                        41    -16       25
  MONTH TO DATE  388                       584   -196      477
  SINCE DEC 1   3001                      3239   -238     2990
  SINCE JUL 1   5039                      5502   -463     5088

 COOLING
  TODAY            0                         0      0        0
  MONTH TO DATE    0                         0      0        0
  SINCE DEC 1      0                         0      0        0
  SINCE JAN 1      0                         0      0        0
..................................................................


WIND (MPH)
  HIGHEST WIND SPEED    35   HIGHEST WIND DIRECTION     W (270)
  HIGHEST GUST SPEED    44   HIGHEST GUST DIRECTION     W (260)
  AVERAGE WIND SPEED    23.3


SKY COVER
  AVERAGE SKY COVER 0.3


WEATHER CONDITIONS
 THE FOLLOWING WEATHER WAS RECORDED TODAY.
  NO SIGNIFICANT WEATHER WAS OBSERVED.


RELATIVE HUMIDITY (PERCENT)
 HIGHEST    64           700 AM
 LOWEST     31           100 PM
 AVERAGE    48

..........................................................


THE CUT BANK MT CLIMATE NORMALS FOR TOMORROW
                         NORMAL    RECORD    YEAR
 MAXIMUM TEMPERATURE (F)   35        56      1934
 MINIMUM TEMPERATURE (F)   13       -47      1936


SUNRISE AND SUNSET
FEBRUARY 14 2016......SUNRISE   739 AM MST   SUNSET   549 PM MST
FEBRUARY 15 2016......SUNRISE   738 AM MST   SUNSET   550 PM MST


-  INDICATES NEGATIVE NUMBERS.
R  INDICATES RECORD WAS SET OR TIED.
MM INDICATES DATA IS MISSING.
T  INDICATES TRACE AMOUNT.




$$
