000
CDUS42 KTAE 260639
CLICTY


CLIMATE REPORT
NATIONAL WEATHER SERVICE TALLAHASSEE FL
238 AM EDT SUN MAR 26 2017


...................................

...THE CROSS CITY  CLIMATE SUMMARY FOR MARCH 25 2017...

CLIMATE NORMAL PERIOD 1981 TO 2010
CLIMATE RECORD PERIOD 1948 TO 2017


WEATHER ITEM   OBSERVED TIME   NORMAL DEPARTURE LAST
                VALUE   (LST)  VALUE  FROM      YEAR
                                      NORMAL
......................................................
TEMPERATURE (F)
 YESTERDAY
  MAXIMUM         81    255 PM  77      4       77
  MINIMUM         50    555 AM  50      0       62
  AVERAGE         66            64      2

PRECIPITATION (IN)
  YESTERDAY        0.00          0.14  -0.14     0.06
  MONTH TO DATE    0.86          3.41  -2.55     2.77
  SINCE MAR 1      0.86          3.41  -2.55     2.77
  SINCE JAN 1      3.41         10.72  -7.31     9.53

DEGREE DAYS
 HEATING
  YESTERDAY        0             3     -3
  MONTH TO DATE  135           118     17
  SINCE MAR 1    135           118     17
  SINCE JUL 1    734          1238   -504

 COOLING
  YESTERDAY        1             2     -1
  MONTH TO DATE   38            32      6
  SINCE MAR 1     38            32      6
  SINCE JAN 1    100            59     41
......................................................


WIND (MPH)
  RESULTANT WIND SPEED   1   RESULTANT WIND DIRECTION  SE (130)
  HIGHEST WIND SPEED    12   HIGHEST WIND DIRECTION     W (260)
  HIGHEST GUST SPEED    MM   HIGHEST GUST DIRECTION    MM
  AVERAGE WIND SPEED     3.7



WEATHER CONDITIONS
 THE FOLLOWING WEATHER WAS RECORDED YESTERDAY.
  NO SIGNIFICANT WEATHER WAS OBSERVED.


RELATIVE HUMIDITY (PERCENT)
 HIGHEST    93
 LOWEST     39

..........................................................




SUNRISE AND SUNSET
MARCH 26 2017.........SUNRISE   729 AM EDT   SUNSET   748 PM EDT
MARCH 27 2017.........SUNRISE   728 AM EDT   SUNSET   748 PM EDT


-  INDICATES NEGATIVE NUMBERS.
R  INDICATES RECORD WAS SET OR TIED.
MM INDICATES DATA IS MISSING.
T  INDICATES TRACE AMOUNT.




$$
