000
CDUS42 KTAE 270636
CLICTY


CLIMATE REPORT
NATIONAL WEATHER SERVICE TALLAHASSEE FL
135 AM EST FRI FEB 27 2015


...................................

...THE CROSS CITY  CLIMATE SUMMARY FOR FEBRUARY 26 2015...

CLIMATE NORMAL PERIOD 1981 TO 2010
CLIMATE RECORD PERIOD 1948 TO 2015


WEATHER ITEM   OBSERVED TIME   NORMAL DEPARTURE LAST
                VALUE   (LST)  VALUE  FROM      YEAR
                                      NORMAL
......................................................
TEMPERATURE (F)
 YESTERDAY
  MAXIMUM         71    106 AM  73     -2       MM
  MINIMUM         50   1159 PM  45      5       MM
  AVERAGE         61            59      2

PRECIPITATION (IN)
  YESTERDAY        0.48          0.15   0.33     1.27
  MONTH TO DATE    2.75          2.93  -0.18     5.20
  SINCE DEC 1      8.93          9.49  -0.56    11.97
  SINCE JAN 1      5.69          6.97  -1.28    10.15

DEGREE DAYS
 HEATING
  YESTERDAY        4             7     -3
  MONTH TO DATE  315           227     88
  SINCE DEC 1    851           937    -86
  SINCE JUL 1   1136          1105     31

 COOLING
  YESTERDAY        0             1     -1
  MONTH TO DATE    0            20    -20
  SINCE DEC 1     54            49      5
  SINCE JAN 1     16            31    -15
......................................................


WIND (MPH)
  RESULTANT WIND SPEED   5   RESULTANT WIND DIRECTION   W (290)
  HIGHEST WIND SPEED    31   HIGHEST WIND DIRECTION    SW (210)
  HIGHEST GUST SPEED    44   HIGHEST GUST DIRECTION    SW (210)
  AVERAGE WIND SPEED     9.2



WEATHER CONDITIONS
 THE FOLLOWING WEATHER WAS RECORDED YESTERDAY.
  NO SIGNIFICANT WEATHER WAS OBSERVED.


RELATIVE HUMIDITY (PERCENT)
 HIGHEST   100
 LOWEST     62

..........................................................




SUNRISE AND SUNSET
FEBRUARY 27 2015......SUNRISE   700 AM EST   SUNSET   630 PM EST
FEBRUARY 28 2015......SUNRISE   659 AM EST   SUNSET   631 PM EST


-  INDICATES NEGATIVE NUMBERS.
R  INDICATES RECORD WAS SET OR TIED.
MM INDICATES DATA IS MISSING.
T  INDICATES TRACE AMOUNT.




$$
