000
CDUS42 KTAE 120635
CLICTY


CLIMATE REPORT
NATIONAL WEATHER SERVICE TALLAHASSEE FL
235 AM EDT SAT JUL 12 2014


...................................

...THE CROSS CITY (AWOS) CLIMATE SUMMARY FOR JULY 11 2014...

CLIMATE NORMAL PERIOD 1981 TO 2010
CLIMATE RECORD PERIOD 1948 TO 2014


WEATHER ITEM   OBSERVED TIME   NORMAL DEPARTURE LAST
                VALUE   (LST)  VALUE  FROM      YEAR
                                      NORMAL
......................................................
TEMPERATURE (F)
 YESTERDAY
  MAXIMUM         89   1233 PM  91     -2
  MINIMUM         72   1001 PM  72      0
  AVERAGE         81            81      0

PRECIPITATION (IN)
  YESTERDAY        1.36          0.19   1.17     0.30
  MONTH TO DATE    3.08          1.85   1.23     9.53
  SINCE JUN 1      6.85          6.94  -0.09    18.88
  SINCE JAN 1     32.35         24.11   8.24    31.42

DEGREE DAYS
 HEATING
  YESTERDAY        0             0      0
  MONTH TO DATE    0             0      0
  SINCE JUN 1      0             0      0
  SINCE JUL 1      0             0      0

 COOLING
  YESTERDAY       16            16      0
  MONTH TO DATE  187           176     11
  SINCE JUN 1    666           623     43
  SINCE JAN 1   1158          1102     56
......................................................


WIND (MPH)
  RESULTANT WIND SPEED   1   RESULTANT WIND DIRECTION   S (160)
  HIGHEST WIND SPEED    15   HIGHEST WIND DIRECTION     E (70)
  HIGHEST GUST SPEED    22   HIGHEST GUST DIRECTION     E (70)
  AVERAGE WIND SPEED     3.0



WEATHER CONDITIONS
 THE FOLLOWING WEATHER WAS RECORDED YESTERDAY.
  NO SIGNIFICANT WEATHER WAS OBSERVED.


RELATIVE HUMIDITY (PERCENT)
 HIGHEST   100
 LOWEST     65

..........................................................




SUNRISE AND SUNSET
JULY 12 2014..........SUNRISE   641 AM EDT   SUNSET   835 PM EDT
JULY 13 2014..........SUNRISE   641 AM EDT   SUNSET   835 PM EDT


-  INDICATES NEGATIVE NUMBERS.
R  INDICATES RECORD WAS SET OR TIED.
MM INDICATES DATA IS MISSING.
T  INDICATES TRACE AMOUNT.




$$
