000
CDUS42 KTAE 210632
CLICTY


CLIMATE REPORT
NATIONAL WEATHER SERVICE TALLAHASSEE FL
132 AM EST TUE NOV 21 2017


...................................

...THE CROSS CITY  CLIMATE SUMMARY FOR NOVEMBER 20 2017...

CLIMATE NORMAL PERIOD 1981 TO 2010
CLIMATE RECORD PERIOD 1948 TO 2017


WEATHER ITEM   OBSERVED TIME   NORMAL DEPARTURE LAST
                VALUE   (LST)  VALUE  FROM      YEAR
                                      NORMAL
......................................................
TEMPERATURE (F)
 YESTERDAY
  MAXIMUM         73    315 PM  74     -1       64
  MINIMUM         31    655 AM  48    -17       30
  AVERAGE         52            61     -9

PRECIPITATION (IN)
  YESTERDAY        0.00          0.10  -0.10     0.00
  MONTH TO DATE    0.17          1.61  -1.44     0.00
  SINCE SEP 1      6.57          9.47  -2.90    15.25
  SINCE JAN 1     53.02         44.84   8.18    59.60

DEGREE DAYS
 HEATING
  YESTERDAY       13             5      8
  MONTH TO DATE   66            74     -8
  SINCE SEP 1    117           106     11
  SINCE JUL 1    117           106     11

 COOLING
  YESTERDAY        0             2     -2
  MONTH TO DATE   43            47     -4
  SINCE SEP 1    767           652    115
  SINCE JAN 1   2885          2590    295
......................................................


WIND (MPH)
  RESULTANT WIND SPEED   4   RESULTANT WIND DIRECTION  NE (50)
  HIGHEST WIND SPEED     9   HIGHEST WIND DIRECTION     E (70)
  HIGHEST GUST SPEED    MM   HIGHEST GUST DIRECTION    MM
  AVERAGE WIND SPEED     4.5



WEATHER CONDITIONS
 THE FOLLOWING WEATHER WAS RECORDED YESTERDAY.
  NO SIGNIFICANT WEATHER WAS OBSERVED.


RELATIVE HUMIDITY (PERCENT)
 HIGHEST    96
 LOWEST     47

..........................................................




SUNRISE AND SUNSET
NOVEMBER 21 2017......SUNRISE   702 AM EST   SUNSET   535 PM EST
NOVEMBER 22 2017......SUNRISE   703 AM EST   SUNSET   534 PM EST


-  INDICATES NEGATIVE NUMBERS.
R  INDICATES RECORD WAS SET OR TIED.
MM INDICATES DATA IS MISSING.
T  INDICATES TRACE AMOUNT.




$$
