000
CDUS42 KTAE 300635
CLICTY


CLIMATE REPORT
NATIONAL WEATHER SERVICE TALLAHASSEE FL
235 AM EDT SUN AUG 30 2015


...................................

...THE CROSS CITY  CLIMATE SUMMARY FOR AUGUST 29 2015...

CLIMATE NORMAL PERIOD 1981 TO 2010
CLIMATE RECORD PERIOD 1948 TO 2015


WEATHER ITEM   OBSERVED TIME   NORMAL DEPARTURE LAST
                VALUE   (LST)  VALUE  FROM      YEAR
                                      NORMAL
......................................................
TEMPERATURE (F)
 YESTERDAY
  MAXIMUM         86    241 PM  90     -4       95
  MINIMUM         73    626 AM  71      2       75
  AVERAGE         80            81     -1

PRECIPITATION (IN)
  YESTERDAY        0.03          0.25  -0.22     0.06
  MONTH TO DATE   15.03          6.98   8.05     3.53
  SINCE JUN 1     40.76         17.73  23.03    14.59
  SINCE JAN 1     53.90         34.90  19.00    40.09

DEGREE DAYS
 HEATING
  YESTERDAY        0             0      0
  MONTH TO DATE    0             0      0
  SINCE JUN 1      0             0      0
  SINCE JUL 1      0             0      0

 COOLING
  YESTERDAY       15            16     -1
  MONTH TO DATE  533           474     59
  SINCE JUN 1   1623          1429    194
  SINCE JAN 1   2462          1908    554
......................................................


WIND (MPH)
  RESULTANT WIND SPEED   2   RESULTANT WIND DIRECTION   E (70)
  HIGHEST WIND SPEED     8   HIGHEST WIND DIRECTION     N (340)
  HIGHEST GUST SPEED    11   HIGHEST GUST DIRECTION    NE (50)
  AVERAGE WIND SPEED     3.2



WEATHER CONDITIONS
 THE FOLLOWING WEATHER WAS RECORDED YESTERDAY.
  NO SIGNIFICANT WEATHER WAS OBSERVED.


RELATIVE HUMIDITY (PERCENT)
 HIGHEST    94
 LOWEST     70

..........................................................




SUNRISE AND SUNSET
AUGUST 30 2015........SUNRISE   708 AM EDT   SUNSET   757 PM EDT
AUGUST 31 2015........SUNRISE   709 AM EDT   SUNSET   756 PM EDT


-  INDICATES NEGATIVE NUMBERS.
R  INDICATES RECORD WAS SET OR TIED.
MM INDICATES DATA IS MISSING.
T  INDICATES TRACE AMOUNT.




$$
