000
CDUS42 KTAE 240654
CLICTY


CLIMATE REPORT
NATIONAL WEATHER SERVICE TALLAHASSEE FL
154 AM EST MON NOV 24 2014


...................................

...THE CROSS CITY (AWOS) CLIMATE SUMMARY FOR NOVEMBER 23 2014...

CLIMATE NORMAL PERIOD 1981 TO 2010
CLIMATE RECORD PERIOD 1948 TO 2014


WEATHER ITEM   OBSERVED TIME   NORMAL DEPARTURE LAST
                VALUE   (LST)  VALUE  FROM      YEAR
                                      NORMAL
......................................................
TEMPERATURE (F)
 YESTERDAY
  MAXIMUM         79    243 PM  73      6
  MINIMUM         67    418 AM  48     19
  AVERAGE         73            61     12

PRECIPITATION (IN)
  YESTERDAY        0.47          0.10   0.37     0.00
  MONTH TO DATE    1.08          1.91  -0.83     1.48
  SINCE SEP 1     15.59          9.77   5.82     7.88
  SINCE JAN 1     55.97         45.14  10.83    60.66

DEGREE DAYS
 HEATING
  YESTERDAY        0             6     -6
  MONTH TO DATE  201            91    110
  SINCE SEP 1    218           123     95
  SINCE JUL 1    218           123     95

 COOLING
  YESTERDAY        8             1      7
  MONTH TO DATE   17            51    -34
  SINCE SEP 1    638           656    -18
  SINCE JAN 1   2700          2594    106
......................................................


WIND (MPH)
  RESULTANT WIND SPEED  10   RESULTANT WIND DIRECTION   S (180)
  HIGHEST WIND SPEED    28   HIGHEST WIND DIRECTION     S (190)
  HIGHEST GUST SPEED    39   HIGHEST GUST DIRECTION     S (190)
  AVERAGE WIND SPEED    11.2



WEATHER CONDITIONS
 THE FOLLOWING WEATHER WAS RECORDED YESTERDAY.
  NO SIGNIFICANT WEATHER WAS OBSERVED.


RELATIVE HUMIDITY (PERCENT)
 HIGHEST   100
 LOWEST     79

..........................................................




SUNRISE AND SUNSET
NOVEMBER 24 2014......SUNRISE   704 AM EST   SUNSET   534 PM EST
NOVEMBER 25 2014......SUNRISE   705 AM EST   SUNSET   534 PM EST


-  INDICATES NEGATIVE NUMBERS.
R  INDICATES RECORD WAS SET OR TIED.
MM INDICATES DATA IS MISSING.
T  INDICATES TRACE AMOUNT.




$$
