000
CDUS42 KCAE 062217
CLICUB


CLIMATE REPORT
NATIONAL WEATHER SERVICE COLUMBIA SC
517 PM EST FRI MAR 6 2015


...................................

...THE HAMILTON - OWENS AIRPORT SC CLIMATE SUMMARY FOR MARCH 6 2015...
VALID TODAY AS OF 0500 PM LOCAL TIME.

CLIMATE NORMAL PERIOD 1981 TO 2010
CLIMATE RECORD PERIOD 9999 TO 9999


WEATHER ITEM   OBSERVED TIME   NORMAL DEPARTURE LAST
                VALUE   (LST)  VALUE  FROM      YEAR
                                      NORMAL
......................................................
TEMPERATURE (F)
 TODAY
  MAXIMUM         50    455 PM  66    -16       42
  MINIMUM         36    851 AM  42     -6       35
  AVERAGE         43            54    -11       39

PRECIPITATION (IN)
  TODAY            0.00          0.14  -0.14     1.19
  MONTH TO DATE    0.64          0.77  -0.13     1.26
  SINCE MAR 1      0.64          0.77  -0.13     1.26
  SINCE JAN 1      8.56          8.05   0.51     7.64

DEGREE DAYS
 HEATING
  TODAY           22            12     10       26
  MONTH TO DATE   75            73      2      119
  SINCE MAR 1     75            73      2      119
  SINCE JUL 1   2201          2002    199     2111

 COOLING
  TODAY            0             0      0        0
  MONTH TO DATE    0             0      0        0
  SINCE MAR 1      0             0      0        0
  SINCE JAN 1      0             3     -3        6
......................................................


WIND (MPH)
  HIGHEST WIND SPEED    12   HIGHEST WIND DIRECTION    NE (60)
  HIGHEST GUST SPEED    20   HIGHEST GUST DIRECTION     N (20)
  AVERAGE WIND SPEED     5.9


SKY COVER
  AVERAGE SKY COVER 0.7


WEATHER CONDITIONS
 THE FOLLOWING WEATHER WAS RECORDED TODAY.
  NO SIGNIFICANT WEATHER WAS OBSERVED.


RELATIVE HUMIDITY (PERCENT)
 HIGHEST    76          1200 AM
 LOWEST     36           500 PM
 AVERAGE    56

..........................................................


THE HAMILTON - OWENS AIRPORT SC CLIMATE NORMALS FOR TOMORROW
                         NORMAL
 MAXIMUM TEMPERATURE (F)   66
 MINIMUM TEMPERATURE (F)   42


SUNRISE AND SUNSET
MARCH  6 2015.........SUNRISE   647 AM EST   SUNSET   624 PM EST
MARCH  7 2015.........SUNRISE   645 AM EST   SUNSET   625 PM EST


-  INDICATES NEGATIVE NUMBERS.
R  INDICATES RECORD WAS SET OR TIED.
MM INDICATES DATA IS MISSING.
T  INDICATES TRACE AMOUNT.




$$
