000
CDUS42 KCAE 270632
CLICUB


CLIMATE REPORT
NATIONAL WEATHER SERVICE COLUMBIA SC
232 AM EDT THU APR 27 2017


...................................

...THE HAMILTON - OWENS AIRPORT SC CLIMATE SUMMARY FOR APRIL 26 2017...

CLIMATE NORMAL PERIOD 1981 TO 2010
CLIMATE RECORD PERIOD 9999 TO 9999


WEATHER ITEM   OBSERVED TIME   NORMAL DEPARTURE LAST
                VALUE   (LST)  VALUE  FROM      YEAR
                                      NORMAL
......................................................
TEMPERATURE (F)
 YESTERDAY
  MAXIMUM         86    335 PM  79      7       87
  MINIMUM         59    620 AM  55      4       59
  AVERAGE         73            67      6       73

PRECIPITATION (IN)
  YESTERDAY        0.00          0.06  -0.06     0.00
  MONTH TO DATE    4.55          2.35   2.20     2.30
  SINCE MAR 1      8.10          6.23   1.87     4.55
  SINCE JAN 1     15.80         13.51   2.29     9.47

DEGREE DAYS
 HEATING
  YESTERDAY        0             2     -2        0
  MONTH TO DATE   30            92    -62       71
  SINCE MAR 1    299           366    -67      211
  SINCE JUL 1   1563          2295   -732     1711

 COOLING
  YESTERDAY        8             4      4        8
  MONTH TO DATE  122            67     55       60
  SINCE MAR 1    174            82     92      135
  SINCE JAN 1    192            85    107      138
......................................................


WIND (MPH)
  HIGHEST WIND SPEED    14   HIGHEST WIND DIRECTION    SW (210)
  HIGHEST GUST SPEED    16   HIGHEST GUST DIRECTION     S (200)
  AVERAGE WIND SPEED     3.5


SKY COVER
  AVERAGE SKY COVER 0.2


WEATHER CONDITIONS
 THE FOLLOWING WEATHER WAS RECORDED YESTERDAY.
  NO SIGNIFICANT WEATHER WAS OBSERVED.


RELATIVE HUMIDITY (PERCENT)
 HIGHEST    97           400 AM
 LOWEST     37           300 PM

..........................................................


THE HAMILTON - OWENS AIRPORT SC CLIMATE NORMALS FOR TODAY
                         NORMAL    RECORD    YEAR
 MAXIMUM TEMPERATURE (F)   79        MM        MM
 MINIMUM TEMPERATURE (F)   55        MM        MM


SUNRISE AND SUNSET
APRIL 27 2017.........SUNRISE   639 AM EDT   SUNSET   805 PM EDT
APRIL 28 2017.........SUNRISE   638 AM EDT   SUNSET   806 PM EDT


-  INDICATES NEGATIVE NUMBERS.
R  INDICATES RECORD WAS SET OR TIED.
MM INDICATES DATA IS MISSING.
T  INDICATES TRACE AMOUNT.




$$
