000
CDUS42 KCAE 210558
CLICUB


CLIMATE REPORT
NATIONAL WEATHER SERVICE COLUMBIA SC
1257 AM EST TUE NOV 21 2017


...................................

...THE HAMILTON - OWENS AIRPORT SC CLIMATE SUMMARY FOR NOVEMBER 20 2017...

CLIMATE NORMAL PERIOD 1981 TO 2010
CLIMATE RECORD PERIOD 9999 TO 9999


WEATHER ITEM   OBSERVED TIME   NORMAL DEPARTURE LAST
                VALUE   (LST)  VALUE  FROM      YEAR
                                      NORMAL
......................................................
TEMPERATURE (F)
 YESTERDAY
  MAXIMUM         62    249 PM  66     -4       62
  MINIMUM         32    731 AM  43    -11       32
  AVERAGE         47            55     -8       47

PRECIPITATION (IN)
  YESTERDAY        0.00          0.10  -0.10     0.00
  MONTH TO DATE    0.99          1.92  -0.93     0.97
  SINCE SEP 1      6.44          9.28  -2.84    11.31
  SINCE JAN 1     42.64         41.13   1.51    39.04

DEGREE DAYS
 HEATING
  YESTERDAY       18            10      8       18
  MONTH TO DATE  167           163      4      145
  SINCE SEP 1    228           252    -24      173
  SINCE JUL 1    228           252    -24      173

 COOLING
  YESTERDAY        0             0      0        0
  MONTH TO DATE   25            11     14        9
  SINCE SEP 1    591           435    156      604
  SINCE JAN 1   2691          2253    438     2838
......................................................


WIND (MPH)
  HIGHEST WIND SPEED     8   HIGHEST WIND DIRECTION     S (170)
  HIGHEST GUST SPEED    14   HIGHEST GUST DIRECTION     S (190)
  AVERAGE WIND SPEED     0.9


SKY COVER
  AVERAGE SKY COVER 0.0


WEATHER CONDITIONS
 THE FOLLOWING WEATHER WAS RECORDED YESTERDAY.
  NO SIGNIFICANT WEATHER WAS OBSERVED.


RELATIVE HUMIDITY (PERCENT)
 HIGHEST    96           800 AM
 LOWEST     22           200 PM

..........................................................


THE HAMILTON - OWENS AIRPORT SC CLIMATE NORMALS FOR TODAY
                         NORMAL    RECORD    YEAR
 MAXIMUM TEMPERATURE (F)   66        MM        MM
 MINIMUM TEMPERATURE (F)   43        MM        MM


SUNRISE AND SUNSET
NOVEMBER 21 2017......SUNRISE   702 AM EST   SUNSET   517 PM EST
NOVEMBER 22 2017......SUNRISE   703 AM EST   SUNSET   517 PM EST


-  INDICATES NEGATIVE NUMBERS.
R  INDICATES RECORD WAS SET OR TIED.
MM INDICATES DATA IS MISSING.
T  INDICATES TRACE AMOUNT.




$$
