681
CDUS42 KCAE 270636
CLICUB


CLIMATE REPORT
NATIONAL WEATHER SERVICE COLUMBIA SC
236 AM EDT MON MAR 27 2017


...................................

...THE HAMILTON - OWENS AIRPORT SC CLIMATE SUMMARY FOR MARCH 26 2017...

CLIMATE NORMAL PERIOD 1981 TO 2010
CLIMATE RECORD PERIOD 9999 TO 9999


WEATHER ITEM   OBSERVED TIME   NORMAL DEPARTURE LAST
                VALUE   (LST)  VALUE  FROM      YEAR
                                      NORMAL
......................................................
TEMPERATURE (F)
 YESTERDAY
  MAXIMUM         79   1256 PM  72      7       71
  MINIMUM         56    641 AM  48      8       64
  AVERAGE         68            60      8       68

PRECIPITATION (IN)
  YESTERDAY        0.03          0.12  -0.09     0.10
  MONTH TO DATE    2.22          3.25  -1.03     1.02
  SINCE MAR 1      2.22          3.25  -1.03     1.02
  SINCE JAN 1      9.92         10.53  -0.61     5.94

DEGREE DAYS
 HEATING
  YESTERDAY        0             6     -6        0
  MONTH TO DATE  269           245     24      130
  SINCE MAR 1    269           245     24      130
  SINCE JUL 1   1533          2174   -641     1630

 COOLING
  YESTERDAY        3             1      2        3
  MONTH TO DATE   17             6     11       62
  SINCE MAR 1     17             6     11       62
  SINCE JAN 1     35             9     26       65
......................................................


WIND (MPH)
  HIGHEST WIND SPEED    20   HIGHEST WIND DIRECTION     W (260)
  HIGHEST GUST SPEED    24   HIGHEST GUST DIRECTION     W (270)
  AVERAGE WIND SPEED     4.5


SKY COVER
  AVERAGE SKY COVER 0.2


WEATHER CONDITIONS
 THE FOLLOWING WEATHER WAS RECORDED YESTERDAY.
  RAIN


RELATIVE HUMIDITY (PERCENT)
 HIGHEST    93           400 AM
 LOWEST     39           200 PM

..........................................................


THE HAMILTON - OWENS AIRPORT SC CLIMATE NORMALS FOR TODAY
                         NORMAL    RECORD    YEAR
 MAXIMUM TEMPERATURE (F)   72        MM        MM
 MINIMUM TEMPERATURE (F)   48        MM        MM


SUNRISE AND SUNSET
MARCH 27 2017.........SUNRISE   718 AM EDT   SUNSET   741 PM EDT
MARCH 28 2017.........SUNRISE   716 AM EDT   SUNSET   742 PM EDT


-  INDICATES NEGATIVE NUMBERS.
R  INDICATES RECORD WAS SET OR TIED.
MM INDICATES DATA IS MISSING.
T  INDICATES TRACE AMOUNT.




$$
