787
CDUS43 KUNR 260834
CLICUT


CLIMATE REPORT
NATIONAL WEATHER SERVICE RAPID CITY SD
234 AM MDT TUE JUL 26 2016


...................................

...THE CUSTER COUNTY AIRPORT SD CLIMATE SUMMARY FOR JULY 25 2016...

CLIMATE NORMAL PERIOD 1981 TO 2010
CLIMATE RECORD PERIOD 9999 TO 9999


WEATHER ITEM   OBSERVED TIME   NORMAL DEPARTURE LAST
                VALUE   (LST)  VALUE  FROM      YEAR
                                      NORMAL
......................................................
TEMPERATURE (F)
 YESTERDAY
  MAXIMUM         85    332 PM  80      5       84
  MINIMUM         55    457 AM  52      3       57
  AVERAGE         70            66      4       71

PRECIPITATION (IN)
  YESTERDAY        0.00          0.07  -0.07     0.00
  MONTH TO DATE    1.54          2.00  -0.46     1.02
  SINCE JUN 1      4.24          5.22  -0.98     7.52
  SINCE JAN 1      8.82         12.33  -3.51    16.83

DEGREE DAYS
 HEATING
  YESTERDAY        0             2     -2        0
  MONTH TO DATE   36            54    -18       40
  SINCE JUN 1     92           274   -182      142
  SINCE JUL 1     36            54    -18       40

 COOLING
  YESTERDAY        5             3      2        6
  MONTH TO DATE  102            65     37       55
  SINCE JUN 1    179            90     89       82
  SINCE JAN 1    179            91     88       82
......................................................


WIND (MPH)
  HIGHEST WIND SPEED    26   HIGHEST WIND DIRECTION     E (80)
  HIGHEST GUST SPEED    34   HIGHEST GUST DIRECTION     E (80)
  AVERAGE WIND SPEED     5.5


SKY COVER
  AVERAGE SKY COVER 0.0


WEATHER CONDITIONS
 THE FOLLOWING WEATHER WAS RECORDED YESTERDAY.
  THUNDERSTORM


RELATIVE HUMIDITY (PERCENT)
 HIGHEST    77
 LOWEST     31
 AVERAGE    54

..........................................................




SUNRISE AND SUNSET
JULY 26 2016..........SUNRISE   538 AM MDT   SUNSET   824 PM MDT
JULY 27 2016..........SUNRISE   539 AM MDT   SUNSET   823 PM MDT


-  INDICATES NEGATIVE NUMBERS.
R  INDICATES RECORD WAS SET OR TIED.
MM INDICATES DATA IS MISSING.
T  INDICATES TRACE AMOUNT.




$$
