000
CDUS43 KUNR 190831
CLICUT


CLIMATE REPORT
NATIONAL WEATHER SERVICE RAPID CITY SD
230 AM MDT TUE AUG 19 2014


...................................

...THE CUSTER COUNTY AIRPORT SD CLIMATE SUMMARY FOR AUGUST 18 2014...

CLIMATE NORMAL PERIOD 1981 TO 2010
CLIMATE RECORD PERIOD 9999 TO 9999


WEATHER ITEM   OBSERVED TIME   NORMAL DEPARTURE LAST
                VALUE   (LST)  VALUE  FROM      YEAR
                                      NORMAL
......................................................
TEMPERATURE (F)
 YESTERDAY
  MAXIMUM         80    354 PM  78      2       78
  MINIMUM         52    217 AM  50      2       54
  AVERAGE         66            64      2       66

PRECIPITATION (IN)
  YESTERDAY        0.00          0.07  -0.07     0.00
  MONTH TO DATE    1.61          1.24   0.37     3.89
  SINCE JUN 1      6.50          6.90  -0.40     9.36
  SINCE JAN 1     14.22         14.01   0.21    15.89

DEGREE DAYS
 HEATING
  YESTERDAY        0             3     -3        0
  MONTH TO DATE   10            42    -32       49
  SINCE JUN 1    362           323     39      284
  SINCE JUL 1     89           103    -14       91

 COOLING
  YESTERDAY        1             2     -1        1
  MONTH TO DATE   35            36     -1       12
  SINCE JUN 1    121           142    -21       84
  SINCE JAN 1    125           143    -18       86
......................................................


WIND (MPH)
  HIGHEST WIND SPEED    16   HIGHEST WIND DIRECTION     W (260)
  HIGHEST GUST SPEED    24   HIGHEST GUST DIRECTION    NW (300)
  AVERAGE WIND SPEED     6.9


SKY COVER
  AVERAGE SKY COVER 0.1


WEATHER CONDITIONS
 THE FOLLOWING WEATHER WAS RECORDED YESTERDAY.
  NO SIGNIFICANT WEATHER WAS OBSERVED.


RELATIVE HUMIDITY (PERCENT)
 HIGHEST    93
 LOWEST     21
 AVERAGE    57

..........................................................




SUNRISE AND SUNSET
AUGUST 19 2014........SUNRISE   603 AM MDT   SUNSET   752 PM MDT
AUGUST 20 2014........SUNRISE   605 AM MDT   SUNSET   750 PM MDT


-  INDICATES NEGATIVE NUMBERS.
R  INDICATES RECORD WAS SET OR TIED.
MM INDICATES DATA IS MISSING.
T  INDICATES TRACE AMOUNT.




$$
