000
CDUS43 KUNR 270850
CLICUT


CLIMATE REPORT
NATIONAL WEATHER SERVICE RAPID CITY SD
245 AM MDT WED MAY 27 2015


...................................

...THE CUSTER COUNTY AIRPORT SD CLIMATE SUMMARY FOR MAY 26 2015...

CLIMATE NORMAL PERIOD 1981 TO 2010
CLIMATE RECORD PERIOD 9999 TO 9999


WEATHER ITEM   OBSERVED TIME   NORMAL DEPARTURE LAST
                VALUE   (LST)  VALUE  FROM      YEAR
                                      NORMAL
......................................................
TEMPERATURE (F)
 YESTERDAY
  MAXIMUM         56    954 AM  63     -7       70
  MINIMUM         45   1159 PM  39      6       47
  AVERAGE         51            51      0       59

PRECIPITATION (IN)
  YESTERDAY        0.38          0.10   0.28     0.00
  MONTH TO DATE    5.82          2.56   3.26     2.42
  SINCE MAR 1      8.13          5.69   2.44     5.69
  SINCE JAN 1      8.53          6.55   1.98     7.02

DEGREE DAYS
 HEATING
  YESTERDAY       14            14      0        6
  MONTH TO DATE  533           453     80      461
  SINCE MAR 1   2073          2268   -195     2284
  SINCE JUL 1   7522          8103   -581     8142

 COOLING
  YESTERDAY        0             0      0        0
  MONTH TO DATE    0             0      0        0
  SINCE MAR 1      0             0      0        0
  SINCE JAN 1      0             0      0        0
......................................................


WIND (MPH)
  HIGHEST WIND SPEED    10   HIGHEST WIND DIRECTION    SE (130)
  HIGHEST GUST SPEED    14   HIGHEST GUST DIRECTION    SE (140)
  AVERAGE WIND SPEED     2.4


SKY COVER
  AVERAGE SKY COVER 0.7


WEATHER CONDITIONS
 THE FOLLOWING WEATHER WAS RECORDED YESTERDAY.
  THUNDERSTORM
  HEAVY RAIN
  RAIN
  LIGHT RAIN
  FOG
  FOG W/VISIBILITY <= 1/4 MILE
  HAZE


RELATIVE HUMIDITY (PERCENT)
 HIGHEST   100
 LOWEST     72
 AVERAGE    86

..........................................................




SUNRISE AND SUNSET
MAY 27 2015...........SUNRISE   519 AM MDT   SUNSET   825 PM MDT
MAY 28 2015...........SUNRISE   518 AM MDT   SUNSET   826 PM MDT


-  INDICATES NEGATIVE NUMBERS.
R  INDICATES RECORD WAS SET OR TIED.
MM INDICATES DATA IS MISSING.
T  INDICATES TRACE AMOUNT.




$$
