000
CDUS43 KUNR 300835
CLICUT


CLIMATE REPORT
NATIONAL WEATHER SERVICE RAPID CITY SD
235 AM MDT MON MAY 30 2016


...................................

...THE CUSTER COUNTY AIRPORT SD CLIMATE SUMMARY FOR MAY 29 2016...

CLIMATE NORMAL PERIOD 1981 TO 2010
CLIMATE RECORD PERIOD 9999 TO 9999


WEATHER ITEM   OBSERVED TIME   NORMAL DEPARTURE LAST
                VALUE   (LST)  VALUE  FROM      YEAR
                                      NORMAL
......................................................
TEMPERATURE (F)
 YESTERDAY
  MAXIMUM         70    500 PM  64      6       58
  MINIMUM         37    351 AM  40     -3       39
  AVERAGE         54            52      2       49

PRECIPITATION (IN)
  YESTERDAY        0.00          0.12  -0.12     0.09
  MONTH TO DATE    1.62          2.88  -1.26     6.59
  SINCE MAR 1      3.92          6.01  -2.09     8.90
  SINCE JAN 1      4.53          6.87  -2.34     9.30

DEGREE DAYS
 HEATING
  YESTERDAY       11            13     -2       16
  MONTH TO DATE  493           493      0      569
  SINCE MAR 1   2034          2308   -274     2109
  SINCE JUL 1   7089          8143  -1054     7558

 COOLING
  YESTERDAY        0             0      0        0
  MONTH TO DATE    0             0      0        0
  SINCE MAR 1      0             0      0        0
  SINCE JAN 1      0             0      0        0
......................................................


WIND (MPH)
  HIGHEST WIND SPEED    14   HIGHEST WIND DIRECTION    SW (240)
  HIGHEST GUST SPEED    24   HIGHEST GUST DIRECTION     S (170)
  AVERAGE WIND SPEED     5.1


SKY COVER
  AVERAGE SKY COVER 0.2


WEATHER CONDITIONS
 THE FOLLOWING WEATHER WAS RECORDED YESTERDAY.
  FOG


RELATIVE HUMIDITY (PERCENT)
 HIGHEST    92
 LOWEST     22
 AVERAGE    57

..........................................................




SUNRISE AND SUNSET
MAY 30 2016...........SUNRISE   516 AM MDT   SUNSET   828 PM MDT
MAY 31 2016...........SUNRISE   516 AM MDT   SUNSET   829 PM MDT


-  INDICATES NEGATIVE NUMBERS.
R  INDICATES RECORD WAS SET OR TIED.
MM INDICATES DATA IS MISSING.
T  INDICATES TRACE AMOUNT.




$$
