000
CDUS43 KUNR 261121
CLICUT


CLIMATE REPORT
NATIONAL WEATHER SERVICE RAPID CITY SD
420 AM MST THU FEB 26 2015


...................................

...THE CUSTER COUNTY AIRPORT SD CLIMATE SUMMARY FOR FEBRUARY 25 2015...

CLIMATE NORMAL PERIOD 1981 TO 2010
CLIMATE RECORD PERIOD 9999 TO 9999


WEATHER ITEM   OBSERVED TIME   NORMAL DEPARTURE LAST
                VALUE   (LST)  VALUE  FROM      YEAR
                                      NORMAL
......................................................
TEMPERATURE (F)
 YESTERDAY
  MAXIMUM         37   1223 AM  38     -1       12
  MINIMUM          1   1151 PM  17    -16       -5
  AVERAGE         19            27     -8        4

PRECIPITATION (IN)
  YESTERDAY        T             0.01  -0.01     0.03
  MONTH TO DATE    0.11          0.47  -0.36     0.72
  SINCE DEC 1      0.50          1.18  -0.68     2.07
  SINCE JAN 1      0.35          0.80  -0.45     1.17

DEGREE DAYS
 HEATING
  YESTERDAY       46            38      8       61
  MONTH TO DATE  908           989    -81     1207
  SINCE DEC 1   3178          3543   -365     3605
  SINCE JUL 1   5266          5724   -458     5717

 COOLING
  YESTERDAY        0             0      0        0
  MONTH TO DATE    0             0      0        0
  SINCE DEC 1      0             0      0        0
  SINCE JAN 1      0             0      0        0
......................................................


WIND (MPH)
  HIGHEST WIND SPEED    23   HIGHEST WIND DIRECTION     N (360)
  HIGHEST GUST SPEED    39   HIGHEST GUST DIRECTION    NW (330)
  AVERAGE WIND SPEED     8.6


SKY COVER
  AVERAGE SKY COVER 0.6


WEATHER CONDITIONS
 THE FOLLOWING WEATHER WAS RECORDED YESTERDAY.
  SNOW
  LIGHT SNOW
  FOG


RELATIVE HUMIDITY (PERCENT)
 HIGHEST    80
 LOWEST     46
 AVERAGE    63

..........................................................




SUNRISE AND SUNSET
FEBRUARY 26 2015......SUNRISE   636 AM MST   SUNSET   539 PM MST
FEBRUARY 27 2015......SUNRISE   635 AM MST   SUNSET   540 PM MST


-  INDICATES NEGATIVE NUMBERS.
R  INDICATES RECORD WAS SET OR TIED.
MM INDICATES DATA IS MISSING.
T  INDICATES TRACE AMOUNT.




$$
