880
CDUS43 KUNR 160831
CLICUT


CLIMATE REPORT
NATIONAL WEATHER SERVICE RAPID CITY SD
230 AM MDT WED AUG 16 2017


...................................

...THE CUSTER COUNTY AIRPORT SD CLIMATE SUMMARY FOR AUGUST 15 2017...

CLIMATE NORMAL PERIOD 1981 TO 2010
CLIMATE RECORD PERIOD 9999 TO 9999


WEATHER ITEM   OBSERVED TIME   NORMAL DEPARTURE LAST
                VALUE   (LST)  VALUE  FROM      YEAR
                                      NORMAL
......................................................
TEMPERATURE (F)
 YESTERDAY
  MAXIMUM         69    321 PM  78     -9       80
  MINIMUM         55   1159 PM  51      4       50
  AVERAGE         62            64     -2       65

PRECIPITATION (IN)
  YESTERDAY        0.01          0.07  -0.06     0.11
  MONTH TO DATE    2.05          1.03   1.02     0.78
  SINCE JUN 1      9.63          6.69   2.94     7.31
  SINCE JAN 1     17.51         13.80   3.71    11.89

DEGREE DAYS
 HEATING
  YESTERDAY        3             3      0        0
  MONTH TO DATE   77            33     44       20
  SINCE JUN 1    240           314    -74      119
  SINCE JUL 1     85            94     -9       63

 COOLING
  YESTERDAY        0             2     -2        0
  MONTH TO DATE    2            30    -28       39
  SINCE JUN 1    190           136     54      234
  SINCE JAN 1    190           137     53      234
......................................................


WIND (MPH)
  HIGHEST WIND SPEED    15   HIGHEST WIND DIRECTION     E (90)
  HIGHEST GUST SPEED    23   HIGHEST GUST DIRECTION     S (190)
  AVERAGE WIND SPEED     6.9


SKY COVER
  AVERAGE SKY COVER 0.7


WEATHER CONDITIONS
 THE FOLLOWING WEATHER WAS RECORDED YESTERDAY.
  LIGHT RAIN


RELATIVE HUMIDITY (PERCENT)
 HIGHEST    86
 LOWEST     55
 AVERAGE    71

..........................................................




SUNRISE AND SUNSET
AUGUST 16 2017........SUNRISE   600 AM MDT   SUNSET   756 PM MDT
AUGUST 17 2017........SUNRISE   601 AM MDT   SUNSET   755 PM MDT


-  INDICATES NEGATIVE NUMBERS.
R  INDICATES RECORD WAS SET OR TIED.
MM INDICATES DATA IS MISSING.
T  INDICATES TRACE AMOUNT.




$$
