000
CDUS43 KUNR 200850
CLICUT


CLIMATE REPORT
NATIONAL WEATHER SERVICE RAPID CITY SD
148 AM MST FRI JAN 20 2017


...................................

...THE CUSTER COUNTY AIRPORT SD CLIMATE SUMMARY FOR JANUARY 19 2017...

CLIMATE NORMAL PERIOD 1981 TO 2010
CLIMATE RECORD PERIOD 9999 TO 9999


WEATHER ITEM   OBSERVED TIME   NORMAL DEPARTURE LAST
                VALUE   (LST)  VALUE  FROM      YEAR
                                      NORMAL
......................................................
TEMPERATURE (F)
 YESTERDAY
  MAXIMUM         52   1153 AM  35     17       38
  MINIMUM         25    710 AM  14     11       23
  AVERAGE         39            24     15       31

PRECIPITATION (IN)
  YESTERDAY        0.00          0.01  -0.01     0.00
  MONTH TO DATE    0.24          0.18   0.06     0.03
  SINCE DEC 1      1.52          0.56   0.96     0.41
  SINCE JAN 1      0.24          0.18   0.06     0.03

DEGREE DAYS
 HEATING
  YESTERDAY       26            41    -15       34
  MONTH TO DATE  856           779     77      732
  SINCE DEC 1   2313          2068    245     1933
  SINCE JUL 1   3932          4249   -317     3721

 COOLING
  YESTERDAY        0             0      0        0
  MONTH TO DATE    0             0      0        0
  SINCE DEC 1      0             0      0        0
  SINCE JAN 1      0             0      0        0
......................................................


WIND (MPH)
  HIGHEST WIND SPEED    17   HIGHEST WIND DIRECTION     W (270)
  HIGHEST GUST SPEED    22   HIGHEST GUST DIRECTION     W (270)
  AVERAGE WIND SPEED     5.8


SKY COVER
  AVERAGE SKY COVER 0.0


WEATHER CONDITIONS
 THE FOLLOWING WEATHER WAS RECORDED YESTERDAY.
  HAZE


RELATIVE HUMIDITY (PERCENT)
 HIGHEST    69
 LOWEST     22
 AVERAGE    46

..........................................................




SUNRISE AND SUNSET
JANUARY 20 2017.......SUNRISE   722 AM MST   SUNSET   450 PM MST
JANUARY 21 2017.......SUNRISE   721 AM MST   SUNSET   451 PM MST


-  INDICATES NEGATIVE NUMBERS.
R  INDICATES RECORD WAS SET OR TIED.
MM INDICATES DATA IS MISSING.
T  INDICATES TRACE AMOUNT.




$$
