000
CDUS41 KILN 052153
CLICVG


CLIMATE REPORT
NATIONAL WEATHER SERVICE WILMINGTON OH
453 PM EST THU MAR 5 2015


...................................

...THE CINCINNATI OH CLIMATE SUMMARY FOR MARCH 5 2015...
VALID TODAY AS OF 0400 PM LOCAL TIME.

CLIMATE NORMAL PERIOD 1981 TO 2010
CLIMATE RECORD PERIOD 1869 TO 2015


WEATHER ITEM   OBSERVED TIME   RECORD YEAR NORMAL DEPARTURE LAST
                VALUE   (LST)  VALUE       VALUE  FROM      YEAR
                                                  NORMAL
..................................................................
TEMPERATURE (F)
 TODAY
  MAXIMUM         24    406 PM  78    1983  49    -25       38
  MINIMUM         18    736 AM  -4    1978  31    -13       19
  AVERAGE         21                        40    -19       29

PRECIPITATION (IN)
  TODAY            0.03          4.97 1897   0.11  -0.08     0.00
  MONTH TO DATE    2.31                      0.53   1.78     0.57
  SINCE MAR 1      2.31                      0.53   1.78     0.57
  SINCE JAN 1      6.46                      6.34   0.12     6.11

SNOWFALL (IN)
  TODAY            0.6           2.5  2013   0.2    0.4      0.0
  MONTH TO DATE    4.9                       0.7    4.2      2.2
  SINCE MAR 1      4.9                       0.7    4.2      2.2
  SINCE JUL 1     29.9                      19.3   10.6     45.8
  SNOW DEPTH       4

DEGREE DAYS
 HEATING
  TODAY           44                        25     19       36
  MONTH TO DATE  176                       130     46      187
  SINCE MAR 1    176                       130     46      187
  SINCE JUL 1   4403                      3957    446     4431

 COOLING
  TODAY            0                         0      0        0
  MONTH TO DATE    0                         0      0        0
  SINCE MAR 1      0                         0      0        0
  SINCE JAN 1      0                         0      0        0
..................................................................


WIND (MPH)
  HIGHEST WIND SPEED    25   HIGHEST WIND DIRECTION     N (10)
  HIGHEST GUST SPEED    30   HIGHEST GUST DIRECTION     N (10)
  AVERAGE WIND SPEED    12.2


SKY COVER
  POSSIBLE SUNSHINE  MM
  AVERAGE SKY COVER 0.9


WEATHER CONDITIONS
 THE FOLLOWING WEATHER WAS RECORDED TODAY.
  LIGHT SNOW
  FOG
  HAZE


RELATIVE HUMIDITY (PERCENT)
 HIGHEST    77          1200 AM
 LOWEST     46           300 PM
 AVERAGE    62

..........................................................


THE CINCINNATI OH CLIMATE NORMALS FOR TOMORROW
                         NORMAL    RECORD    YEAR
 MAXIMUM TEMPERATURE (F)   49        74      1973
                                             1910
 MINIMUM TEMPERATURE (F)   31         2      1960


SUNRISE AND SUNSET
MARCH  5 2015.........SUNRISE   706 AM EST   SUNSET   635 PM EST
MARCH  6 2015.........SUNRISE   704 AM EST   SUNSET   636 PM EST


-  INDICATES NEGATIVE NUMBERS.
R  INDICATES RECORD WAS SET OR TIED.
MM INDICATES DATA IS MISSING.
T  INDICATES TRACE AMOUNT.




$$
