000
CDUS41 KILN 230539
CLICVG


CLIMATE REPORT
NATIONAL WEATHER SERVICE WILMINGTON OH
138 AM EDT WED APR 23 2014


...................................

...THE CINCINNATI OH CLIMATE SUMMARY FOR APRIL 22 2014...

CLIMATE NORMAL PERIOD 1981 TO 2010
CLIMATE RECORD PERIOD 1869 TO 2014


WEATHER ITEM   OBSERVED TIME   RECORD YEAR NORMAL DEPARTURE LAST
                VALUE   (LST)  VALUE       VALUE  FROM      YEAR
                                                  NORMAL
..................................................................
TEMPERATURE (F)
 YESTERDAY
  MAXIMUM         70   1252 PM  86    1985  67      3       69
                                      1946
  MINIMUM         45   1151 PM  28    1986  46     -1       40
  AVERAGE         58                        56      2       55

PRECIPITATION (IN)
  YESTERDAY        T             1.76 1887   0.13  -0.13     0.00
  MONTH TO DATE    4.84                      2.80   2.04     2.32
  SINCE MAR 1      7.25                      6.76   0.49     6.23
  SINCE JAN 1     12.79                     12.57   0.22    11.83

SNOWFALL (IN)
  YESTERDAY        0.0           0.1  1893   0.0    0.0      0.0
  MONTH TO DATE    0.6                       0.5    0.1       T
  SINCE MAR 1      3.9                       3.5    0.4      8.8
  SINCE JUL 1     47.5                      22.1   25.4     25.2
  SNOW DEPTH       0

DEGREE DAYS
 HEATING
  YESTERDAY        7                         9     -2       10
  MONTH TO DATE  231                       277    -46      244
  SINCE MAR 1   1013                       943     70     1099
  SINCE JUL 1   5257                      4770    487     4809

 COOLING
  YESTERDAY        0                         1     -1        0
  MONTH TO DATE    7                        10     -3       23
  SINCE MAR 1      7                        10     -3       23
  SINCE JAN 1      7                        10     -3       23
..................................................................


WIND (MPH)
  RESULTANT WIND SPEED  11   RESULTANT WIND DIRECTION  NW (300)
  HIGHEST WIND SPEED    24   HIGHEST WIND DIRECTION    NW (330)
  HIGHEST GUST SPEED    31   HIGHEST GUST DIRECTION     W (280)
  AVERAGE WIND SPEED    12.0


SKY COVER
  POSSIBLE SUNSHINE  MM
  AVERAGE SKY COVER 0.6


WEATHER CONDITIONS
 THE FOLLOWING WEATHER WAS RECORDED YESTERDAY.
  LIGHT RAIN
  HAZE


RELATIVE HUMIDITY (PERCENT)
 HIGHEST    84           700 AM
 LOWEST     28           400 PM
 AVERAGE    56

..........................................................


THE CINCINNATI OH CLIMATE NORMALS FOR TODAY
                         NORMAL    RECORD    YEAR
 MAXIMUM TEMPERATURE (F)   67        88      1925
 MINIMUM TEMPERATURE (F)   46        23      1986


SUNRISE AND SUNSET
APRIL 23 2014.........SUNRISE   651 AM EDT   SUNSET   824 PM EDT
APRIL 24 2014.........SUNRISE   649 AM EDT   SUNSET   825 PM EDT


-  INDICATES NEGATIVE NUMBERS.
R  INDICATES RECORD WAS SET OR TIED.
MM INDICATES DATA IS MISSING.
T  INDICATES TRACE AMOUNT.




$$
