000
CDUS41 KILN 210535
CLICVG


CLIMATE REPORT
NATIONAL WEATHER SERVICE WILMINGTON OH
134 AM EDT FRI JUL 21 2017


...................................

...THE CINCINNATI OH CLIMATE SUMMARY FOR JULY 20 2017...

CLIMATE NORMAL PERIOD 1981 TO 2010
CLIMATE RECORD PERIOD 1869 TO 2017


WEATHER ITEM   OBSERVED TIME   RECORD YEAR NORMAL DEPARTURE LAST
                VALUE   (LST)  VALUE       VALUE  FROM      YEAR
                                                  NORMAL
..................................................................
TEMPERATURE (F)
 YESTERDAY
  MAXIMUM         90    540 PM 105    1934  86      4       91
  MINIMUM         66    410 AM  50    1947  66      0       70
                                      1929
  AVERAGE         78                        76      2       81

PRECIPITATION (IN)
  YESTERDAY        T             3.77 1925   0.12  -0.12     0.00
  MONTH TO DATE    2.13                      2.40  -0.27     2.57
  SINCE JUN 1      7.38                      6.43   0.95     5.06
  SINCE JAN 1     30.78                     25.02   5.76    24.67

SNOWFALL (IN)
  YESTERDAY        0.0           0.0    MM   0.0    0.0      0.0
  MONTH TO DATE    0.0                       0.0    0.0      0.0
  SINCE JUN 1      0.0                       0.0    0.0      0.0
  SINCE JUL 1      0.0                       0.0    0.0      0.0
  SNOW DEPTH       0

DEGREE DAYS
 HEATING
  YESTERDAY        0                         0      0        0
  MONTH TO DATE    0                         0      0        0
  SINCE JUN 1      7                        15     -8        2
  SINCE JUL 1      0                         0      0        0

 COOLING
  YESTERDAY       13                        11      2       16
  MONTH TO DATE  219                       218      1      210
  SINCE JUN 1    420                       444    -24      493
  SINCE JAN 1    554                       538     16      586
..................................................................


WIND (MPH)
  RESULTANT WIND SPEED   5   RESULTANT WIND DIRECTION  SW (230)
  HIGHEST WIND SPEED    16   HIGHEST WIND DIRECTION    SW (230)
  HIGHEST GUST SPEED    22   HIGHEST GUST DIRECTION    SW (220)
  AVERAGE WIND SPEED     5.2


SKY COVER
  POSSIBLE SUNSHINE  MM
  AVERAGE SKY COVER 0.7


WEATHER CONDITIONS
 THE FOLLOWING WEATHER WAS RECORDED YESTERDAY.
  LIGHT RAIN
  FOG


RELATIVE HUMIDITY (PERCENT)
 HIGHEST   100           300 AM
 LOWEST     63           700 PM
 AVERAGE    82

..........................................................


THE CINCINNATI OH CLIMATE NORMALS FOR TODAY
                         NORMAL    RECORD    YEAR
 MAXIMUM TEMPERATURE (F)   86       108      1934
 MINIMUM TEMPERATURE (F)   66        50      1970


SUNRISE AND SUNSET
JULY 21 2017..........SUNRISE   630 AM EDT   SUNSET   900 PM EDT
JULY 22 2017..........SUNRISE   631 AM EDT   SUNSET   859 PM EDT


-  INDICATES NEGATIVE NUMBERS.
R  INDICATES RECORD WAS SET OR TIED.
MM INDICATES DATA IS MISSING.
T  INDICATES TRACE AMOUNT.




$$
