000
CDUS41 KILN 310548
CLICVG


CLIMATE REPORT
NATIONAL WEATHER SERVICE WILMINGTON OH
147 AM EDT TUE MAY 31 2016


...................................

...THE CINCINNATI OH CLIMATE SUMMARY FOR MAY 30 2016...

CLIMATE NORMAL PERIOD 1981 TO 2010
CLIMATE RECORD PERIOD 1869 TO 2016


WEATHER ITEM   OBSERVED TIME   RECORD YEAR NORMAL DEPARTURE LAST
                VALUE   (LST)  VALUE       VALUE  FROM      YEAR
                                                  NORMAL
..................................................................
TEMPERATURE (F)
 YESTERDAY
  MAXIMUM         87    328 PM  94    1874  78      9       85
  MINIMUM         63   1144 PM  38    1984  57      6       67
                                      1947
  AVERAGE         75                        68      7       76

PRECIPITATION (IN)
  YESTERDAY        0.00          1.80 1871   0.15  -0.15      T
  MONTH TO DATE    2.80                      4.77  -1.97     1.58
  SINCE MAR 1     12.98                     12.62   0.36    13.03
  SINCE JAN 1     19.61                     18.43   1.18    17.18

SNOWFALL (IN)
  YESTERDAY        0.0           0.0    MM   0.0    0.0      0.0
  MONTH TO DATE    0.0                       0.0    0.0      0.0
  SINCE MAR 1      2.3                       3.5   -1.2      4.9
  SINCE JUL 1     19.2                      22.1   -2.9     29.9
  SNOW DEPTH       0

DEGREE DAYS
 HEATING
  YESTERDAY        0                         2     -2        0
  MONTH TO DATE  161                       124     37       67
  SINCE MAR 1    926                      1131   -205     1049
  SINCE JUL 1   4134                      4958   -824     5276

 COOLING
  YESTERDAY       10                         4      6       11
  MONTH TO DATE   65                        72     -7      144
  SINCE MAR 1     83                        90     -7      149
  SINCE JAN 1     83                        90     -7      149
..................................................................


WIND (MPH)
  RESULTANT WIND SPEED   3   RESULTANT WIND DIRECTION  NW (330)
  HIGHEST WIND SPEED    14   HIGHEST WIND DIRECTION     N (350)
  HIGHEST GUST SPEED    14   HIGHEST GUST DIRECTION     N (350)
  AVERAGE WIND SPEED     4.6


SKY COVER
  POSSIBLE SUNSHINE  MM
  AVERAGE SKY COVER 0.5


WEATHER CONDITIONS
 THE FOLLOWING WEATHER WAS RECORDED YESTERDAY.
  FOG


RELATIVE HUMIDITY (PERCENT)
 HIGHEST   100           600 AM
 LOWEST     32           500 PM
 AVERAGE    66

..........................................................


THE CINCINNATI OH CLIMATE NORMALS FOR TODAY
                         NORMAL    RECORD    YEAR
 MAXIMUM TEMPERATURE (F)   78        95      1937
 MINIMUM TEMPERATURE (F)   58        37      1984


SUNRISE AND SUNSET
MAY 31 2016...........SUNRISE   615 AM EDT   SUNSET   858 PM EDT
JUNE  1 2016..........SUNRISE   615 AM EDT   SUNSET   859 PM EDT


-  INDICATES NEGATIVE NUMBERS.
R  INDICATES RECORD WAS SET OR TIED.
MM INDICATES DATA IS MISSING.
T  INDICATES TRACE AMOUNT.




$$
