000
CDUS41 KILN 230535
CLICVG


CLIMATE REPORT
NATIONAL WEATHER SERVICE WILMINGTON OH
135 AM EDT THU MAR 23 2017


...................................

...THE CINCINNATI OH CLIMATE SUMMARY FOR MARCH 22 2017...

CLIMATE NORMAL PERIOD 1981 TO 2010
CLIMATE RECORD PERIOD 1869 TO 2017


WEATHER ITEM   OBSERVED TIME   RECORD YEAR NORMAL DEPARTURE LAST
                VALUE   (LST)  VALUE       VALUE  FROM      YEAR
                                                  NORMAL
..................................................................
TEMPERATURE (F)
 YESTERDAY
  MAXIMUM         43    429 PM  85    1907  56    -13       65
  MINIMUM         29    732 AM  10    1885  36     -7       35
  AVERAGE         36                        46    -10       50

PRECIPITATION (IN)
  YESTERDAY        0.00          2.03 1904   0.15  -0.15     0.00
  MONTH TO DATE    3.25                      2.70   0.55     2.53
  SINCE MAR 1      3.25                      2.70   0.55     2.53
  SINCE JAN 1     10.47                      8.51   1.96     9.16

SNOWFALL (IN)
  YESTERDAY        0.0           9.8  1968   0.1   -0.1      0.0
  MONTH TO DATE    2.0                       2.5   -0.5      2.3
  SINCE MAR 1      2.0                       2.5   -0.5      2.3
  SINCE JUL 1     10.0                      21.1  -11.1     19.2
  SNOW DEPTH       0

DEGREE DAYS
 HEATING
  YESTERDAY       29                        19     10       15
  MONTH TO DATE  550                       507     43      350
  SINCE MAR 1    550                       507     43      350
  SINCE JUL 1   3630                      4334   -704     3558

 COOLING
  YESTERDAY        0                         0      0        0
  MONTH TO DATE    0                         0      0        0
  SINCE MAR 1      0                         0      0        0
  SINCE JAN 1      0                         0      0        0
..................................................................


WIND (MPH)
  RESULTANT WIND SPEED  13   RESULTANT WIND DIRECTION  NE (40)
  HIGHEST WIND SPEED    24   HIGHEST WIND DIRECTION     N (10)
  HIGHEST GUST SPEED    28   HIGHEST GUST DIRECTION     N (10)
  AVERAGE WIND SPEED    14.0


SKY COVER
  POSSIBLE SUNSHINE  MM
  AVERAGE SKY COVER 0.1


WEATHER CONDITIONS
 THE FOLLOWING WEATHER WAS RECORDED YESTERDAY.
  HAZE


RELATIVE HUMIDITY (PERCENT)
 HIGHEST    64           300 AM
 LOWEST     33           500 PM
 AVERAGE    49

..........................................................


THE CINCINNATI OH CLIMATE NORMALS FOR TODAY
                         NORMAL    RECORD    YEAR
 MAXIMUM TEMPERATURE (F)   56        84      1907
 MINIMUM TEMPERATURE (F)   36        11      1885


SUNRISE AND SUNSET
MARCH 23 2017.........SUNRISE   737 AM EDT   SUNSET   754 PM EDT
MARCH 24 2017.........SUNRISE   735 AM EDT   SUNSET   755 PM EDT


-  INDICATES NEGATIVE NUMBERS.
R  INDICATES RECORD WAS SET OR TIED.
MM INDICATES DATA IS MISSING.
T  INDICATES TRACE AMOUNT.




$$
