000
CDUS41 KILN 252154
CLICVG


CLIMATE REPORT
NATIONAL WEATHER SERVICE WILMINGTON OH
453 PM EST SUN FEB 25 2018


...................................

...THE CINCINNATI OH CLIMATE SUMMARY FOR FEBRUARY 25 2018...
VALID TODAY AS OF 0400 PM LOCAL TIME.

CLIMATE NORMAL PERIOD 1981 TO 2010
CLIMATE RECORD PERIOD 1869 TO 2018


WEATHER ITEM   OBSERVED TIME   RECORD YEAR NORMAL DEPARTURE LAST
                VALUE   (LST)  VALUE       VALUE  FROM      YEAR
                                                  NORMAL
..................................................................
TEMPERATURE (F)
 TODAY
  MAXIMUM         60    430 AM  75    2000  46     14       52
  MINIMUM         45    958 AM  -7    1967  28     17       28
  AVERAGE         53                        37     16       40

PRECIPITATION (IN)
  TODAY            0.27          1.55 1961   0.10   0.17      T
  MONTH TO DATE    7.79                      2.51   5.28     1.92
  SINCE DEC 1     12.39                      8.88   3.51    10.02
  SINCE JAN 1     10.00                      5.51   4.49     5.59

SNOWFALL (IN)
  TODAY            0.0           6.7  1993   0.2   -0.2       T
  MONTH TO DATE    1.6                       6.0   -4.4      1.6
  SINCE DEC 1     11.6                      17.3   -5.7      8.0
  SINCE JUL 1     11.6                      18.1   -6.5      8.0
  SNOW DEPTH       0

DEGREE DAYS
 HEATING
  TODAY           12                        28    -16       25
  MONTH TO DATE  622                       773   -151      517
  SINCE DEC 1   2744                      2785    -41     2334
  SINCE JUL 1   3635                      3745   -110     3016

 COOLING
  TODAY            0                         0      0        0
  MONTH TO DATE    5                         0      5        0
  SINCE DEC 1      5                         0      5        0
  SINCE JAN 1      5                         0      5        0
..................................................................


WIND (MPH)
  HIGHEST WIND SPEED    28   HIGHEST WIND DIRECTION     W (280)
  HIGHEST GUST SPEED    35   HIGHEST GUST DIRECTION     W (290)
  AVERAGE WIND SPEED    14.0


SKY COVER
  POSSIBLE SUNSHINE  MM
  AVERAGE SKY COVER 0.9


WEATHER CONDITIONS
 THE FOLLOWING WEATHER WAS RECORDED TODAY.
  RAIN
  LIGHT RAIN
  FOG


RELATIVE HUMIDITY (PERCENT)
 HIGHEST   100          1200 AM
 LOWEST     56           400 PM
 AVERAGE    78

..........................................................


THE CINCINNATI OH CLIMATE NORMALS FOR TOMORROW
                         NORMAL    RECORD    YEAR
 MAXIMUM TEMPERATURE (F)   46        73      2000
                                             1944
 MINIMUM TEMPERATURE (F)   29        -1      1950


SUNRISE AND SUNSET
FEBRUARY 25 2018......SUNRISE   717 AM EST   SUNSET   627 PM EST
FEBRUARY 26 2018......SUNRISE   715 AM EST   SUNSET   628 PM EST


-  INDICATES NEGATIVE NUMBERS.
R  INDICATES RECORD WAS SET OR TIED.
MM INDICATES DATA IS MISSING.
T  INDICATES TRACE AMOUNT.




$$
