000
CDUS41 KILN 130534
CLICVG


CLIMATE REPORT
NATIONAL WEATHER SERVICE WILMINGTON OH
1234 AM EST SAT FEB 13 2016


...................................

...THE CINCINNATI OH CLIMATE SUMMARY FOR FEBRUARY 12 2016...

CLIMATE NORMAL PERIOD 1981 TO 2010
CLIMATE RECORD PERIOD 1869 TO 2016


WEATHER ITEM   OBSERVED TIME   RECORD YEAR NORMAL DEPARTURE LAST
                VALUE   (LST)  VALUE       VALUE  FROM      YEAR
                                                  NORMAL
..................................................................
TEMPERATURE (F)
 YESTERDAY
  MAXIMUM         28    508 PM  69    1984  42    -14       32
  MINIMUM         18    214 AM -10    1981  25     -7       20
  AVERAGE         23                        34    -11       26

PRECIPITATION (IN)
  YESTERDAY        0.01          1.14 1894   0.10  -0.09     0.01
  MONTH TO DATE    2.18                      1.24   0.94     0.38
  SINCE DEC 1      9.66                      7.61   2.05     6.33
  SINCE JAN 1      3.57                      4.24  -0.67     2.73

SNOWFALL (IN)
  YESTERDAY        0.2           6.0  1985   0.3   -0.1      0.3
  MONTH TO DATE    5.0                       3.2    1.8      1.4
  SINCE DEC 1     13.5                      14.5   -1.0      2.7
  SINCE JUL 1     13.5                      15.3   -1.8      7.8
  SNOW DEPTH       2

DEGREE DAYS
 HEATING
  YESTERDAY       42                        31     11       39
  MONTH TO DATE  388                       389     -1      380
  SINCE DEC 1   2027                      2401   -374     2297
  SINCE JUL 1   2772                      3361   -589     3435

 COOLING
  YESTERDAY        0                         0      0        0
  MONTH TO DATE    0                         0      0        0
  SINCE DEC 1      0                         0      0        0
  SINCE JAN 1      0                         0      0        0
..................................................................


WIND (MPH)
  RESULTANT WIND SPEED   4   RESULTANT WIND DIRECTION   W (260)
  HIGHEST WIND SPEED    30   HIGHEST WIND DIRECTION    NW (300)
  HIGHEST GUST SPEED    36   HIGHEST GUST DIRECTION    NW (300)
  AVERAGE WIND SPEED    11.0


SKY COVER
  POSSIBLE SUNSHINE  MM
  AVERAGE SKY COVER 1.0


WEATHER CONDITIONS
 THE FOLLOWING WEATHER WAS RECORDED YESTERDAY.
  LIGHT SNOW


RELATIVE HUMIDITY (PERCENT)
 HIGHEST    81          1100 AM
 LOWEST     56           200 AM
 AVERAGE    69

..........................................................


THE CINCINNATI OH CLIMATE NORMALS FOR TODAY
                         NORMAL    RECORD    YEAR
 MAXIMUM TEMPERATURE (F)   42        71      1938
 MINIMUM TEMPERATURE (F)   26       -11      1899


SUNRISE AND SUNSET
FEBRUARY 13 2016......SUNRISE   733 AM EST   SUNSET   613 PM EST
FEBRUARY 14 2016......SUNRISE   732 AM EST   SUNSET   614 PM EST


-  INDICATES NEGATIVE NUMBERS.
R  INDICATES RECORD WAS SET OR TIED.
MM INDICATES DATA IS MISSING.
T  INDICATES TRACE AMOUNT.




$$
