000
CDUS41 KILN 270558
CLICVG


CLIMATE REPORT
NATIONAL WEATHER SERVICE WILMINGTON OH
157 AM EDT SAT MAY 27 2017


...................................

...THE CINCINNATI OH CLIMATE SUMMARY FOR MAY 26 2017...

CLIMATE NORMAL PERIOD 1981 TO 2010
CLIMATE RECORD PERIOD 1869 TO 2017


WEATHER ITEM   OBSERVED TIME   RECORD YEAR NORMAL DEPARTURE LAST
                VALUE   (LST)  VALUE       VALUE  FROM      YEAR
                                                  NORMAL
..................................................................
TEMPERATURE (F)
 YESTERDAY
  MAXIMUM         78    352 PM  95    1911  76      2       79
  MINIMUM         48    535 AM  37    1983  56     -8       63
  AVERAGE         63                        66     -3       71

PRECIPITATION (IN)
  YESTERDAY        0.00          2.78 1879   0.16  -0.16     0.09
  MONTH TO DATE    5.95                      4.13   1.82     2.80
  SINCE MAR 1     15.92                     11.98   3.94    12.98
  SINCE JAN 1     23.14                     17.79   5.35    19.61

SNOWFALL (IN)
  YESTERDAY        0.0           0.0    MM   0.0    0.0      0.0
  MONTH TO DATE    0.0                       0.0    0.0      0.0
  SINCE MAR 1      2.0                       3.5   -1.5      2.3
  SINCE JUL 1     10.0                      22.1  -12.1     19.2
  SNOW DEPTH       0

DEGREE DAYS
 HEATING
  YESTERDAY        2                         2      0        0
  MONTH TO DATE  138                       116     22      161
  SINCE MAR 1    930                      1123   -193      926
  SINCE JUL 1   4010                      4950   -940     4134

 COOLING
  YESTERDAY        0                         4     -4        6
  MONTH TO DATE   57                        56      1       27
  SINCE MAR 1    109                        74     35       45
  SINCE JAN 1    109                        74     35       45
..................................................................


WIND (MPH)
  RESULTANT WIND SPEED   6   RESULTANT WIND DIRECTION  SW (210)
  HIGHEST WIND SPEED    14   HIGHEST WIND DIRECTION    SW (210)
  HIGHEST GUST SPEED    19   HIGHEST GUST DIRECTION     S (160)
  AVERAGE WIND SPEED     7.5


SKY COVER
  POSSIBLE SUNSHINE  MM
  AVERAGE SKY COVER 0.4


WEATHER CONDITIONS
 THE FOLLOWING WEATHER WAS RECORDED YESTERDAY.
  NO SIGNIFICANT WEATHER WAS OBSERVED.


RELATIVE HUMIDITY (PERCENT)
 HIGHEST   100           600 AM
 LOWEST     48           400 PM
 AVERAGE    74

..........................................................


THE CINCINNATI OH CLIMATE NORMALS FOR TODAY
                         NORMAL    RECORD    YEAR
 MAXIMUM TEMPERATURE (F)   77        95      1911
 MINIMUM TEMPERATURE (F)   57        34      1961


SUNRISE AND SUNSET
MAY 27 2017...........SUNRISE   617 AM EDT   SUNSET   855 PM EDT
MAY 28 2017...........SUNRISE   616 AM EDT   SUNSET   856 PM EDT


-  INDICATES NEGATIVE NUMBERS.
R  INDICATES RECORD WAS SET OR TIED.
MM INDICATES DATA IS MISSING.
T  INDICATES TRACE AMOUNT.




$$
