000
CDUS41 KILN 230537
CLICVG


CLIMATE REPORT
NATIONAL WEATHER SERVICE WILMINGTON OH
1236 AM EST THU NOV 23 2017


...................................

...THE CINCINNATI OH CLIMATE SUMMARY FOR NOVEMBER 22 2017...

CLIMATE NORMAL PERIOD 1981 TO 2010
CLIMATE RECORD PERIOD 1869 TO 2017


WEATHER ITEM   OBSERVED TIME   RECORD YEAR NORMAL DEPARTURE LAST
                VALUE   (LST)  VALUE       VALUE  FROM      YEAR
                                                  NORMAL
..................................................................
TEMPERATURE (F)
 YESTERDAY
  MAXIMUM         40    308 PM  76    1931  51    -11       44
                                      1913
  MINIMUM         26    745 AM   6    1880  34     -8       24
  AVERAGE         33                        42     -9       34

PRECIPITATION (IN)
  YESTERDAY        0.00          1.82 1874   0.12  -0.12     0.00
  MONTH TO DATE    3.98                      2.47   1.51     0.38
  SINCE SEP 1     11.19                      8.40   2.79     5.79
  SINCE JAN 1     47.98                     38.19   9.79    38.87

SNOWFALL (IN)
  YESTERDAY        0.0           0.3  1929   0.0    0.0      0.0
  MONTH TO DATE    0.0                       0.2   -0.2       T
  SINCE SEP 1      T                         0.6   -0.6       T
  SINCE JUL 1      T                         0.6   -0.6       T
  SNOW DEPTH       0

DEGREE DAYS
 HEATING
  YESTERDAY       32                        23      9       31
  MONTH TO DATE  430                       402     28      355
  SINCE SEP 1    729                       764    -35      524
  SINCE JUL 1    730                       764    -34      524

 COOLING
  YESTERDAY        0                         0      0        0
  MONTH TO DATE    3                         0      3        6
  SINCE SEP 1    180                       153     27      302
  SINCE JAN 1   1111                      1121    -10     1477
..................................................................


WIND (MPH)
  RESULTANT WIND SPEED   5   RESULTANT WIND DIRECTION   N (340)
  HIGHEST WIND SPEED    16   HIGHEST WIND DIRECTION    NW (310)
  HIGHEST GUST SPEED    20   HIGHEST GUST DIRECTION    NW (310)
  AVERAGE WIND SPEED     6.3


SKY COVER
  POSSIBLE SUNSHINE  MM
  AVERAGE SKY COVER 0.3


WEATHER CONDITIONS
 THE FOLLOWING WEATHER WAS RECORDED YESTERDAY.
  NO SIGNIFICANT WEATHER WAS OBSERVED.


RELATIVE HUMIDITY (PERCENT)
 HIGHEST    92           100 AM
 LOWEST     54           300 PM
 AVERAGE    73

..........................................................


THE CINCINNATI OH CLIMATE NORMALS FOR TODAY
                         NORMAL    RECORD    YEAR
 MAXIMUM TEMPERATURE (F)   50        75      1931
 MINIMUM TEMPERATURE (F)   34         6      1880


SUNRISE AND SUNSET
NOVEMBER 23 2017......SUNRISE   731 AM EST   SUNSET   519 PM EST
NOVEMBER 24 2017......SUNRISE   732 AM EST   SUNSET   519 PM EST


-  INDICATES NEGATIVE NUMBERS.
R  INDICATES RECORD WAS SET OR TIED.
MM INDICATES DATA IS MISSING.
T  INDICATES TRACE AMOUNT.




$$
