000
CDUS41 KILN 030541
CLICVG


CLIMATE REPORT
NATIONAL WEATHER SERVICE WILMINGTON OH
136 AM EDT WED JUN 3 2015


...................................

...THE CINCINNATI OH CLIMATE SUMMARY FOR JUNE 2 2015...

CLIMATE NORMAL PERIOD 1981 TO 2010
CLIMATE RECORD PERIOD 1869 TO 2015


WEATHER ITEM   OBSERVED TIME   RECORD YEAR NORMAL DEPARTURE LAST
                VALUE   (LST)  VALUE       VALUE  FROM      YEAR
                                                  NORMAL
..................................................................
TEMPERATURE (F)
 YESTERDAY
  MAXIMUM         62    427 PM  94    1895  79    -17       81
  MINIMUM         53    743 AM  45    1966  58     -5       69
                                      1964
  AVERAGE         58                        68    -10       75

PRECIPITATION (IN)
  YESTERDAY        0.00          1.67 1947   0.15  -0.15     0.29
  MONTH TO DATE    0.15                      0.30  -0.15     0.74
  SINCE JUN 1      0.15                      0.30  -0.15     0.74
  SINCE JAN 1     17.38                     18.89  -1.51    18.21

SNOWFALL (IN)
  YESTERDAY        0.0           0.0         0.0    0.0      0.0
  MONTH TO DATE    0.0                       0.0    0.0      0.0
  SINCE JUN 1      0.0                       0.0    0.0      0.0
  SINCE JUL 1     29.9                      22.1    7.8     47.5
  SNOW DEPTH       0

DEGREE DAYS
 HEATING
  YESTERDAY        7                         1      6        0
  MONTH TO DATE   16                         3     13        0
  SINCE JUN 1     16                         3     13        0
  SINCE JUL 1   5293                      4963    330     5406

 COOLING
  YESTERDAY        0                         5     -5       10
  MONTH TO DATE    0                        10    -10       21
  SINCE JUN 1      0                        10    -10       21
  SINCE JAN 1    149                       104     45      155
..................................................................


WIND (MPH)
  RESULTANT WIND SPEED   7   RESULTANT WIND DIRECTION  NE (40)
  HIGHEST WIND SPEED    14   HIGHEST WIND DIRECTION    NE (30)
  HIGHEST GUST SPEED    16   HIGHEST GUST DIRECTION    NE (50)
  AVERAGE WIND SPEED     6.6


SKY COVER
  POSSIBLE SUNSHINE  MM
  AVERAGE SKY COVER 1.0


WEATHER CONDITIONS
 THE FOLLOWING WEATHER WAS RECORDED YESTERDAY.
  FOG
  HAZE


RELATIVE HUMIDITY (PERCENT)
 HIGHEST    83           100 AM
 LOWEST     67           400 PM
 AVERAGE    75

..........................................................


THE CINCINNATI OH CLIMATE NORMALS FOR TODAY
                         NORMAL    RECORD    YEAR
 MAXIMUM TEMPERATURE (F)   79        97      1895
 MINIMUM TEMPERATURE (F)   59        40      1929


SUNRISE AND SUNSET
JUNE  3 2015..........SUNRISE   614 AM EDT   SUNSET   900 PM EDT
JUNE  4 2015..........SUNRISE   614 AM EDT   SUNSET   900 PM EDT


-  INDICATES NEGATIVE NUMBERS.
R  INDICATES RECORD WAS SET OR TIED.
MM INDICATES DATA IS MISSING.
T  INDICATES TRACE AMOUNT.




$$
