000
CDUS41 KILN 310629
CLICVG


CLIMATE REPORT
NATIONAL WEATHER SERVICE WILMINGTON OH
229 AM EDT MON AUG 31 2015


...................................

...THE CINCINNATI OH CLIMATE SUMMARY FOR AUGUST 30 2015...

CLIMATE NORMAL PERIOD 1981 TO 2010
CLIMATE RECORD PERIOD 1869 TO 2015


WEATHER ITEM   OBSERVED TIME   RECORD YEAR NORMAL DEPARTURE LAST
                VALUE   (LST)  VALUE       VALUE  FROM      YEAR
                                                  NORMAL
..................................................................
TEMPERATURE (F)
 YESTERDAY
  MAXIMUM         86    340 PM  96    1962  84      2       87
                                      1953
                                      1932
  MINIMUM         64    544 AM  45    1915  63      1       69
  AVERAGE         75                        73      2       78

PRECIPITATION (IN)
  YESTERDAY        T             2.99 2005   0.10  -0.10     0.13
  MONTH TO DATE    2.61                      3.31  -0.70     3.91
  SINCE JUN 1     14.98                     11.10   3.88    12.96
  SINCE JAN 1     32.21                     29.69   2.52    30.43

SNOWFALL (IN)
  YESTERDAY        0.0                       0.0    0.0      0.0
  MONTH TO DATE    0.0                       0.0    0.0      0.0
  SINCE JUN 1      0.0                       0.0    0.0      0.0
  SINCE JUL 1      0.0                       0.0    0.0      0.0
  SNOW DEPTH       0

DEGREE DAYS
 HEATING
  YESTERDAY        0                         0      0        0
  MONTH TO DATE    2                         0      2        0
  SINCE JUN 1     21                        15      6        8
  SINCE JUL 1      2                         0      2        5

 COOLING
  YESTERDAY       10                         8      2       13
  MONTH TO DATE  217                       301    -84      310
  SINCE JUN 1    795                       866    -71      801
  SINCE JAN 1    944                       960    -16      935
..................................................................


WIND (MPH)
  RESULTANT WIND SPEED   5   RESULTANT WIND DIRECTION   S (200)
  HIGHEST WIND SPEED    20   HIGHEST WIND DIRECTION     S (180)
  HIGHEST GUST SPEED    22   HIGHEST GUST DIRECTION     S (180)
  AVERAGE WIND SPEED     5.3


SKY COVER
  POSSIBLE SUNSHINE  MM
  AVERAGE SKY COVER 0.7


WEATHER CONDITIONS
 THE FOLLOWING WEATHER WAS RECORDED YESTERDAY.
  FOG


RELATIVE HUMIDITY (PERCENT)
 HIGHEST   100           400 AM
 LOWEST     48           300 PM
 AVERAGE    74

..........................................................


THE CINCINNATI OH CLIMATE NORMALS FOR TODAY
                         NORMAL    RECORD    YEAR
 MAXIMUM TEMPERATURE (F)   83        98      1953
                                             1951
 MINIMUM TEMPERATURE (F)   63        43      1915


SUNRISE AND SUNSET
AUGUST 31 2015........SUNRISE   706 AM EDT   SUNSET   811 PM EDT
SEPTEMBER  1 2015.....SUNRISE   707 AM EDT   SUNSET   810 PM EDT


-  INDICATES NEGATIVE NUMBERS.
R  INDICATES RECORD WAS SET OR TIED.
MM INDICATES DATA IS MISSING.
T  INDICATES TRACE AMOUNT.




$$
