000
CDUS41 KILN 290556
CLICVG


CLIMATE REPORT
NATIONAL WEATHER SERVICE WILMINGTON OH
156 AM EDT SUN MAR 29 2015


...................................

...THE CINCINNATI OH CLIMATE SUMMARY FOR MARCH 28 2015...

CLIMATE NORMAL PERIOD 1981 TO 2010
CLIMATE RECORD PERIOD 1869 TO 2015


WEATHER ITEM   OBSERVED TIME   RECORD YEAR NORMAL DEPARTURE LAST
                VALUE   (LST)  VALUE       VALUE  FROM      YEAR
                                                  NORMAL
..................................................................
TEMPERATURE (F)
 YESTERDAY
  MAXIMUM         38    505 PM  85    1910  58    -20       61
  MINIMUM         19    640 AM  18    1934  38    -19       44
  AVERAGE         29                        48    -19       53

PRECIPITATION (IN)
  YESTERDAY        0.00          1.87 2005   0.14  -0.14     0.20
  MONTH TO DATE    6.23                      3.54   2.69     1.53
  SINCE MAR 1      6.23                      3.54   2.69     1.53
  SINCE JAN 1     10.38                      9.35   1.03     7.07

SNOWFALL (IN)
  YESTERDAY        0.0           1.2  1899   0.1   -0.1      0.0
  MONTH TO DATE    4.9                       2.9    2.0      3.3
  SINCE MAR 1      4.9                       2.9    2.0      3.3
  SINCE JUL 1     29.9                      21.5    8.4     46.9
  SNOW DEPTH       0

DEGREE DAYS
 HEATING
  YESTERDAY       36                        17     19       12
  MONTH TO DATE  652                       616     36      719
  SINCE MAR 1    652                       616     36      719
  SINCE JUL 1   4879                      4443    436     4963

 COOLING
  YESTERDAY        0                         0      0        0
  MONTH TO DATE    0                         0      0        0
  SINCE MAR 1      0                         0      0        0
  SINCE JAN 1      0                         0      0        0
..................................................................


WIND (MPH)
  RESULTANT WIND SPEED   7   RESULTANT WIND DIRECTION   N (360)
  HIGHEST WIND SPEED    16   HIGHEST WIND DIRECTION    NW (330)
  HIGHEST GUST SPEED    20   HIGHEST GUST DIRECTION    NW (330)
  AVERAGE WIND SPEED     8.0


SKY COVER
  POSSIBLE SUNSHINE  MM
  AVERAGE SKY COVER 0.2


WEATHER CONDITIONS
 THE FOLLOWING WEATHER WAS RECORDED YESTERDAY.
  NO SIGNIFICANT WEATHER WAS OBSERVED.


RELATIVE HUMIDITY (PERCENT)
 HIGHEST    77           600 AM
 LOWEST     32           500 PM
 AVERAGE    55

..........................................................


THE CINCINNATI OH CLIMATE NORMALS FOR TODAY
                         NORMAL    RECORD    YEAR
 MAXIMUM TEMPERATURE (F)   58        84      1910
                                             1895
 MINIMUM TEMPERATURE (F)   38        18      1964


SUNRISE AND SUNSET
MARCH 29 2015.........SUNRISE   728 AM EDT   SUNSET   759 PM EDT
MARCH 30 2015.........SUNRISE   727 AM EDT   SUNSET   800 PM EDT


-  INDICATES NEGATIVE NUMBERS.
R  INDICATES RECORD WAS SET OR TIED.
MM INDICATES DATA IS MISSING.
T  INDICATES TRACE AMOUNT.




$$
