000
CDUS45 KCYS 270726
CLICYS


CLIMATE REPORT
NATIONAL WEATHER SERVICE CHEYENNE WY
126 AM MDT FRI MAY 27 2016


...................................

...THE CHEYENNE WYOMING AIRPORT CLIMATE SUMMARY FOR MAY 26 2016...

CLIMATE NORMAL PERIOD 1981 TO 2010
CLIMATE RECORD PERIOD 1871 TO 2016


WEATHER ITEM   OBSERVED TIME   RECORD YEAR NORMAL DEPARTURE LAST
                VALUE   (LST)  VALUE       VALUE  FROM      YEAR
                                                  NORMAL
..................................................................
TEMPERATURE (F)
 YESTERDAY
  MAXIMUM         63   1102 AM  86    1969  68     -5       64
  MINIMUM         37    240 AM  30    1950  43     -6       41
                                      1893
  AVERAGE         50                        55     -5       53

PRECIPITATION (IN)
  YESTERDAY        0.09          0.94 1926   0.09   0.00     0.29
  MONTH TO DATE    1.88                      1.91  -0.03     5.83
  SINCE JAN 1      8.47                      5.54   2.93     9.42

SNOWFALL (IN)
  YESTERDAY       MM             1.0  1950   0.0   MM        0.0
  MONTH TO DATE    1.6                       2.2   -0.6      4.4
  SINCE JUL 1     91.7                      60.2   31.5     54.5
  SNOW DEPTH       0

DEGREE DAYS
 HEATING
  YESTERDAY       15                        10      5       12
  MONTH TO DATE  409                       347     62      469
  SINCE MAR 1   1898                      1913    -15     1803
  SINCE JUL 1   6415                      6932   -517     6454

 COOLING
  YESTERDAY        0                         0      0        0
  MONTH TO DATE    0                         0      0        0
  SINCE MAR 1      0                         0      0        0
  SINCE JAN 1      0                         0      0        0
..................................................................


WIND (MPH)
  HIGHEST WIND SPEED    23   HIGHEST WIND DIRECTION    SE (150)
  HIGHEST GUST SPEED    31   HIGHEST GUST DIRECTION    SE (140)
  AVERAGE WIND SPEED     7.8


SKY COVER
  AVERAGE SKY COVER 0.3


WEATHER CONDITIONS
 THE FOLLOWING WEATHER WAS RECORDED YESTERDAY.
  RAIN
  LIGHT RAIN
  FOG
  HAZE


RELATIVE HUMIDITY (PERCENT)
 HIGHEST    86           300 PM
 LOWEST     36          1000 AM
 AVERAGE    61

..........................................................


THE CHEYENNE WYOMING AIRPORT CLIMATE NORMALS FOR TODAY
                         NORMAL    RECORD    YEAR
 MAXIMUM TEMPERATURE (F)   68        90      1969
 MINIMUM TEMPERATURE (F)   44        28      1911


SUNRISE AND SUNSET
MAY 27 2016...........SUNRISE   531 AM MDT   SUNSET   822 PM MDT
MAY 28 2016...........SUNRISE   531 AM MDT   SUNSET   823 PM MDT


-  INDICATES NEGATIVE NUMBERS.
R  INDICATES RECORD WAS SET OR TIED.
MM INDICATES DATA IS MISSING.
T  INDICATES TRACE AMOUNT.




$$
