000
CDUS45 KCYS 100731
CLICYS


CLIMATE REPORT
NATIONAL WEATHER SERVICE CHEYENNE WY
128 AM MDT THU JUL 10 2014


...................................

...THE CHEYENNE WYOMING CLIMATE SUMMARY FOR JULY 9 2014...

CLIMATE NORMAL PERIOD 1981 TO 2010
CLIMATE RECORD PERIOD 1871 TO 2014


WEATHER ITEM   OBSERVED TIME   RECORD YEAR NORMAL DEPARTURE LAST
                VALUE   (LST)  VALUE       VALUE  FROM      YEAR
                                                  NORMAL
..................................................................
TEMPERATURE (F)
 YESTERDAY
  MAXIMUM         87    226 PM  96    1989  83      4       92
  MINIMUM         55    446 AM  40    1882  55      0       60
  AVERAGE         71                        69      2       76

PRECIPITATION (IN)
  YESTERDAY        T             1.41 1897   0.06  -0.06     0.00
  MONTH TO DATE    T                         0.53  -0.53     0.13
  SINCE JAN 1      8.94                      8.84   0.10     5.77

SNOWFALL (IN)
  YESTERDAY        0.0          MM      MM   0.0    0.0      0.0
  MONTH TO DATE    0.0                       0.0    0.0      0.0
  SINCE JUL 1      0.0                       0.0    0.0      0.0
  SNOW DEPTH       0

DEGREE DAYS
 HEATING
  YESTERDAY        0                         1     -1        0
  MONTH TO DATE   13                         9      4        0
  SINCE JUN 1    139                       143     -4       62
  SINCE JUL 1     13                         9      4        0

 COOLING
  YESTERDAY        6                         5      1       11
  MONTH TO DATE   46                        39      7       58
  SINCE JUN 1     60                        86    -26      175
  SINCE JAN 1     61                        89    -28      181
..................................................................


WIND (MPH)
  HIGHEST WIND SPEED    18   HIGHEST WIND DIRECTION     S (200)
  HIGHEST GUST SPEED    25   HIGHEST GUST DIRECTION     S (190)
  AVERAGE WIND SPEED     8.1


SKY COVER
  AVERAGE SKY COVER 0.0


WEATHER CONDITIONS
 THE FOLLOWING WEATHER WAS RECORDED YESTERDAY.
  THUNDERSTORM
  LIGHT RAIN


RELATIVE HUMIDITY (PERCENT)
 HIGHEST    93           300 AM
 LOWEST     25           600 PM
 AVERAGE    59

..........................................................


THE CHEYENNE WYOMING CLIMATE NORMALS FOR TODAY
                         NORMAL    RECORD    YEAR
 MAXIMUM TEMPERATURE (F)   83        97      1939
 MINIMUM TEMPERATURE (F)   55        41      1895


SUNRISE AND SUNSET
JULY 10 2014..........SUNRISE   536 AM MDT   SUNSET   833 PM MDT
JULY 11 2014..........SUNRISE   537 AM MDT   SUNSET   833 PM MDT


-  INDICATES NEGATIVE NUMBERS.
R  INDICATES RECORD WAS SET OR TIED.
MM INDICATES DATA IS MISSING.
T  INDICATES TRACE AMOUNT.




$$
