000
CDUS45 KCYS 010726
CLICYS


CLIMATE REPORT
NATIONAL WEATHER SERVICE CHEYENNE WY
126 AM MDT TUE SEP 1 2015


...................................

...THE CHEYENNE WYOMING AIRPORT CLIMATE SUMMARY FOR AUGUST 31 2015...

CLIMATE NORMAL PERIOD 1981 TO 2010
CLIMATE RECORD PERIOD 1871 TO 2015


WEATHER ITEM   OBSERVED TIME   RECORD YEAR NORMAL DEPARTURE LAST
                VALUE   (LST)  VALUE       VALUE  FROM      YEAR
                                                  NORMAL
..................................................................
TEMPERATURE (F)
 YESTERDAY
  MAXIMUM         84   1252 PM  93    1960  78      6       71
  MINIMUM         54   1122 PM  37    1944  51      3       46
                                      1910
  AVERAGE         69                        64      5       59

PRECIPITATION (IN)
  YESTERDAY        T             0.30 1963   0.05  -0.05     0.03
  MONTH TO DATE    0.65                      1.95  -1.30     1.48
  SINCE JAN 1     13.61                     12.45   1.16    13.66

SNOWFALL (IN)
  YESTERDAY        0.0          MM      MM   0.0    0.0      0.0
  MONTH TO DATE    0.0                       0.0    0.0      0.0
  SINCE JUL 1      0.0                       0.0    0.0      0.0
  SNOW DEPTH       0

DEGREE DAYS
 HEATING
  YESTERDAY        0                         3     -3        6
  MONTH TO DATE   39                        39      0       29
  SINCE JUN 1    102                       190    -88      184
  SINCE JUL 1     66                        56     10       58

 COOLING
  YESTERDAY        4                         2      2        0
  MONTH TO DATE  155                       116     39       93
  SINCE JUN 1    347                       323     24      265
  SINCE JAN 1    347                       326     21      266
..................................................................


WIND (MPH)
  HIGHEST WIND SPEED    29   HIGHEST WIND DIRECTION     W (280)
  HIGHEST GUST SPEED    40   HIGHEST GUST DIRECTION     W (280)
  AVERAGE WIND SPEED    10.9


SKY COVER
  AVERAGE SKY COVER 0.5


WEATHER CONDITIONS
 THE FOLLOWING WEATHER WAS RECORDED YESTERDAY.
  THUNDERSTORM
  LIGHT RAIN


RELATIVE HUMIDITY (PERCENT)
 HIGHEST    72          1100 PM
 LOWEST     22           100 PM
 AVERAGE    47

..........................................................


THE CHEYENNE WYOMING AIRPORT CLIMATE NORMALS FOR TODAY
                         NORMAL    RECORD    YEAR
 MAXIMUM TEMPERATURE (F)   78        95      1995
 MINIMUM TEMPERATURE (F)   50        36      1952
                                             1882


SUNRISE AND SUNSET
SEPTEMBER  1 2015.....SUNRISE   626 AM MDT   SUNSET   732 PM MDT
SEPTEMBER  2 2015.....SUNRISE   627 AM MDT   SUNSET   731 PM MDT


-  INDICATES NEGATIVE NUMBERS.
R  INDICATES RECORD WAS SET OR TIED.
MM INDICATES DATA IS MISSING.
T  INDICATES TRACE AMOUNT.




$$
