000
CDUS45 KCYS 240728
CLICYS


CLIMATE REPORT
NATIONAL WEATHER SERVICE CHEYENNE WY
127 AM MDT SUN JUL 24 2016


...................................

...THE CHEYENNE WYOMING AIRPORT CLIMATE SUMMARY FOR JULY 23 2016...

CLIMATE NORMAL PERIOD 1981 TO 2010
CLIMATE RECORD PERIOD 1871 TO 2016


WEATHER ITEM   OBSERVED TIME   RECORD YEAR NORMAL DEPARTURE LAST
                VALUE   (LST)  VALUE       VALUE  FROM      YEAR
                                                  NORMAL
..................................................................
TEMPERATURE (F)
 YESTERDAY
  MAXIMUM         93    316 PM  97    1940  84      9       87
  MINIMUM         64    312 AM  44    1990  56      8       55
  AVERAGE         79                        70      9       71

PRECIPITATION (IN)
  YESTERDAY        T             1.00 1872   0.08  -0.08     0.00
  MONTH TO DATE    0.58                      1.56  -0.98     1.75
  SINCE JAN 1     11.28                      9.87   1.41    12.86

SNOWFALL (IN)
  YESTERDAY        0.0          MM      MM   0.0    0.0      0.0
  MONTH TO DATE    0.0                       0.0    0.0      0.0
  SINCE JUL 1      0.0                       0.0    0.0      0.0
  SNOW DEPTH       0

DEGREE DAYS
 HEATING
  YESTERDAY        0                         1     -1        0
  MONTH TO DATE    3                        23    -20       28
  SINCE JUN 1     29                       157   -128       64
  SINCE JUL 1      3                        23    -20       28

 COOLING
  YESTERDAY       14                         6      8        6
  MONTH TO DATE  155                       117     38       73
  SINCE JUN 1    257                       164     93      134
  SINCE JAN 1    257                       167     90      134
..................................................................


WIND (MPH)
  HIGHEST WIND SPEED    30   HIGHEST WIND DIRECTION     W (250)
  HIGHEST GUST SPEED    50   HIGHEST GUST DIRECTION     W (270)
  AVERAGE WIND SPEED    11.6


SKY COVER
  AVERAGE SKY COVER 0.2


WEATHER CONDITIONS
 THE FOLLOWING WEATHER WAS RECORDED YESTERDAY.
  THUNDERSTORM
  LIGHT RAIN


RELATIVE HUMIDITY (PERCENT)
 HIGHEST    49           200 AM
 LOWEST     14          1100 AM
 AVERAGE    32

..........................................................


THE CHEYENNE WYOMING AIRPORT CLIMATE NORMALS FOR TODAY
                         NORMAL    RECORD    YEAR
 MAXIMUM TEMPERATURE (F)   84        97      2003
 MINIMUM TEMPERATURE (F)   56        44      1962
                                             1958


SUNRISE AND SUNSET
JULY 24 2016..........SUNRISE   548 AM MDT   SUNSET   823 PM MDT
JULY 25 2016..........SUNRISE   549 AM MDT   SUNSET   822 PM MDT


-  INDICATES NEGATIVE NUMBERS.
R  INDICATES RECORD WAS SET OR TIED.
MM INDICATES DATA IS MISSING.
T  INDICATES TRACE AMOUNT.




$$
