000
CDUS46 KSGX 201130
CLICZZ


CLIMATE REPORT
NATIONAL WEATHER SERVICE SAN DIEGO, CA
430 AM PDT WED SEP 20 2017


...................................

...THE CAMPO ASOS CA CLIMATE SUMMARY FOR SEPTEMBER 19 2017...

CLIMATE NORMAL PERIOD 1981 TO 2010
CLIMATE RECORD PERIOD 1948 TO 2017


WEATHER ITEM   OBSERVED TIME   RECORD YEAR NORMAL DEPARTURE LAST
                VALUE   (LST)  VALUE       VALUE  FROM      YEAR
                                                  NORMAL
..................................................................
TEMPERATURE (F)
 YESTERDAY
  MAXIMUM         78    159 PM  99    1962  89    -11       93
  MINIMUM         43    556 AM  29    1955  48     -5       57
  AVERAGE         61                        68     -7       75

PRECIPITATION (IN)
  YESTERDAY        0.00          0.59 1960   0.01  -0.01     0.00
  MONTH TO DATE    0.21                      0.22  -0.01     0.00
  SINCE OCT 1     16.95                     15.61   1.34     9.32
  SINCE JAN 1     11.72                     11.39   0.33     6.37

DEGREE DAYS
 HEATING
  YESTERDAY        4                         1      3        0
  MONTH TO DATE   17                        17      0       35
  SINCE SEP 1     17                        17      0       35
  SINCE JUL 1     21                        31    -10       35

 COOLING
  YESTERDAY        0                         5     -5       10
  MONTH TO DATE  132                       123      9       67
  SINCE SEP 1    132                       123      9       67
  SINCE JAN 1   1009                       773    236      887
..................................................................


WIND (MPH)
  RESULTANT WIND SPEED   5   RESULTANT WIND DIRECTION  SW (220)
  HIGHEST WIND SPEED    23   HIGHEST WIND DIRECTION    SW (220)
  HIGHEST GUST SPEED    29   HIGHEST GUST DIRECTION    SW (210)
  AVERAGE WIND SPEED     8.0


SKY COVER
  POSSIBLE SUNSHINE  MM
  AVERAGE SKY COVER 0.0



RELATIVE HUMIDITY (PERCENT)
 HIGHEST   100           300 AM
 LOWEST     33           100 PM
 AVERAGE    67

..........................................................


THE CAMPO ASOS CA CLIMATE NORMALS FOR TODAY
                         NORMAL    RECORD    YEAR
 MAXIMUM TEMPERATURE (F)   88        97      1979
 MINIMUM TEMPERATURE (F)   48        33      1989


SUNRISE AND SUNSET
SEPTEMBER 20 2017.....SUNRISE   633 AM PDT   SUNSET   645 PM PDT
SEPTEMBER 21 2017.....SUNRISE   634 AM PDT   SUNSET   643 PM PDT


-  INDICATES NEGATIVE NUMBERS.
R  INDICATES RECORD WAS SET OR TIED.
MM INDICATES DATA IS MISSING.
T  INDICATES TRACE AMOUNT.




$$
