000
CDUS46 KSGX 231426
CLICZZ


CLIMATE REPORT
NATIONAL WEATHER SERVICE SAN DIEGO, CA
726 AM PDT TUE SEP 23 2014


...................................

...THE CAMPO ASOS CA CLIMATE SUMMARY FOR SEPTEMBER 22 2014...

CLIMATE NORMAL PERIOD 1981 TO 2010
CLIMATE RECORD PERIOD 1948 TO 2014


WEATHER ITEM   OBSERVED TIME   RECORD YEAR NORMAL DEPARTURE LAST
                VALUE   (LST)  VALUE       VALUE  FROM      YEAR
                                                  NORMAL
..................................................................
TEMPERATURE (F)
 YESTERDAY
  MAXIMUM         91    101 PM 101    1982  88      3       75
  MINIMUM         50    404 AM  32    1988  47      3       48
  AVERAGE         71                        68      3       62

PRECIPITATION (IN)
  YESTERDAY        0.00          0.37 1987   0.01  -0.01     0.00
  MONTH TO DATE    1.41                      0.25   1.16     1.51
  SINCE JUL 1      2.03                      1.27   0.76     1.94
  SINCE JAN 1      4.79                     11.42  -6.63     6.72

SNOWFALL (IN)
  YESTERDAY        0.0
  MONTH TO DATE    0.0
  SINCE JAN 1      0.0
  SINCE JUL 1      0.0
  SNOW DEPTH       0

DEGREE DAYS
 HEATING
  YESTERDAY        0                         2     -2        3
  MONTH TO DATE    0                        21    -21       10
  SINCE SEP 1      0                        21    -21       10
  SINCE JUL 1      2                        35    -33       12

 COOLING
  YESTERDAY        6                         4      2        0
  MONTH TO DATE  190                       135     55      186
  SINCE SEP 1    190                       135     55      186
  SINCE JAN 1    822                       785     37      903
..................................................................


WIND (MPH)
  RESULTANT WIND SPEED   2   RESULTANT WIND DIRECTION   S (170)
  HIGHEST WIND SPEED    22   HIGHEST WIND DIRECTION     S (190)
  HIGHEST GUST SPEED    27   HIGHEST GUST DIRECTION     S (200)
  AVERAGE WIND SPEED     7.0


SKY COVER
  POSSIBLE SUNSHINE  MM
  AVERAGE SKY COVER 0.0



RELATIVE HUMIDITY (PERCENT)
 HIGHEST    71           400 AM
 LOWEST      8          1100 AM
 AVERAGE    40

..........................................................


THE CAMPO ASOS CA CLIMATE NORMALS FOR TODAY
                         NORMAL    RECORD    YEAR
 MAXIMUM TEMPERATURE (F)   87       100      1992
 MINIMUM TEMPERATURE (F)   47        35      2010


SUNRISE AND SUNSET
SEPTEMBER 23 2014.....SUNRISE   635 AM PDT   SUNSET   641 PM PDT
SEPTEMBER 24 2014.....SUNRISE   635 AM PDT   SUNSET   640 PM PDT


-  INDICATES NEGATIVE NUMBERS.
R  INDICATES RECORD WAS SET OR TIED.
MM INDICATES DATA IS MISSING.
T  INDICATES TRACE AMOUNT.




$$
