000
CDUS46 KSGX 270021
CLICZZ


CLIMATE REPORT
NATIONAL WEATHER SERVICE SAN DIEGO, CA
521 PM PDT TUE MAY 26 2015


...................................

...THE CAMPO ASOS CA CLIMATE SUMMARY FOR MAY 26 2015...
VALID TODAY AS OF 0500 PM LOCAL TIME.

CLIMATE NORMAL PERIOD 1981 TO 2010
CLIMATE RECORD PERIOD 1948 TO 2015


WEATHER ITEM   OBSERVED TIME   RECORD YEAR NORMAL DEPARTURE LAST
                VALUE   (LST)  VALUE       VALUE  FROM      YEAR
                                                  NORMAL
..................................................................
TEMPERATURE (F)
 TODAY
  MAXIMUM         72    141 PM  99    1974  82    -10       91
  MINIMUM         42    448 AM  29    1972  43     -1       48
  AVERAGE         57                        62     -5       70

PRECIPITATION (IN)
  TODAY            0.00          0.08 1962   0.00   0.00     0.00
  MONTH TO DATE    2.31                      0.17   2.14     0.01
  SINCE OCT 1      8.93                     14.25  -5.32     5.01
  SINCE JAN 1      5.06                     10.03  -4.97     2.76

SNOWFALL (IN)
  TODAY            0.0
  MONTH TO DATE    0.0
  SINCE MAR 1      0.0
  SINCE JUL 1      0.0
  SNOW DEPTH       0

DEGREE DAYS
 HEATING
  TODAY            8                         4      4        0
  MONTH TO DATE  238                       139     99      137
  SINCE MAR 1    821                       856    -35      761
  SINCE JUL 1   2457                      2907   -450     2631

 COOLING
  TODAY            0                         1     -1        5
  MONTH TO DATE    2                        21    -19       26
  SINCE MAR 1      7                        24    -17       36
  SINCE JAN 1      7                        24    -17       36
..................................................................


WIND (MPH)
  RESULTANT WIND SPEED  17   RESULTANT WIND DIRECTION  SW (210)
  HIGHEST WIND SPEED    22   HIGHEST WIND DIRECTION    SW (220)
  HIGHEST GUST SPEED    26   HIGHEST GUST DIRECTION    SW (210)
  AVERAGE WIND SPEED    16.6


SKY COVER
  POSSIBLE SUNSHINE  MM
  AVERAGE SKY COVER 0.0



RELATIVE HUMIDITY (PERCENT)
 HIGHEST    63          1000 AM
 LOWEST     53           100 PM
 AVERAGE    58

..........................................................


THE CAMPO ASOS CA CLIMATE NORMALS FOR TOMORROW
                         NORMAL    RECORD    YEAR
 MAXIMUM TEMPERATURE (F)   82        97      2003
                                             1984
 MINIMUM TEMPERATURE (F)   43        31      1998


SUNRISE AND SUNSET
MAY 26 2015...........SUNRISE   541 AM PDT   SUNSET   745 PM PDT
MAY 27 2015...........SUNRISE   541 AM PDT   SUNSET   745 PM PDT


-  INDICATES NEGATIVE NUMBERS.
R  INDICATES RECORD WAS SET OR TIED.
MM INDICATES DATA IS MISSING.
T  INDICATES TRACE AMOUNT.




$$
