000
CDUS46 KSGX 231436
CLICZZ


CLIMATE REPORT
NATIONAL WEATHER SERVICE SAN DIEGO, CA
736 AM PDT THU MAR 23 2017


...................................

...THE CAMPO ASOS CA CLIMATE SUMMARY FOR MARCH 22 2017...

CLIMATE NORMAL PERIOD 1981 TO 2010
CLIMATE RECORD PERIOD 1948 TO 2017


WEATHER ITEM   OBSERVED TIME   RECORD YEAR NORMAL DEPARTURE LAST
                VALUE   (LST)  VALUE       VALUE  FROM      YEAR
                                                  NORMAL
..................................................................
TEMPERATURE (F)
 YESTERDAY
  MAXIMUM         58   1207 PM  88    2004  68    -10       59
  MINIMUM         47   1159 PM  25    2006  36     11       34
  AVERAGE         53                        52      1       47

PRECIPITATION (IN)
  YESTERDAY        0.09          1.54 1954   0.08   0.01     0.00
  MONTH TO DATE    0.11                      2.12  -2.01     0.59
  SINCE OCT 1     15.69                     12.55   3.14     7.34
  SINCE JAN 1     10.46                      8.33   2.13     4.39

DEGREE DAYS
 HEATING
  YESTERDAY       12                        13     -1       18
  MONTH TO DATE  192                       302   -110      256
  SINCE MAR 1    192                       302   -110      256
  SINCE JUL 1   2102                      2353   -251     2140

 COOLING
  YESTERDAY        0                         0      0        0
  MONTH TO DATE    0                         0      0        0
  SINCE MAR 1      0                         0      0        0
  SINCE JAN 1      0                         0      0        0
..................................................................


WIND (MPH)
  RESULTANT WIND SPEED  12   RESULTANT WIND DIRECTION  SW (240)
  HIGHEST WIND SPEED    23   HIGHEST WIND DIRECTION    SW (230)
  HIGHEST GUST SPEED    26   HIGHEST GUST DIRECTION    SW (220)
  AVERAGE WIND SPEED    12.4


SKY COVER
  POSSIBLE SUNSHINE  MM
  AVERAGE SKY COVER 0.0



RELATIVE HUMIDITY (PERCENT)
 HIGHEST   100          1200 AM
 LOWEST     61           400 PM
 AVERAGE    81

..........................................................


THE CAMPO ASOS CA CLIMATE NORMALS FOR TODAY
                         NORMAL    RECORD    YEAR
 MAXIMUM TEMPERATURE (F)   68        85      1990
 MINIMUM TEMPERATURE (F)   36        24      1973


SUNRISE AND SUNSET
MARCH 23 2017.........SUNRISE   645 AM PDT   SUNSET   700 PM PDT
MARCH 24 2017.........SUNRISE   644 AM PDT   SUNSET   701 PM PDT


-  INDICATES NEGATIVE NUMBERS.
R  INDICATES RECORD WAS SET OR TIED.
MM INDICATES DATA IS MISSING.
T  INDICATES TRACE AMOUNT.




$$
