000
CDUS46 KSGX 270019
CLICZZ


CLIMATE REPORT
NATIONAL WEATHER SERVICE SAN DIEGO, CA
518 PM PDT THU MAY 26 2016


...................................

...THE CAMPO ASOS CA CLIMATE SUMMARY FOR MAY 26 2016...
VALID TODAY AS OF 0500 PM LOCAL TIME.

CLIMATE NORMAL PERIOD 1981 TO 2010
CLIMATE RECORD PERIOD 1948 TO 2016


WEATHER ITEM   OBSERVED TIME   RECORD YEAR NORMAL DEPARTURE LAST
                VALUE   (LST)  VALUE       VALUE  FROM      YEAR
                                                  NORMAL
..................................................................
TEMPERATURE (F)
 TODAY
  MAXIMUM         73    232 PM  99    1974  82     -9       72
  MINIMUM         39    342 AM  29    1972  43     -4       42
  AVERAGE         56                        62     -6       57

PRECIPITATION (IN)
  TODAY            0.00          0.08 1962   0.00   0.00     0.00
  MONTH TO DATE    0.14                      0.17  -0.03     2.31
  SINCE OCT 1      9.32                     14.25  -4.93     8.93
  SINCE JAN 1      6.37                     10.03  -3.66     5.06

DEGREE DAYS
 HEATING
  TODAY            9                         4      5        8
  MONTH TO DATE  198                       139     59      249
  SINCE MAR 1    871                       856     15      832
  SINCE JUL 1   2755                      2907   -152     2468

 COOLING
  TODAY            0                         1     -1        0
  MONTH TO DATE    2                        21    -19        2
  SINCE MAR 1      2                        24    -22        7
  SINCE JAN 1      2                        24    -22        7
..................................................................


WIND (MPH)
  RESULTANT WIND SPEED   8   RESULTANT WIND DIRECTION  SW (220)
  HIGHEST WIND SPEED    23   HIGHEST WIND DIRECTION     S (200)
  HIGHEST GUST SPEED    35   HIGHEST GUST DIRECTION     W (250)
  AVERAGE WIND SPEED     8.7


SKY COVER
  POSSIBLE SUNSHINE  MM
  AVERAGE SKY COVER 0.0



RELATIVE HUMIDITY (PERCENT)
 HIGHEST    93           600 AM
 LOWEST     44           200 PM
 AVERAGE    69

..........................................................


THE CAMPO ASOS CA CLIMATE NORMALS FOR TOMORROW
                         NORMAL    RECORD    YEAR
 MAXIMUM TEMPERATURE (F)   82        97      2003
                                             1984
 MINIMUM TEMPERATURE (F)   43        31      1998


SUNRISE AND SUNSET
MAY 26 2016...........SUNRISE   541 AM PDT   SUNSET   745 PM PDT
MAY 27 2016...........SUNRISE   541 AM PDT   SUNSET   746 PM PDT


-  INDICATES NEGATIVE NUMBERS.
R  INDICATES RECORD WAS SET OR TIED.
MM INDICATES DATA IS MISSING.
T  INDICATES TRACE AMOUNT.




$$
