000
CDUS46 KSGX 280019
CLICZZ


CLIMATE REPORT
NATIONAL WEATHER SERVICE SAN DIEGO, CA
519 PM PDT THU AUG 27 2015


...................................

...THE CAMPO ASOS CA CLIMATE SUMMARY FOR AUGUST 27 2015...
VALID TODAY AS OF 0500 PM LOCAL TIME.

CLIMATE NORMAL PERIOD 1981 TO 2010
CLIMATE RECORD PERIOD 1948 TO 2015


WEATHER ITEM   OBSERVED TIME   RECORD YEAR NORMAL DEPARTURE LAST
                VALUE   (LST)  VALUE       VALUE  FROM      YEAR
                                                  NORMAL
..................................................................
TEMPERATURE (F)
 TODAY
  MAXIMUM         98   1233 PM 105    1981  94      4       94
  MINIMUM         62    531 AM  35    1954  52     10       52
  AVERAGE         80                        73      7       73

PRECIPITATION (IN)
  TODAY            0.00          1.16 2003   0.02  -0.02     0.00
  MONTH TO DATE    0.01                      0.62  -0.61     0.48
  SINCE OCT 1     10.12                     15.31  -5.19     5.63
  SINCE JAN 1      6.25                     11.09  -4.84     3.38

DEGREE DAYS
 HEATING
  TODAY            0                         0      0        0
  MONTH TO DATE    0                         0      0        2
  SINCE JUN 1     60                        63     -3       30
  SINCE JUL 1     10                         7      3        2

 COOLING
  TODAY           15                         8      7        8
  MONTH TO DATE  256                       242     14      191
  SINCE JUN 1    624                       584     40      537
  SINCE JAN 1    641                       614     27      589
..................................................................


WIND (MPH)
  RESULTANT WIND SPEED   1   RESULTANT WIND DIRECTION  SE (140)
  HIGHEST WIND SPEED    24   HIGHEST WIND DIRECTION    SE (140)
  HIGHEST GUST SPEED    34   HIGHEST GUST DIRECTION    SE (120)
  AVERAGE WIND SPEED     7.1


SKY COVER
  POSSIBLE SUNSHINE  MM
  AVERAGE SKY COVER 0.0



RELATIVE HUMIDITY (PERCENT)
 HIGHEST    78           400 AM
 LOWEST     24           400 PM
 AVERAGE    51

..........................................................


THE CAMPO ASOS CA CLIMATE NORMALS FOR TOMORROW
                         NORMAL    RECORD    YEAR
 MAXIMUM TEMPERATURE (F)   94       106      1981
 MINIMUM TEMPERATURE (F)   52        35      1973


SUNRISE AND SUNSET
AUGUST 27 2015........SUNRISE   617 AM PDT   SUNSET   717 PM PDT
AUGUST 28 2015........SUNRISE   618 AM PDT   SUNSET   716 PM PDT


-  INDICATES NEGATIVE NUMBERS.
R  INDICATES RECORD WAS SET OR TIED.
MM INDICATES DATA IS MISSING.
T  INDICATES TRACE AMOUNT.




$$
