000
CDUS46 KSGX 271420
CLICZZ


CLIMATE REPORT
NATIONAL WEATHER SERVICE SAN DIEGO, CA
620 AM PST FRI FEB 27 2015


...................................

...THE CAMPO ASOS CA CLIMATE SUMMARY FOR FEBRUARY 26 2015...

CLIMATE NORMAL PERIOD 1981 TO 2010
CLIMATE RECORD PERIOD 1948 TO 2015


WEATHER ITEM   OBSERVED TIME   RECORD YEAR NORMAL DEPARTURE LAST
                VALUE   (LST)  VALUE       VALUE  FROM      YEAR
                                                  NORMAL
..................................................................
TEMPERATURE (F)
 YESTERDAY
  MAXIMUM         65   1253 PM  85    1986  65      0       60
  MINIMUM         30    448 AM  21    1977  35     -5       36
  AVERAGE         48                        50     -2       48

PRECIPITATION (IN)
  YESTERDAY        0.00          1.29 2011   0.12  -0.12     0.00
  MONTH TO DATE    0.65                      3.00  -2.35     0.39
  SINCE OCT 1      4.88                     10.20  -5.32     2.72
  SINCE JAN 1      1.01                      5.98  -4.97     0.47

SNOWFALL (IN)
  YESTERDAY        0.0
  MONTH TO DATE    0.0
  SINCE JAN 1      0.0
  SINCE JUL 1      0.0
  SNOW DEPTH       0

DEGREE DAYS
 HEATING
  YESTERDAY       17                        15      2       17
  MONTH TO DATE  281                       406   -125      360
  SINCE DEC 1   1220                      1452   -232     1218
  SINCE JUL 1   1601                      2022   -421     1847

 COOLING
  YESTERDAY        0                         0      0        0
  MONTH TO DATE    0                         0      0        0
  SINCE DEC 1      0                         0      0        2
  SINCE JAN 1      0                         0      0        0
..................................................................


WIND (MPH)
  RESULTANT WIND SPEED   4   RESULTANT WIND DIRECTION  SW (210)
  HIGHEST WIND SPEED    20   HIGHEST WIND DIRECTION    SW (210)
  HIGHEST GUST SPEED    23   HIGHEST GUST DIRECTION    SW (220)
  AVERAGE WIND SPEED     7.8


SKY COVER
  POSSIBLE SUNSHINE  MM
  AVERAGE SKY COVER 0.0



RELATIVE HUMIDITY (PERCENT)
 HIGHEST    93           800 PM
 LOWEST     36          1100 AM
 AVERAGE    65

..........................................................


THE CAMPO ASOS CA CLIMATE NORMALS FOR TODAY
                         NORMAL    RECORD    YEAR
 MAXIMUM TEMPERATURE (F)   65        85      1986
 MINIMUM TEMPERATURE (F)   35        19      1964


SUNRISE AND SUNSET
FEBRUARY 27 2015......SUNRISE   616 AM PST   SUNSET   541 PM PST
FEBRUARY 28 2015......SUNRISE   615 AM PST   SUNSET   542 PM PST


-  INDICATES NEGATIVE NUMBERS.
R  INDICATES RECORD WAS SET OR TIED.
MM INDICATES DATA IS MISSING.
T  INDICATES TRACE AMOUNT.




$$
