000
CDUS46 KSGX 291416
CLICZZ


CLIMATE REPORT
NATIONAL WEATHER SERVICE SAN DIEGO, CA
716 AM PDT MON AUG 29 2016


...................................

...THE CAMPO ASOS CA CLIMATE SUMMARY FOR AUGUST 28 2016...

CLIMATE NORMAL PERIOD 1981 TO 2010
CLIMATE RECORD PERIOD 1948 TO 2016


WEATHER ITEM   OBSERVED TIME   RECORD YEAR NORMAL DEPARTURE LAST
                VALUE   (LST)  VALUE       VALUE  FROM      YEAR
                                                  NORMAL
..................................................................
TEMPERATURE (F)
 YESTERDAY
  MAXIMUM         95    243 PM 106    1981  94      1      100
  MINIMUM         52    533 AM  35    1973  52      0       63
  AVERAGE         74                        73      1       82

PRECIPITATION (IN)
  YESTERDAY        0.00          1.14 1951   0.02  -0.02     0.00
  MONTH TO DATE    0.00                      0.64  -0.64     0.01
  SINCE OCT 1      9.32                     15.33  -6.01    10.12
  SINCE JAN 1      6.37                     11.11  -4.74     6.25

DEGREE DAYS
 HEATING
  YESTERDAY        0                         0      0        0
  MONTH TO DATE    0                         0      0        0
  SINCE JUN 1     27                        63    -36       60
  SINCE JUL 1      0                         7     -7       10

 COOLING
  YESTERDAY        9                         8      1       17
  MONTH TO DATE  255                       250      5      273
  SINCE JUN 1    776                       592    184      641
  SINCE JAN 1    779                       622    157      658
..................................................................


WIND (MPH)
  RESULTANT WIND SPEED   5   RESULTANT WIND DIRECTION  NE (50)
  HIGHEST WIND SPEED    18   HIGHEST WIND DIRECTION     E (70)
  HIGHEST GUST SPEED    25   HIGHEST GUST DIRECTION    NE (60)
  AVERAGE WIND SPEED     6.6


SKY COVER
  POSSIBLE SUNSHINE  MM
  AVERAGE SKY COVER 0.0



RELATIVE HUMIDITY (PERCENT)
 HIGHEST    83           100 AM
 LOWEST     16           200 PM
 AVERAGE    50

..........................................................


THE CAMPO ASOS CA CLIMATE NORMALS FOR TODAY
                         NORMAL    RECORD    YEAR
 MAXIMUM TEMPERATURE (F)   94       105      1981
 MINIMUM TEMPERATURE (F)   52        32      2010


SUNRISE AND SUNSET
AUGUST 29 2016........SUNRISE   619 AM PDT   SUNSET   713 PM PDT
AUGUST 30 2016........SUNRISE   620 AM PDT   SUNSET   712 PM PDT


-  INDICATES NEGATIVE NUMBERS.
R  INDICATES RECORD WAS SET OR TIED.
MM INDICATES DATA IS MISSING.
T  INDICATES TRACE AMOUNT.




$$
