000
CDUS43 KUNR 280850
CLID07


CLIMATE REPORT
NATIONAL WEATHER SERVICE RAPID CITY SD
247 AM MDT TUE MAR 28 2017


...................................

...THE FAITH SD CLIMATE SUMMARY FOR MARCH 27 2017...

CLIMATE NORMAL PERIOD 1981 TO 2010
CLIMATE RECORD PERIOD 9999 TO 9999


WEATHER ITEM   OBSERVED TIME   NORMAL DEPARTURE LAST
                VALUE   (LST)  VALUE  FROM      YEAR
                                      NORMAL
......................................................
TEMPERATURE (F)
 YESTERDAY
  MAXIMUM         58        MM  48     10       58
  MINIMUM         31        MM  26      5       22
  AVERAGE         45            37      8       40

PRECIPITATION (IN)
  YESTERDAY        0.00          0.05  -0.05     0.00
  MONTH TO DATE    0.38          0.79  -0.41     0.59
  SINCE MAR 1      0.38          0.79  -0.41     0.59
  SINCE JAN 1      1.40          1.41  -0.01     2.10

DEGREE DAYS
 HEATING
  YESTERDAY       20            28     -8       25
  MONTH TO DATE  825           895    -70      689
  SINCE MAR 1    825           895    -70      689
  SINCE JUL 1   6176          6583   -407     5635

 COOLING
  YESTERDAY        0             0      0        0
  MONTH TO DATE    0             0      0        0
  SINCE MAR 1      0             0      0        0
  SINCE JAN 1      0             0      0        0
......................................................


WIND (MPH)
  HIGHEST WIND SPEED    MM   HIGHEST WIND DIRECTION    MM
  HIGHEST GUST SPEED    MM   HIGHEST GUST DIRECTION    MM
  AVERAGE WIND SPEED    MM




RELATIVE HUMIDITY (PERCENT)
 HIGHEST   100          1200 AM
 LOWEST     47           400 PM
 AVERAGE    74

..........................................................




SUNRISE AND SUNSET
MARCH 28 2017.........SUNRISE   636 AM MDT   SUNSET   711 PM MDT
MARCH 29 2017.........SUNRISE   634 AM MDT   SUNSET   712 PM MDT


-  INDICATES NEGATIVE NUMBERS.
R  INDICATES RECORD WAS SET OR TIED.
MM INDICATES DATA IS MISSING.
T  INDICATES TRACE AMOUNT.




$$
