000
CDUS43 KUNR 240857
CLID07


CLIMATE REPORT
NATIONAL WEATHER SERVICE RAPID CITY SD
241 AM MDT TUE MAY 24 2016


...................................

...THE FAITH SD CLIMATE SUMMARY FOR MAY 23 2016...

CLIMATE NORMAL PERIOD 1981 TO 2010
CLIMATE RECORD PERIOD 9999 TO 9999


WEATHER ITEM   OBSERVED TIME   NORMAL DEPARTURE LAST
                VALUE   (LST)  VALUE  FROM      YEAR
                                      NORMAL
......................................................
TEMPERATURE (F)
 YESTERDAY
  MAXIMUM         75    313 PM  69      6       60
  MINIMUM         44    441 AM  45     -1       44
  AVERAGE         60            57      3       52

PRECIPITATION (IN)
  YESTERDAY        0.00          0.09  -0.09     0.00
  MONTH TO DATE    0.35          2.24  -1.89     3.78
  SINCE MAR 1      5.20          4.85   0.35     4.43
  SINCE JAN 1      6.71          5.47   1.24     4.86

DEGREE DAYS
 HEATING
  YESTERDAY        5             8     -3       13
  MONTH TO DATE  239           261    -22      320
  SINCE MAR 1   1576          1872   -296     1585
  SINCE JUL 1   6522          7560  -1038     7084

 COOLING
  YESTERDAY        0             0      0        0
  MONTH TO DATE    2             0      2        0
  SINCE MAR 1      2             1      1        2
  SINCE JAN 1      2             1      1        2
......................................................


WIND (MPH)
  HIGHEST WIND SPEED    16   HIGHEST WIND DIRECTION    NE (40)
  HIGHEST GUST SPEED    22   HIGHEST GUST DIRECTION     S (190)
  AVERAGE WIND SPEED     7.4




RELATIVE HUMIDITY (PERCENT)
 HIGHEST    86           200 AM
 LOWEST     27           300 PM
 AVERAGE    57

..........................................................




SUNRISE AND SUNSET
MAY 24 2016...........SUNRISE   510 AM MDT   SUNSET   821 PM MDT
MAY 25 2016...........SUNRISE   509 AM MDT   SUNSET   822 PM MDT


-  INDICATES NEGATIVE NUMBERS.
R  INDICATES RECORD WAS SET OR TIED.
MM INDICATES DATA IS MISSING.
T  INDICATES TRACE AMOUNT.




$$
