000
CDUS43 KUNR 280832
CLID07


CLIMATE REPORT
NATIONAL WEATHER SERVICE RAPID CITY SD
232 AM MDT THU AUG 28 2014


...................................

...THE FAITH SD CLIMATE SUMMARY FOR AUGUST 27 2014...

CLIMATE NORMAL PERIOD 1981 TO 2010
CLIMATE RECORD PERIOD 9999 TO 9999


WEATHER ITEM   OBSERVED TIME   NORMAL DEPARTURE LAST
                VALUE   (LST)  VALUE  FROM      YEAR
                                      NORMAL
......................................................
TEMPERATURE (F)
 YESTERDAY
  MAXIMUM         68   1247 PM  83    -15       96
  MINIMUM         49    534 AM  56     -7       64
  AVERAGE         59            70    -11       80

PRECIPITATION (IN)
  YESTERDAY        0.01          0.05  -0.04     0.00
  MONTH TO DATE    5.46          1.41   4.05     1.90
  SINCE JUN 1     11.82          7.30   4.52     4.73
  SINCE JAN 1     16.40         13.60   2.80    12.37

DEGREE DAYS
 HEATING
  YESTERDAY        6             1      5        0
  MONTH TO DATE   22            11     11        2
  SINCE JUN 1    144           113     31       88
  SINCE JUL 1     39            23     16       15

 COOLING
  YESTERDAY        0             6     -6       15
  MONTH TO DATE  164           210    -46      182
  SINCE JUN 1    362           543   -181      527
  SINCE JAN 1    392           555   -163      540
......................................................


WIND (MPH)
  HIGHEST WIND SPEED    14   HIGHEST WIND DIRECTION     E (100)
  HIGHEST GUST SPEED    17   HIGHEST GUST DIRECTION     E (100)
  AVERAGE WIND SPEED     5.9




RELATIVE HUMIDITY (PERCENT)
 HIGHEST   100           100 AM
 LOWEST     81          1100 AM
 AVERAGE    91

..........................................................




SUNRISE AND SUNSET
AUGUST 28 2014........SUNRISE   605 AM MDT   SUNSET   732 PM MDT
AUGUST 29 2014........SUNRISE   606 AM MDT   SUNSET   731 PM MDT


-  INDICATES NEGATIVE NUMBERS.
R  INDICATES RECORD WAS SET OR TIED.
MM INDICATES DATA IS MISSING.
T  INDICATES TRACE AMOUNT.




$$
