000
CDUS43 KUNR 230835
CLID07


CLIMATE REPORT
NATIONAL WEATHER SERVICE RAPID CITY SD
134 AM MST MON JAN 23 2017


...................................

...THE FAITH SD CLIMATE SUMMARY FOR JANUARY 22 2017...

CLIMATE NORMAL PERIOD 1981 TO 2010
CLIMATE RECORD PERIOD 9999 TO 9999


WEATHER ITEM   OBSERVED TIME   NORMAL DEPARTURE LAST
                VALUE   (LST)  VALUE  FROM      YEAR
                                      NORMAL
......................................................
TEMPERATURE (F)
 YESTERDAY
  MAXIMUM         26    218 PM  30     -4       25
  MINIMUM         15    652 PM  11      4       18
  AVERAGE         21            20      1       22

PRECIPITATION (IN)
  YESTERDAY        0.00          0.00   0.00     0.00
  MONTH TO DATE    0.45          0.13   0.32     0.17
  SINCE DEC 1      0.89          0.53   0.36     0.70
  SINCE JAN 1      0.45          0.13   0.32     0.17

DEGREE DAYS
 HEATING
  YESTERDAY       44            45     -1       43
  MONTH TO DATE 1221           990    231     1061
  SINCE DEC 1   2703          2350    353     2330
  SINCE JUL 1   3954          4133   -179     3716

 COOLING
  YESTERDAY        0             0      0        0
  MONTH TO DATE    0             0      0        0
  SINCE DEC 1      0             0      0        0
  SINCE JAN 1      0             0      0        0
......................................................


WIND (MPH)
  HIGHEST WIND SPEED    17   HIGHEST WIND DIRECTION     W (290)
  HIGHEST GUST SPEED    20   HIGHEST GUST DIRECTION     W (290)
  AVERAGE WIND SPEED     8.6




RELATIVE HUMIDITY (PERCENT)
 HIGHEST   100          1200 AM
 LOWEST     84           300 AM
 AVERAGE    92

..........................................................




SUNRISE AND SUNSET
JANUARY 23 2017.......SUNRISE   717 AM MST   SUNSET   444 PM MST
JANUARY 24 2017.......SUNRISE   716 AM MST   SUNSET   445 PM MST


-  INDICATES NEGATIVE NUMBERS.
R  INDICATES RECORD WAS SET OR TIED.
MM INDICATES DATA IS MISSING.
T  INDICATES TRACE AMOUNT.




$$
