000
CDUS43 KUNR 030831
CLID07


CLIMATE REPORT
NATIONAL WEATHER SERVICE RAPID CITY SD
130 AM MST SAT DEC 3 2016


...................................

...THE FAITH SD CLIMATE SUMMARY FOR DECEMBER 2 2016...

CLIMATE NORMAL PERIOD 1981 TO 2010
CLIMATE RECORD PERIOD 9999 TO 9999


WEATHER ITEM   OBSERVED TIME   NORMAL DEPARTURE LAST
                VALUE   (LST)  VALUE  FROM      YEAR
                                      NORMAL
......................................................
TEMPERATURE (F)
 YESTERDAY
  MAXIMUM         29    319 PM  34     -5       36
  MINIMUM         15   1152 PM  14      1       17
  AVERAGE         22            24     -2       27

PRECIPITATION (IN)
  YESTERDAY        0.00          0.01  -0.01     0.00
  MONTH TO DATE    0.00          0.02  -0.02     0.07
  SINCE DEC 1      0.00          0.02  -0.02     0.07
  SINCE JAN 1     14.10         17.28  -3.18    15.46

DEGREE DAYS
 HEATING
  YESTERDAY       43            41      2       38
  MONTH TO DATE   82            82      0       76
  SINCE DEC 1     82            82      0       76
  SINCE JUL 1   1333          1865   -532     1462

 COOLING
  YESTERDAY        0             0      0        0
  MONTH TO DATE    0             0      0        0
  SINCE DEC 1      0             0      0        0
  SINCE JAN 1    734           635     99      691
......................................................


WIND (MPH)
  HIGHEST WIND SPEED    17   HIGHEST WIND DIRECTION     S (180)
  HIGHEST GUST SPEED    18   HIGHEST GUST DIRECTION     S (180)
  AVERAGE WIND SPEED     6.4




RELATIVE HUMIDITY (PERCENT)
 HIGHEST   100          1200 AM
 LOWEST     85           100 PM
 AVERAGE    93

..........................................................




SUNRISE AND SUNSET
DECEMBER  3 2016......SUNRISE   709 AM MST   SUNSET   407 PM MST
DECEMBER  4 2016......SUNRISE   710 AM MST   SUNSET   407 PM MST


-  INDICATES NEGATIVE NUMBERS.
R  INDICATES RECORD WAS SET OR TIED.
MM INDICATES DATA IS MISSING.
T  INDICATES TRACE AMOUNT.




$$
