000
CDUS43 KUNR 280833
CLID07


CLIMATE REPORT
NATIONAL WEATHER SERVICE RAPID CITY SD
231 AM MDT MON JUL 28 2014


...................................

...THE FAITH SD CLIMATE SUMMARY FOR JULY 27 2014...

CLIMATE NORMAL PERIOD 1981 TO 2010
CLIMATE RECORD PERIOD 9999 TO 9999


WEATHER ITEM   OBSERVED TIME   NORMAL DEPARTURE LAST
                VALUE   (LST)  VALUE  FROM      YEAR
                                      NORMAL
......................................................
TEMPERATURE (F)
 YESTERDAY
  MAXIMUM         79    124 PM  87     -8       73
  MINIMUM         54    456 AM  60     -6       47
  AVERAGE         67            74     -7       60

PRECIPITATION (IN)
  YESTERDAY        0.00          0.06  -0.06     0.00
  MONTH TO DATE    0.43          2.57  -2.14     1.57
  SINCE JUN 1      6.36          5.66   0.70     2.83
  SINCE JAN 1     10.94         11.96  -1.02    10.47

DEGREE DAYS
 HEATING
  YESTERDAY        0             0      0        5
  MONTH TO DATE   17             5     12       13
  SINCE JUN 1    122            95     27       86
  SINCE JUL 1     17             5     12       13

 COOLING
  YESTERDAY        2             9     -7        0
  MONTH TO DATE  159           212    -53      247
  SINCE JUN 1    181           300   -119      329
  SINCE JAN 1    211           312   -101      342
......................................................


WIND (MPH)
  HIGHEST WIND SPEED    22   HIGHEST WIND DIRECTION     N (350)
  HIGHEST GUST SPEED    35   HIGHEST GUST DIRECTION     N (360)
  AVERAGE WIND SPEED    12.3




RELATIVE HUMIDITY (PERCENT)
 HIGHEST    83           400 AM
 LOWEST     43           300 PM
 AVERAGE    63

..........................................................




SUNRISE AND SUNSET
JULY 28 2014..........SUNRISE   529 AM MDT   SUNSET   820 PM MDT
JULY 29 2014..........SUNRISE   530 AM MDT   SUNSET   818 PM MDT


-  INDICATES NEGATIVE NUMBERS.
R  INDICATES RECORD WAS SET OR TIED.
MM INDICATES DATA IS MISSING.
T  INDICATES TRACE AMOUNT.




$$
