000
CDUS43 KUNR 290831
CLID07


CLIMATE REPORT
NATIONAL WEATHER SERVICE RAPID CITY SD
231 AM MDT THU JUN 29 2017


...................................

...THE FAITH SD CLIMATE SUMMARY FOR JUNE 28 2017...

CLIMATE NORMAL PERIOD 1981 TO 2010
CLIMATE RECORD PERIOD 9999 TO 9999


WEATHER ITEM   OBSERVED TIME   NORMAL DEPARTURE LAST
                VALUE   (LST)  VALUE  FROM      YEAR
                                      NORMAL
......................................................
TEMPERATURE (F)
 YESTERDAY
  MAXIMUM         85    413 PM  82      3       86
  MINIMUM         62   1141 PM  56      6       58
  AVERAGE         74            69      5       72

PRECIPITATION (IN)
  YESTERDAY        0.00          0.13  -0.13     0.00
  MONTH TO DATE    2.05          2.84  -0.79     1.12
  SINCE JUN 1      2.05          2.84  -0.79     1.12
  SINCE JAN 1      6.33          9.14  -2.81     7.97

DEGREE DAYS
 HEATING
  YESTERDAY        0             1     -1        0
  MONTH TO DATE   27            87    -60       15
  SINCE JUN 1     27            87    -60       15
  SINCE JUL 1   7127          7706   -579     6578

 COOLING
  YESTERDAY        9             5      4        7
  MONTH TO DATE  126            76     50      164
  SINCE JUN 1    126            76     50      164
  SINCE JAN 1    138            88     50      166
......................................................


WIND (MPH)
  HIGHEST WIND SPEED    23   HIGHEST WIND DIRECTION     N (360)
  HIGHEST GUST SPEED    28   HIGHEST GUST DIRECTION     N (350)
  AVERAGE WIND SPEED    12.1




RELATIVE HUMIDITY (PERCENT)
 HIGHEST    78           500 AM
 LOWEST     14           400 PM
 AVERAGE    46

..........................................................




SUNRISE AND SUNSET
JUNE 29 2017..........SUNRISE   504 AM MDT   SUNSET   839 PM MDT
JUNE 30 2017..........SUNRISE   505 AM MDT   SUNSET   839 PM MDT


-  INDICATES NEGATIVE NUMBERS.
R  INDICATES RECORD WAS SET OR TIED.
MM INDICATES DATA IS MISSING.
T  INDICATES TRACE AMOUNT.




$$
