000
CDUS42 KMLB 232019
CLIDAB


CLIMATE REPORT
NATIONAL WEATHER SERVICE MELBOURNE FL
418 PM EDT SUN APR 23 2017


...................................

...THE DAYTONA BEACH CLIMATE SUMMARY FOR APRIL 23 2017...
VALID TODAY AS OF 0400 PM LOCAL TIME.

CLIMATE NORMAL PERIOD 1981 TO 2010
CLIMATE RECORD PERIOD 1923 TO 2017


WEATHER ITEM   OBSERVED TIME   RECORD YEAR NORMAL DEPARTURE LAST
                VALUE   (LST)  VALUE       VALUE  FROM      YEAR
                                                  NORMAL
..................................................................
TEMPERATURE (F)
 TODAY
  MAXIMUM         84    240 PM  92    1988  80      4       83
                                      1963
  MINIMUM         68    252 AM  42    1993  60      8       66
  AVERAGE         76                        70      6       75

PRECIPITATION (IN)
  TODAY            0.00          1.14 1983   0.06  -0.06     0.00
  MONTH TO DATE    1.22                      1.79  -0.57     2.05
  SINCE MAR 1      2.29                      6.03  -3.74     3.48
  SINCE JAN 1      6.30                     11.55  -5.25    14.19

SNOWFALL (IN)
  TODAY            0.0
  MONTH TO DATE    0.0
  SINCE JUL 1      0.0

DEGREE DAYS
 HEATING
  TODAY            0                         1     -1        0
  MONTH TO DATE   13                        26    -13        5
  SINCE MAR 1     95                       123    -28       43
  SINCE JUL 1    401                       805   -404      508

 COOLING
  TODAY           11                         6      5       10
  MONTH TO DATE  148                       101     47      137
  SINCE MAR 1    269                       178     91      317
  SINCE JAN 1    389                       243    146      367
..................................................................


WIND (MPH)
  HIGHEST WIND SPEED    15   HIGHEST WIND DIRECTION     E (80)
  HIGHEST GUST SPEED    20   HIGHEST GUST DIRECTION     E (80)
  AVERAGE WIND SPEED     4.8


SKY COVER
  AVERAGE SKY COVER 0.7


WEATHER CONDITIONS
 THE FOLLOWING WEATHER WAS RECORDED TODAY.
  NO SIGNIFICANT WEATHER WAS OBSERVED.


RELATIVE HUMIDITY (PERCENT)
 HIGHEST   100           400 AM
 LOWEST     58           300 PM
 AVERAGE    79

..........................................................


THE DAYTONA BEACH CLIMATE NORMALS FOR TOMORROW
                         NORMAL    RECORD    YEAR
 MAXIMUM TEMPERATURE (F)   81        96      1968
 MINIMUM TEMPERATURE (F)   60        41      1986


SUNRISE AND SUNSET
APRIL 23 2017.........SUNRISE   650 AM EDT   SUNSET   756 PM EDT
APRIL 24 2017.........SUNRISE   649 AM EDT   SUNSET   756 PM EDT


-  INDICATES NEGATIVE NUMBERS.
R  INDICATES RECORD WAS SET OR TIED.
MM INDICATES DATA IS MISSING.
T  INDICATES TRACE AMOUNT.




$$
