000
CDUS42 KMLB 310629
CLIDAB


CLIMATE REPORT
NATIONAL WEATHER SERVICE MELBOURNE FL
227 AM EDT TUE MAY 31 2016


...................................

...THE DAYTONA BEACH CLIMATE SUMMARY FOR MAY 30 2016...

CLIMATE NORMAL PERIOD 1981 TO 2010
CLIMATE RECORD PERIOD 1923 TO 2016


WEATHER ITEM   OBSERVED TIME   RECORD YEAR NORMAL DEPARTURE LAST
                VALUE   (LST)  VALUE       VALUE  FROM      YEAR
                                                  NORMAL
..................................................................
TEMPERATURE (F)
 YESTERDAY
  MAXIMUM         93    207 PM  98    1945  87      6       86
  MINIMUM         69   1037 PM  53    1935  69      0       70
  AVERAGE         81                        78      3       78

PRECIPITATION (IN)
  YESTERDAY        1.18          1.56 1930   0.16   1.02     0.01
  MONTH TO DATE    5.70                      2.96   2.74     2.62
  SINCE MAR 1      9.29                      9.38  -0.09     8.91
  SINCE JAN 1     20.00                     14.90   5.10    14.34

SNOWFALL (IN)
  YESTERDAY        0.0
  MONTH TO DATE    0.0
  SINCE JUL 1      0.0

DEGREE DAYS
 HEATING
  YESTERDAY        0                         0      0        0
  MONTH TO DATE    0                         0      0        0
  SINCE MAR 1     43                       125    -82       35
  SINCE JUL 1    508                       807   -299      682

 COOLING
  YESTERDAY       16                        13      3       13
  MONTH TO DATE  325                       300     25      355
  SINCE MAR 1    709                       522    187      860
  SINCE JAN 1    759                       587    172      900
..................................................................


WIND (MPH)
  HIGHEST WIND SPEED    32   HIGHEST WIND DIRECTION    NW (330)
  HIGHEST GUST SPEED    45   HIGHEST GUST DIRECTION    NW (320)
  AVERAGE WIND SPEED     6.8


SKY COVER
  AVERAGE SKY COVER 0.5


WEATHER CONDITIONS
 THE FOLLOWING WEATHER WAS RECORDED YESTERDAY.
  THUNDERSTORM
  HEAVY RAIN
  RAIN
  LIGHT RAIN
  FOG


RELATIVE HUMIDITY (PERCENT)
 HIGHEST   100           300 AM
 LOWEST     44           100 PM
 AVERAGE    72

..........................................................


THE DAYTONA BEACH CLIMATE NORMALS FOR TODAY
                         NORMAL    RECORD    YEAR
 MAXIMUM TEMPERATURE (F)   87        99      2004
 MINIMUM TEMPERATURE (F)   69        54      1935


SUNRISE AND SUNSET
MAY 31 2016...........SUNRISE   626 AM EDT   SUNSET   819 PM EDT
JUNE  1 2016..........SUNRISE   625 AM EDT   SUNSET   819 PM EDT


-  INDICATES NEGATIVE NUMBERS.
R  INDICATES RECORD WAS SET OR TIED.
MM INDICATES DATA IS MISSING.
T  INDICATES TRACE AMOUNT.

&&

DAYTONA BEACH SURF TEMPERATURE IS 80 DEGREES.

$$
