000
CDUS42 KMLB 012019
CLIDAB


CLIMATE REPORT
NATIONAL WEATHER SERVICE MELBOURNE FL
417 PM EDT TUE SEP 1 2015


...................................

...THE DAYTONA BEACH CLIMATE SUMMARY FOR SEPTEMBER 1 2015...
VALID TODAY AS OF 0400 PM LOCAL TIME.

CLIMATE NORMAL PERIOD 1981 TO 2010
CLIMATE RECORD PERIOD 1923 TO 2015


WEATHER ITEM   OBSERVED TIME   RECORD YEAR NORMAL DEPARTURE LAST
                VALUE   (LST)  VALUE       VALUE  FROM      YEAR
                                                  NORMAL
..................................................................
TEMPERATURE (F)
 TODAY
  MAXIMUM         91    246 PM  94    2000  88      3       92
                                      1998
                                      1970
  MINIMUM         75    620 AM  66    1939  73      2       74
                                      1938
  AVERAGE         83                        81      2       83

PRECIPITATION (IN)
  TODAY            0.00          3.88 1995   0.24  -0.24     0.00
  MONTH TO DATE    0.00                      0.24  -0.24     0.00
  SINCE SEP 1      0.00                      0.24  -0.24     0.00
  SINCE JAN 1     31.29                     33.37  -2.08    33.17

SNOWFALL (IN)
  TODAY            0.0
  MONTH TO DATE    0.0
  SINCE JUL 1      0.0

DEGREE DAYS
 HEATING
  TODAY            0                         0      0        0
  MONTH TO DATE    0                         0      0        0
  SINCE SEP 1      0                         0      0        0
  SINCE JUL 1      0                         0      0        0

 COOLING
  TODAY           18                        16      2       18
  MONTH TO DATE   18                        16      2       18
  SINCE SEP 1     18                        16      2       18
  SINCE JAN 1   2512                      2090    422     2210
..................................................................


WIND (MPH)
  HIGHEST WIND SPEED    10   HIGHEST WIND DIRECTION     S (200)
  HIGHEST GUST SPEED    14   HIGHEST GUST DIRECTION     S (180)
  AVERAGE WIND SPEED     3.7


SKY COVER
  AVERAGE SKY COVER 0.5


WEATHER CONDITIONS
 THE FOLLOWING WEATHER WAS RECORDED TODAY.
  NO SIGNIFICANT WEATHER WAS OBSERVED.


RELATIVE HUMIDITY (PERCENT)
 HIGHEST   100           200 AM
 LOWEST     59           100 PM
 AVERAGE    80

..........................................................


THE DAYTONA BEACH CLIMATE NORMALS FOR TOMORROW
                         NORMAL    RECORD    YEAR
 MAXIMUM TEMPERATURE (F)   88        96      1947
 MINIMUM TEMPERATURE (F)   73        64      1999


SUNRISE AND SUNSET
SEPTEMBER  1 2015.....SUNRISE   702 AM EDT   SUNSET   746 PM EDT
SEPTEMBER  2 2015.....SUNRISE   702 AM EDT   SUNSET   745 PM EDT


-  INDICATES NEGATIVE NUMBERS.
R  INDICATES RECORD WAS SET OR TIED.
MM INDICATES DATA IS MISSING.
T  INDICATES TRACE AMOUNT.




$$
