000
CDUS42 KMLB 232026
CLIDAB


CLIMATE REPORT
NATIONAL WEATHER SERVICE MELBOURNE
424 PM EDT WED APR 23 2014


...................................

...THE DAYTONA BEACH CLIMATE SUMMARY FOR APRIL 23 2014...
VALID TODAY AS OF 0400 PM LOCAL TIME.

CLIMATE NORMAL PERIOD 1981 TO 2010
CLIMATE RECORD PERIOD 1923 TO 2014


WEATHER ITEM   OBSERVED TIME   RECORD YEAR NORMAL DEPARTURE LAST
                VALUE   (LST)  VALUE       VALUE  FROM      YEAR
                                                  NORMAL
..................................................................
TEMPERATURE (F)
 TODAY
  MAXIMUM         83   1239 PM  92    1988  80      3       75
                                      1963
  MINIMUM         60    553 AM  42    1993  60      0       57
  AVERAGE         72                        70      2       66

PRECIPITATION (IN)
  TODAY            0.00          1.14 1983   0.06  -0.06     0.00
  MONTH TO DATE    2.23                      1.79   0.44     1.77
  SINCE MAR 1      6.95                      6.03   0.92     2.59
  SINCE JAN 1     13.53                     11.55   1.98     4.47

SNOWFALL (IN)
  TODAY            0.0
  MONTH TO DATE    0.0
  SINCE JUL 1      0.0

DEGREE DAYS
 HEATING
  TODAY            0                         1     -1        0
  MONTH TO DATE    9                        26    -17        2
  SINCE MAR 1     89                       123    -34      228
  SINCE JUL 1    602                       805   -203      694

 COOLING
  TODAY            7                         6      1        1
  MONTH TO DATE  112                       101     11      146
  SINCE MAR 1    171                       178     -7      183
  SINCE JAN 1    255                       243     12      316
..................................................................


WIND (MPH)
  HIGHEST WIND SPEED    13   HIGHEST WIND DIRECTION    NE (50)
  HIGHEST GUST SPEED    16   HIGHEST GUST DIRECTION    NE (60)
  AVERAGE WIND SPEED     6.0


SKY COVER
  AVERAGE SKY COVER 0.2


WEATHER CONDITIONS
 THE FOLLOWING WEATHER WAS RECORDED TODAY.
  FOG


RELATIVE HUMIDITY (PERCENT)
 HIGHEST   100           300 AM
 LOWEST     54           200 PM
 AVERAGE    77

..........................................................


THE DAYTONA BEACH CLIMATE NORMALS FOR TOMORROW
                         NORMAL    RECORD    YEAR
 MAXIMUM TEMPERATURE (F)   81        96      1968
 MINIMUM TEMPERATURE (F)   60        41      1986


SUNRISE AND SUNSET
APRIL 23 2014.........SUNRISE   650 AM EDT   SUNSET   755 PM EDT
APRIL 24 2014.........SUNRISE   649 AM EDT   SUNSET   756 PM EDT


-  INDICATES NEGATIVE NUMBERS.
R  INDICATES RECORD WAS SET OR TIED.
MM INDICATES DATA IS MISSING.
T  INDICATES TRACE AMOUNT.

&&

DAYTONA BEACH SURF TEMPERATURE 65 DEGREES

$$
