000
CDUS42 KMLB 040638
CLIDAB


CLIMATE REPORT
NATIONAL WEATHER SERVICE MELBOURNE FL
228 AM EDT SAT JUL 4 2015


...................................

...THE DAYTONA BEACH CLIMATE SUMMARY FOR JULY 3 2015...

CLIMATE NORMAL PERIOD 1981 TO 2010
CLIMATE RECORD PERIOD 1923 TO 2015


WEATHER ITEM   OBSERVED TIME   RECORD YEAR NORMAL DEPARTURE LAST
                VALUE   (LST)  VALUE       VALUE  FROM      YEAR
                                                  NORMAL
..................................................................
TEMPERATURE (F)
 YESTERDAY
  MAXIMUM         91    102 PM  96    1998  90      1       94
                                      1978
                                      1927
  MINIMUM         71    603 AM  65    1962  73     -2       74
                                      1937
  AVERAGE         81                        81      0       84

PRECIPITATION (IN)
  YESTERDAY        0.00          2.10 1923   0.20  -0.20     0.20
  MONTH TO DATE    0.31                      0.58  -0.27     0.34
  SINCE JUN 1      5.70                      6.41  -0.71     4.09
  SINCE JAN 1     20.04                     21.48  -1.44    23.84

SNOWFALL (IN)
  YESTERDAY        0.0
  MONTH TO DATE    0.0
  SINCE JUL 1      0.0

DEGREE DAYS
 HEATING
  YESTERDAY        0                         0      0        0
  MONTH TO DATE    0                         0      0        0
  SINCE JUN 1      0                         0      0        0
  SINCE JUL 1      0                         0      0        0

 COOLING
  YESTERDAY       16                        16      0       19
  MONTH TO DATE   51                        48      3       52
  SINCE JUN 1    548                       495     53      500
  SINCE JAN 1   1461                      1096    365     1166
..................................................................


WIND (MPH)
  HIGHEST WIND SPEED    13   HIGHEST WIND DIRECTION     E (80)
  HIGHEST GUST SPEED    16   HIGHEST GUST DIRECTION     E (110)
  AVERAGE WIND SPEED     5.6


SKY COVER
  AVERAGE SKY COVER 0.4


WEATHER CONDITIONS
 THE FOLLOWING WEATHER WAS RECORDED YESTERDAY.
  NO SIGNIFICANT WEATHER WAS OBSERVED.


RELATIVE HUMIDITY (PERCENT)
 HIGHEST    93          1200 AM
 LOWEST     50          1200 PM
 AVERAGE    72

..........................................................


THE DAYTONA BEACH CLIMATE NORMALS FOR TODAY
                         NORMAL    RECORD    YEAR
 MAXIMUM TEMPERATURE (F)   90        97      1997
                                             1932
 MINIMUM TEMPERATURE (F)   73        63      1984


SUNRISE AND SUNSET
JULY  4 2015..........SUNRISE   630 AM EDT   SUNSET   827 PM EDT
JULY  5 2015..........SUNRISE   630 AM EDT   SUNSET   827 PM EDT


-  INDICATES NEGATIVE NUMBERS.
R  INDICATES RECORD WAS SET OR TIED.
MM INDICATES DATA IS MISSING.
T  INDICATES TRACE AMOUNT.




$$
