000
CDUS42 KMLB 230626
CLIDAB


CLIMATE REPORT
NATIONAL WEATHER SERVICE MELBOURNE FL
225 AM EDT THU MAR 23 2017


...................................

...THE DAYTONA BEACH CLIMATE SUMMARY FOR MARCH 22 2017...

CLIMATE NORMAL PERIOD 1981 TO 2010
CLIMATE RECORD PERIOD 1923 TO 2017


WEATHER ITEM   OBSERVED TIME   RECORD YEAR NORMAL DEPARTURE LAST
                VALUE   (LST)  VALUE       VALUE  FROM      YEAR
                                                  NORMAL
..................................................................
TEMPERATURE (F)
 YESTERDAY
  MAXIMUM         88    322 PM  89    1935  75     13       70
  MINIMUM         58    327 AM  34    1960  55      3       42
  AVERAGE         73                        65      8       56

PRECIPITATION (IN)
  YESTERDAY        T             4.98 1953   0.14  -0.14     0.00
  MONTH TO DATE    0.87                      3.02  -2.15     0.62
  SINCE MAR 1      0.87                      3.02  -2.15     0.62
  SINCE JAN 1      4.88                      8.54  -3.66    11.33

SNOWFALL (IN)
  YESTERDAY        0.0
  MONTH TO DATE    0.0
  SINCE JUL 1      0.0

DEGREE DAYS
 HEATING
  YESTERDAY        0                         2     -2        9
  MONTH TO DATE   82                        78      4       37
  SINCE MAR 1     82                        78      4       37
  SINCE JUL 1    388                       760   -372      502

 COOLING
  YESTERDAY        8                         3      5        0
  MONTH TO DATE   59                        51      8      111
  SINCE MAR 1     59                        51      8      111
  SINCE JAN 1    179                       116     63      161
..................................................................


WIND (MPH)
  HIGHEST WIND SPEED    22   HIGHEST WIND DIRECTION    NE (60)
  HIGHEST GUST SPEED    27   HIGHEST GUST DIRECTION    NE (60)
  AVERAGE WIND SPEED     9.7


SKY COVER
  AVERAGE SKY COVER 0.4


WEATHER CONDITIONS
 THE FOLLOWING WEATHER WAS RECORDED YESTERDAY.
  LIGHT RAIN
  FOG


RELATIVE HUMIDITY (PERCENT)
 HIGHEST   100           300 AM
 LOWEST     36           300 PM
 AVERAGE    68

..........................................................


THE DAYTONA BEACH CLIMATE NORMALS FOR TODAY
                         NORMAL    RECORD    YEAR
 MAXIMUM TEMPERATURE (F)   76        92      1935
 MINIMUM TEMPERATURE (F)   55        37      1963


SUNRISE AND SUNSET
MARCH 23 2017.........SUNRISE   724 AM EDT   SUNSET   738 PM EDT
MARCH 24 2017.........SUNRISE   723 AM EDT   SUNSET   738 PM EDT


-  INDICATES NEGATIVE NUMBERS.
R  INDICATES RECORD WAS SET OR TIED.
MM INDICATES DATA IS MISSING.
T  INDICATES TRACE AMOUNT.




$$
