000
CDUS42 KMLB 230635
CLIDAB


CLIMATE REPORT
NATIONAL WEATHER SERVICE MELBOURNE FL
235 AM EDT TUE MAY 23 2017


...................................

...THE DAYTONA BEACH CLIMATE SUMMARY FOR MAY 22 2017...

CLIMATE NORMAL PERIOD 1981 TO 2010
CLIMATE RECORD PERIOD 1923 TO 2017


WEATHER ITEM   OBSERVED TIME   RECORD YEAR NORMAL DEPARTURE LAST
                VALUE   (LST)  VALUE       VALUE  FROM      YEAR
                                                  NORMAL
..................................................................
TEMPERATURE (F)
 YESTERDAY
  MAXIMUM         91   1203 PM  97    1962  86      5       88
                                      1940
                                      1938
  MINIMUM         70    235 AM  55    1954  67      3       70
  AVERAGE         81                        77      4       79

PRECIPITATION (IN)
  YESTERDAY        0.54          2.56 2009   0.11   0.43     0.00
  MONTH TO DATE    1.84                      1.83   0.01     4.52
  SINCE MAR 1      4.13                      8.25  -4.12     8.11
  SINCE JAN 1      8.14                     13.77  -5.63    18.82

SNOWFALL (IN)
  YESTERDAY        0.0
  MONTH TO DATE    0.0
  SINCE JUL 1      0.0

DEGREE DAYS
 HEATING
  YESTERDAY        0                         0      0        0
  MONTH TO DATE    0                         0      0        0
  SINCE MAR 1     95                       125    -30       43
  SINCE JUL 1    401                       807   -406      508

 COOLING
  YESTERDAY       16                        11      5       14
  MONTH TO DATE  232                       201     31      227
  SINCE MAR 1    578                       423    155      611
  SINCE JAN 1    698                       488    210      661
..................................................................


WIND (MPH)
  HIGHEST WIND SPEED    15   HIGHEST WIND DIRECTION    NW (300)
  HIGHEST GUST SPEED    22   HIGHEST GUST DIRECTION    NW (310)
  AVERAGE WIND SPEED     5.0


SKY COVER
  AVERAGE SKY COVER 0.7


WEATHER CONDITIONS
 THE FOLLOWING WEATHER WAS RECORDED YESTERDAY.
  THUNDERSTORM
  HEAVY RAIN
  RAIN
  LIGHT RAIN
  FOG


RELATIVE HUMIDITY (PERCENT)
 HIGHEST   100           200 AM
 LOWEST     44          1200 PM
 AVERAGE    72

..........................................................


THE DAYTONA BEACH CLIMATE NORMALS FOR TODAY
                         NORMAL    RECORD    YEAR
 MAXIMUM TEMPERATURE (F)   86        95      1940
 MINIMUM TEMPERATURE (F)   67        54      1981


SUNRISE AND SUNSET
MAY 23 2017...........SUNRISE   628 AM EDT   SUNSET   814 PM EDT
MAY 24 2017...........SUNRISE   628 AM EDT   SUNSET   815 PM EDT


-  INDICATES NEGATIVE NUMBERS.
R  INDICATES RECORD WAS SET OR TIED.
MM INDICATES DATA IS MISSING.
T  INDICATES TRACE AMOUNT.




$$
