000
CDUS42 KMLB 222026
CLIDAB


CLIMATE REPORT
NATIONAL WEATHER SERVICE MELBOURNE FL
426 PM EDT SUN OCT 22 2017


...................................

...THE DAYTONA BEACH CLIMATE SUMMARY FOR OCTOBER 22 2017...
VALID TODAY AS OF 0400 PM LOCAL TIME.

CLIMATE NORMAL PERIOD 1981 TO 2010
CLIMATE RECORD PERIOD 1923 TO 2017


WEATHER ITEM   OBSERVED TIME   RECORD YEAR NORMAL DEPARTURE LAST
                VALUE   (LST)  VALUE       VALUE  FROM      YEAR
                                                  NORMAL
..................................................................
TEMPERATURE (F)
 TODAY
  MAXIMUM         86    255 PM  92    2006  81      5       74
  MINIMUM         75   1205 AM  44    1989  64     11       56
  AVERAGE         81                        72      9       65

PRECIPITATION (IN)
  TODAY            0.05          3.78 1941   0.11  -0.06     0.00
  MONTH TO DATE    6.36                      3.31   3.05     7.97
  SINCE SEP 1     16.04                     10.27   5.77    16.21
  SINCE JAN 1     45.71                     43.40   2.31    43.84

SNOWFALL (IN)
  TODAY            0.0
  MONTH TO DATE    0.0
  SINCE JUL 1      0.0

DEGREE DAYS
 HEATING
  TODAY            0                         0      0        0
  MONTH TO DATE    0                         0      0        0
  SINCE SEP 1      0                         0      0        0
  SINCE JUL 1      0                         0      0        0

 COOLING
  TODAY           16                         8      8        0
  MONTH TO DATE  333                       225    108      266
  SINCE SEP 1    815                       661    154      746
  SINCE JAN 1   3242                      2735    507     3211
..................................................................


WIND (MPH)
  HIGHEST WIND SPEED    14   HIGHEST WIND DIRECTION     E (80)
  HIGHEST GUST SPEED    20   HIGHEST GUST DIRECTION     E (80)
  AVERAGE WIND SPEED     7.2


SKY COVER
  AVERAGE SKY COVER 0.5


WEATHER CONDITIONS
 THE FOLLOWING WEATHER WAS RECORDED TODAY.
  RAIN
  LIGHT RAIN
  FOG


RELATIVE HUMIDITY (PERCENT)
 HIGHEST    97           700 AM
 LOWEST     70           200 PM
 AVERAGE    84

..........................................................


THE DAYTONA BEACH CLIMATE NORMALS FOR TOMORROW
                         NORMAL    RECORD    YEAR
 MAXIMUM TEMPERATURE (F)   81        90      2007
 MINIMUM TEMPERATURE (F)   64        48      1937


SUNRISE AND SUNSET
OCTOBER 22 2017.......SUNRISE   730 AM EDT   SUNSET   647 PM EDT
OCTOBER 23 2017.......SUNRISE   731 AM EDT   SUNSET   646 PM EDT


-  INDICATES NEGATIVE NUMBERS.
R  INDICATES RECORD WAS SET OR TIED.
MM INDICATES DATA IS MISSING.
T  INDICATES TRACE AMOUNT.




$$
