000
CDUS41 KRNK 170526
CLIDAN


CLIMATE REPORT
NATIONAL WEATHER SERVICE BLACKSBURG VA
124 AM EDT THU AUG 17 2017


...................................

...THE DANVILLE VA CLIMATE SUMMARY FOR AUGUST 16 2017...

CLIMATE NORMAL PERIOD 1981 TO 2010
CLIMATE RECORD PERIOD 1948 TO 2017


WEATHER ITEM   OBSERVED TIME   RECORD YEAR NORMAL DEPARTURE LAST
                VALUE   (LST)  VALUE       VALUE  FROM      YEAR
                                                  NORMAL
..................................................................
TEMPERATURE (F)
 YESTERDAY
  MAXIMUM         90    307 PM 102    1980  86      4       92
  MINIMUM         69    602 AM  52    1964  68      1       73
  AVERAGE         80                        77      3       83

PRECIPITATION (IN)
  YESTERDAY        0.00          0.54 1949   0.12  -0.12     0.00
  MONTH TO DATE    3.28                      1.94   1.34     3.90
  SINCE JUN 1     12.31                     10.38   1.93    15.67
  SINCE JAN 1     33.31                     28.26   5.05    35.22

SNOWFALL (IN)
  YESTERDAY        0.0                                       0.0
  MONTH TO DATE    0.0                                       0.0
  SINCE JUN 1      0.0                                       0.0
  SINCE JUL 1      0.0                                       0.0
  SNOW DEPTH       0

DEGREE DAYS
 HEATING
  YESTERDAY        0                         0      0        0
  MONTH TO DATE    0                         0      0        0
  SINCE JUN 1      3                         3      0        0
  SINCE JUL 1      0                         0      0        0

 COOLING
  YESTERDAY       15                        12      3       18
  MONTH TO DATE  166                       206    -40      238
  SINCE JUN 1    824                       915    -91      966
  SINCE JAN 1   1020                      1059    -39     1105
..................................................................


WIND (MPH)
  HIGHEST WIND SPEED     7   HIGHEST WIND DIRECTION     N (10)
  HIGHEST GUST SPEED    10   HIGHEST GUST DIRECTION     N (340)
  AVERAGE WIND SPEED     1.6


SKY COVER
  AVERAGE SKY COVER 0.3


WEATHER CONDITIONS
 THE FOLLOWING WEATHER WAS RECORDED YESTERDAY.
  NO SIGNIFICANT WEATHER WAS OBSERVED.


RELATIVE HUMIDITY (PERCENT)
 HIGHEST   100          1200 AM
 LOWEST     59           300 PM
 AVERAGE    80

..........................................................


THE DANVILLE VA CLIMATE NORMALS FOR TODAY
                         NORMAL    RECORD    YEAR
 MAXIMUM TEMPERATURE (F)   86        99      1997
 MINIMUM TEMPERATURE (F)   68        54      1979


SUNRISE AND SUNSET
AUGUST 17 2017........SUNRISE   637 AM EDT   SUNSET   805 PM EDT
AUGUST 18 2017........SUNRISE   638 AM EDT   SUNSET   804 PM EDT


-  INDICATES NEGATIVE NUMBERS.
R  INDICATES RECORD WAS SET OR TIED.
MM INDICATES DATA IS MISSING.
T  INDICATES TRACE AMOUNT.




$$
