000
CDUS41 KRNK 280755
CLIDAN


CLIMATE REPORT
NATIONAL WEATHER SERVICE BLACKSBURG VA
252 AM EST SUN DEC 28 2014


...................................

...THE DANVILLE VA CLIMATE SUMMARY FOR DECEMBER 27 2014...

CLIMATE NORMAL PERIOD 1981 TO 2010
CLIMATE RECORD PERIOD 1948 TO 2014


WEATHER ITEM   OBSERVED TIME   RECORD YEAR NORMAL DEPARTURE LAST
                VALUE   (LST)  VALUE       VALUE  FROM      YEAR
                                                  NORMAL
..................................................................
TEMPERATURE (F)
 YESTERDAY
  MAXIMUM         65    336 PM  77    1982  47     18       52
  MINIMUM         29    740 AM   6    1983  29      0       24
  AVERAGE         47                        38      9

PRECIPITATION (IN)
  YESTERDAY        0.00          0.60 1964   0.09  -0.09     0.00
  MONTH TO DATE    1.96                      2.94  -0.98     3.13
  SINCE DEC 1      1.96                      2.94  -0.98     3.13
  SINCE JAN 1     42.44                     44.08  -1.64    49.68

SNOWFALL (IN)
  YESTERDAY        0.0
  MONTH TO DATE    T
  SINCE DEC 1      T
  SINCE JUL 1      T
  SNOW DEPTH       0

DEGREE DAYS
 HEATING
  YESTERDAY       18                        27     -9
  MONTH TO DATE  572                       665    -93
  SINCE DEC 1    572                       665    -93
  SINCE JUL 1   1332                      1374    -42

 COOLING
  YESTERDAY        0                         0      0
  MONTH TO DATE    0                         0      0
  SINCE DEC 1      0                         0      0
  SINCE JAN 1   1419                      1439    -20
..................................................................


WIND (MPH)
  HIGHEST WIND SPEED     8   HIGHEST WIND DIRECTION     S (190)
  HIGHEST GUST SPEED    14   HIGHEST GUST DIRECTION     S (200)
  AVERAGE WIND SPEED     3.0


SKY COVER
  POSSIBLE SUNSHINE  MM
  AVERAGE SKY COVER 0.0


WEATHER CONDITIONS
 THE FOLLOWING WEATHER WAS RECORDED YESTERDAY.
  NO SIGNIFICANT WEATHER WAS OBSERVED.


RELATIVE HUMIDITY (PERCENT)
 HIGHEST    92           600 AM
 LOWEST     31           300 PM
 AVERAGE    62

..........................................................


THE DANVILLE VA CLIMATE NORMALS FOR TODAY
                         NORMAL    RECORD    YEAR
 MAXIMUM TEMPERATURE (F)   47        72      1971
 MINIMUM TEMPERATURE (F)   29        13      1966


SUNRISE AND SUNSET
DECEMBER 28 2014......SUNRISE   728 AM EST   SUNSET   509 PM EST
DECEMBER 29 2014......SUNRISE   729 AM EST   SUNSET   510 PM EST


-  INDICATES NEGATIVE NUMBERS.
R  INDICATES RECORD WAS SET OR TIED.
MM INDICATES DATA IS MISSING.
T  INDICATES TRACE AMOUNT.


$$
