000
CDUS41 KRNK 230539
CLIDAN


CLIMATE REPORT
NATIONAL WEATHER SERVICE BLACKSBURG VA
1237 AM EST THU FEB 23 2017


...................................

...THE DANVILLE VA CLIMATE SUMMARY FOR FEBRUARY 22 2017...

CLIMATE NORMAL PERIOD 1981 TO 2010
CLIMATE RECORD PERIOD 1948 TO 2017


WEATHER ITEM   OBSERVED TIME   RECORD YEAR NORMAL DEPARTURE LAST
                VALUE   (LST)  VALUE       VALUE  FROM      YEAR
                                                  NORMAL
..................................................................
TEMPERATURE (F)
 YESTERDAY
  MAXIMUM         57    431 PM  73    1976  52      5       53
  MINIMUM         43    108 AM  10    1968  33     10       46
  AVERAGE         50                        42      8       50

PRECIPITATION (IN)
  YESTERDAY        0.12          0.97 1989   0.10   0.02     0.01
  MONTH TO DATE    0.81                      2.43  -1.62     3.30
  SINCE DEC 1      6.31                      9.12  -2.81    11.40
  SINCE JAN 1      4.69                      5.85  -1.16     5.84

SNOWFALL (IN)
  YESTERDAY       MM                                         0.0
  MONTH TO DATE    T                                         1.9
  SINCE DEC 1      8.8                                      11.1
  SINCE JUL 1      8.8                                      11.1
  SNOW DEPTH       0

DEGREE DAYS
 HEATING
  YESTERDAY       15                        23     -8       15
  MONTH TO DATE  379                       544   -165      538
  SINCE DEC 1   1819                      2163   -344     1812
  SINCE JUL 1   2389                      2872   -483     2354

 COOLING
  YESTERDAY        0                         0      0        0
  MONTH TO DATE    5                         0      5        0
  SINCE DEC 1      5                         0      5       11
  SINCE JAN 1      5                         0      5        0
..................................................................


WIND (MPH)
  HIGHEST WIND SPEED     6   HIGHEST WIND DIRECTION     S (200)
  HIGHEST GUST SPEED     8   HIGHEST GUST DIRECTION     S (190)
  AVERAGE WIND SPEED     1.2


SKY COVER
  AVERAGE SKY COVER 0.9


WEATHER CONDITIONS
 THE FOLLOWING WEATHER WAS RECORDED YESTERDAY.
  RAIN
  LIGHT RAIN
  FOG
  FOG W/VISIBILITY <= 1/4 MILE


RELATIVE HUMIDITY (PERCENT)
 HIGHEST   100           700 AM
 LOWEST     83          1200 AM
 AVERAGE    92

..........................................................


THE DANVILLE VA CLIMATE NORMALS FOR TODAY
                         NORMAL    RECORD    YEAR
 MAXIMUM TEMPERATURE (F)   52        73      1980
 MINIMUM TEMPERATURE (F)   33        10      1968


SUNRISE AND SUNSET
FEBRUARY 23 2017......SUNRISE   655 AM EST   SUNSET   606 PM EST
FEBRUARY 24 2017......SUNRISE   654 AM EST   SUNSET   607 PM EST


-  INDICATES NEGATIVE NUMBERS.
R  INDICATES RECORD WAS SET OR TIED.
MM INDICATES DATA IS MISSING.
T  INDICATES TRACE AMOUNT.




$$
