000
CDUS41 KRNK 300748
CLIDAN


CLIMATE REPORT
NATIONAL WEATHER SERVICE BLACKSBURG VA
340 AM EDT SUN APR 30 2017


...................................

...THE DANVILLE VA CLIMATE SUMMARY FOR APRIL 29 2017...

CLIMATE NORMAL PERIOD 1981 TO 2010
CLIMATE RECORD PERIOD 1948 TO 2017


WEATHER ITEM   OBSERVED TIME   RECORD YEAR NORMAL DEPARTURE LAST
                VALUE   (LST)  VALUE       VALUE  FROM      YEAR
                                                  NORMAL
..................................................................
TEMPERATURE (F)
 YESTERDAY
  MAXIMUM         86    425 PM  91    1981  74     12       78
  MINIMUM         68    342 AM  35    2010  50     18       57
                                      1973
  AVERAGE         77                        62     15       68

PRECIPITATION (IN)
  YESTERDAY        0.00          2.00 1997   0.11  -0.11     0.00
  MONTH TO DATE    7.54                      3.36   4.18     2.62
  SINCE MAR 1     10.19                      7.47   2.72     4.95
  SINCE JAN 1     14.96                     13.90   1.06    11.80

SNOWFALL (IN)
  YESTERDAY        0.0                                       0.0
  MONTH TO DATE    0.0                                       0.0
  SINCE MAR 1      T                                         0.0
  SINCE JUL 1      8.8                                      11.1
  SNOW DEPTH       0

DEGREE DAYS
 HEATING
  YESTERDAY        0                         5     -5        0
  MONTH TO DATE  136                       227    -91      220
  SINCE MAR 1    614                       737   -123      513
  SINCE JUL 1   3070                      3738   -668     2975

 COOLING
  YESTERDAY       12                         2     10        3
  MONTH TO DATE   65                        29     36       26
  SINCE MAR 1     68                        32     36       47
  SINCE JAN 1     73                        32     41       47
..................................................................


WIND (MPH)
  HIGHEST WIND SPEED    15   HIGHEST WIND DIRECTION    SW (230)
  HIGHEST GUST SPEED    29   HIGHEST GUST DIRECTION    NW (320)
  AVERAGE WIND SPEED     4.9


SKY COVER
  AVERAGE SKY COVER 0.4


WEATHER CONDITIONS
 THE FOLLOWING WEATHER WAS RECORDED YESTERDAY.
  FOG


RELATIVE HUMIDITY (PERCENT)
 HIGHEST   100           200 AM
 LOWEST     61           400 PM
 AVERAGE    81

..........................................................


THE DANVILLE VA CLIMATE NORMALS FOR TODAY
                         NORMAL    RECORD    YEAR
 MAXIMUM TEMPERATURE (F)   74        92      1974
 MINIMUM TEMPERATURE (F)   51        30      1961


SUNRISE AND SUNSET
APRIL 30 2017.........SUNRISE   625 AM EDT   SUNSET   805 PM EDT
MAY  1 2017...........SUNRISE   624 AM EDT   SUNSET   806 PM EDT


-  INDICATES NEGATIVE NUMBERS.
R  INDICATES RECORD WAS SET OR TIED.
MM INDICATES DATA IS MISSING.
T  INDICATES TRACE AMOUNT.




$$
