000
CDUS41 KRNK 190801
CLIDAN


CLIMATE REPORT
NATIONAL WEATHER SERVICE BLACKSBURG VA
300 AM EST FRI JAN 19 2018


...................................

...THE DANVILLE VA CLIMATE SUMMARY FOR JANUARY 18 2018...

CLIMATE NORMAL PERIOD 1981 TO 2010
CLIMATE RECORD PERIOD 1948 TO 2018


WEATHER ITEM   OBSERVED TIME   RECORD YEAR NORMAL DEPARTURE LAST
                VALUE   (LST)  VALUE       VALUE  FROM      YEAR
                                                  NORMAL
..................................................................
TEMPERATURE (F)
 YESTERDAY
  MAXIMUM         39    301 PM  72    1974  46     -7       64
  MINIMUM          6    745 AM   0    1977  29    -23       42
  AVERAGE         23                        38    -15       53

PRECIPITATION (IN)
  YESTERDAY        T             0.90 1978   0.10  -0.10      T
  MONTH TO DATE    1.21                      1.96  -0.75     2.05
  SINCE DEC 1      1.95                      5.23  -3.28     3.67
  SINCE JAN 1      1.21                      1.96  -0.75     2.05

SNOWFALL (IN)
  YESTERDAY        T                                         0.0
  MONTH TO DATE    8.8                                       8.8
  SINCE DEC 1     13.7                                       8.8
  SINCE JUL 1     13.7                                       8.8
  SNOW DEPTH       7

DEGREE DAYS
 HEATING
  YESTERDAY       42                        27     15       12
  MONTH TO DATE  402                       497    -95      445
  SINCE DEC 1   1184                      1270    -86     1179
  SINCE JUL 1   1906                      1979    -73     1749

 COOLING
  YESTERDAY        0                         0      0        0
  MONTH TO DATE    0                         0      0        0
  SINCE DEC 1      0                         0      0        0
  SINCE JAN 1      0                         0      0        0
..................................................................


WIND (MPH)
  HIGHEST WIND SPEED    17   HIGHEST WIND DIRECTION    NW (330)
  HIGHEST GUST SPEED    24   HIGHEST GUST DIRECTION    NW (320)
  AVERAGE WIND SPEED     8.0


SKY COVER
  AVERAGE SKY COVER 0.1


WEATHER CONDITIONS
 THE FOLLOWING WEATHER WAS RECORDED YESTERDAY.
  LIGHT SNOW


RELATIVE HUMIDITY (PERCENT)
 HIGHEST    83           800 AM
 LOWEST     32           300 PM
 AVERAGE    58

..........................................................


THE DANVILLE VA CLIMATE NORMALS FOR TODAY
                         NORMAL    RECORD    YEAR
 MAXIMUM TEMPERATURE (F)   46        71      1951
 MINIMUM TEMPERATURE (F)   29         0      1994


SUNRISE AND SUNSET
JANUARY 19 2018.......SUNRISE   727 AM EST   SUNSET   529 PM EST
JANUARY 20 2018.......SUNRISE   727 AM EST   SUNSET   530 PM EST


-  INDICATES NEGATIVE NUMBERS.
R  INDICATES RECORD WAS SET OR TIED.
MM INDICATES DATA IS MISSING.
T  INDICATES TRACE AMOUNT.

REMARKS:
DUE TO MISSING DATA FROM JANUARY 4-9...ALL INFORMATION WILL BE
CALCULATED WITHOUT DATA FROM THESE DATES.

$$
