000
CDUS41 KRNK 220925
CLIDAN


CLIMATE REPORT
NATIONAL WEATHER SERVICE BLACKSBURG VA
523 AM EDT WED OCT 22 2014


...................................

...THE DANVILLE VA CLIMATE SUMMARY FOR OCTOBER 21 2014...

CLIMATE NORMAL PERIOD 1981 TO 2010
CLIMATE RECORD PERIOD 1948 TO 2014


WEATHER ITEM   OBSERVED TIME   RECORD YEAR NORMAL DEPARTURE LAST
                VALUE   (LST)  VALUE       VALUE  FROM      YEAR
                                                  NORMAL
..................................................................
TEMPERATURE (F)
 YESTERDAY
  MAXIMUM         73    215 PM  88    1984  69      4       68
  MINIMUM         48    701 AM  25    1952  47      1       35
  AVERAGE         61                        58      3

PRECIPITATION (IN)
  YESTERDAY        0.00          2.63 1995   0.12  -0.12     0.00
  MONTH TO DATE    4.12                      2.44   1.68     1.20
  SINCE SEP 1      8.00                      6.40   1.60     2.35
  SINCE JAN 1     37.75                     36.69   1.06    43.66

SNOWFALL (IN)
  YESTERDAY        0.0
  MONTH TO DATE    0.0
  SINCE SEP 1      0.0
  SINCE JUL 1      0.0
  SNOW DEPTH       0

DEGREE DAYS
 HEATING
  YESTERDAY        4                         8     -4
  MONTH TO DATE   77                       112    -35
  SINCE SEP 1     89                       140    -51
  SINCE JUL 1     89                       140    -51

 COOLING
  YESTERDAY        0                         1     -1
  MONTH TO DATE   32                        28      4
  SINCE SEP 1    228                       204     24
  SINCE JAN 1   1417                      1431    -14
..................................................................


WIND (MPH)
  HIGHEST WIND SPEED    18   HIGHEST WIND DIRECTION    NW (310)
  HIGHEST GUST SPEED    28   HIGHEST GUST DIRECTION    NW (310)
  AVERAGE WIND SPEED     7.3


SKY COVER
  POSSIBLE SUNSHINE  MM
  AVERAGE SKY COVER 0.5


WEATHER CONDITIONS
 THE FOLLOWING WEATHER WAS RECORDED YESTERDAY.
  FOG


RELATIVE HUMIDITY (PERCENT)
 HIGHEST    93           600 AM
 LOWEST     40           300 PM
 AVERAGE    67

..........................................................


THE DANVILLE VA CLIMATE NORMALS FOR TODAY
                         NORMAL    RECORD    YEAR
 MAXIMUM TEMPERATURE (F)   68        85      1984
 MINIMUM TEMPERATURE (F)   47        25      1974


SUNRISE AND SUNSET
OCTOBER 22 2014.......SUNRISE   731 AM EDT   SUNSET   632 PM EDT
OCTOBER 23 2014.......SUNRISE   732 AM EDT   SUNSET   631 PM EDT


-  INDICATES NEGATIVE NUMBERS.
R  INDICATES RECORD WAS SET OR TIED.
MM INDICATES DATA IS MISSING.
T  INDICATES TRACE AMOUNT.




$$
