000
CDUS41 KRNK 271240
CLIDAN


CLIMATE REPORT...RETRANSMISSION
NATIONAL WEATHER SERVICE BLACKSBURG VA
733 AM EST THU NOV 27 2014


...................................

...THE DANVILLE VA CLIMATE SUMMARY FOR NOVEMBER 26 2014...

CLIMATE NORMAL PERIOD 1981 TO 2010
CLIMATE RECORD PERIOD 1948 TO 2014


WEATHER ITEM   OBSERVED TIME   RECORD YEAR NORMAL DEPARTURE LAST
                VALUE   (LST)  VALUE       VALUE  FROM      YEAR
                                                  NORMAL
..................................................................
TEMPERATURE (F)
 YESTERDAY
  MAXIMUM         48    252 AM  75    1979  56     -8       46
  MINIMUM         35   1115 PM  15    1950  35      0       32
  AVERAGE         42                        45     -3

PRECIPITATION (IN)
  YESTERDAY        1.00          2.11 2013   0.11   0.89     2.11
  MONTH TO DATE    2.34                      2.93  -0.59     2.33
  SINCE SEP 1     10.35                     10.42  -0.07     4.68
  SINCE JAN 1     40.10                     40.71  -0.61    45.99

SNOWFALL (IN)
  YESTERDAY        0.0
  MONTH TO DATE    0.0
  SINCE SEP 1      0.0
  SINCE JUL 1      0.0
  SNOW DEPTH       0

DEGREE DAYS
 HEATING
  YESTERDAY       23                        20      3
  MONTH TO DATE  498                       394    104
  SINCE SEP 1    667                       627     40
  SINCE JUL 1    667                       627     40

 COOLING
  YESTERDAY        0                         0      0
  MONTH TO DATE    1                         0      1
  SINCE SEP 1    230                       209     21
  SINCE JAN 1   1419                      1436    -17
..................................................................


WIND (MPH)
  HIGHEST WIND SPEED    18   HIGHEST WIND DIRECTION    NE (40)
  HIGHEST GUST SPEED    25   HIGHEST GUST DIRECTION    NE (40)
  AVERAGE WIND SPEED     7.2


SKY COVER
  POSSIBLE SUNSHINE  MM
  AVERAGE SKY COVER 1.0


WEATHER CONDITIONS
 THE FOLLOWING WEATHER WAS RECORDED YESTERDAY.
  RAIN
  LIGHT RAIN
  FOG
  FOG W/VISIBILITY <= 1/4 MILE


RELATIVE HUMIDITY (PERCENT)
 HIGHEST    93           300 AM
 LOWEST     80          1200 AM
 AVERAGE    87

..........................................................


THE DANVILLE VA CLIMATE NORMALS FOR TODAY
                         NORMAL    RECORD    YEAR
 MAXIMUM TEMPERATURE (F)   56        74      1990
 MINIMUM TEMPERATURE (F)   35        18      1991


SUNRISE AND SUNSET
NOVEMBER 27 2014......SUNRISE   707 AM EST   SUNSET   503 PM EST
NOVEMBER 28 2014......SUNRISE   708 AM EST   SUNSET   502 PM EST


-  INDICATES NEGATIVE NUMBERS.
R  INDICATES RECORD WAS SET OR TIED.
MM INDICATES DATA IS MISSING.
T  INDICATES TRACE AMOUNT.

$$

MBS
