000
CDUS41 KRNK 260606
CLIDAN


CLIMATE REPORT
NATIONAL WEATHER SERVICE BLACKSBURG VA
205 AM EDT MON SEP 26 2016


...................................

...THE DANVILLE VA CLIMATE SUMMARY FOR SEPTEMBER 25 2016...

CLIMATE NORMAL PERIOD 1981 TO 2010
CLIMATE RECORD PERIOD 1948 TO 2016


WEATHER ITEM   OBSERVED TIME   RECORD YEAR NORMAL DEPARTURE LAST
                VALUE   (LST)  VALUE       VALUE  FROM      YEAR
                                                  NORMAL
..................................................................
TEMPERATURE (F)
 YESTERDAY
  MAXIMUM         74   1203 AM  93    2010  76     -2       67
                                      1970
  MINIMUM         68   1159 PM  39    1983  57     11       61
  AVERAGE         71                        66      5       64

PRECIPITATION (IN)
  YESTERDAY        0.00          3.23 2015   0.13  -0.13     3.23
  MONTH TO DATE    1.13                      3.29  -2.16     5.08
  SINCE SEP 1      1.13                      3.29  -2.16     5.08
  SINCE JAN 1     37.39                     33.58   3.81    33.38

SNOWFALL (IN)
  YESTERDAY        0.0                                       0.0
  MONTH TO DATE    0.0                                       0.0
  SINCE SEP 1      0.0                                       0.0
  SINCE JUL 1      0.0                                       0.0
  SNOW DEPTH       0

DEGREE DAYS
 HEATING
  YESTERDAY        0                         2     -2        1
  MONTH TO DATE    0                        15    -15        6
  SINCE SEP 1      0                        15    -15        6
  SINCE JUL 1      0                        15    -15        6

 COOLING
  YESTERDAY        6                         3      3        0
  MONTH TO DATE  266                       162    104      192
  SINCE SEP 1    266                       162    104      192
  SINCE JAN 1   1571                      1389    182     1586
..................................................................


WIND (MPH)
  HIGHEST WIND SPEED    15   HIGHEST WIND DIRECTION    NE (60)
  HIGHEST GUST SPEED    20   HIGHEST GUST DIRECTION    NE (50)
  AVERAGE WIND SPEED     4.2


SKY COVER
  AVERAGE SKY COVER 1.0


WEATHER CONDITIONS
 THE FOLLOWING WEATHER WAS RECORDED YESTERDAY.
  NO SIGNIFICANT WEATHER WAS OBSERVED.


RELATIVE HUMIDITY (PERCENT)
 HIGHEST    90           700 PM
 LOWEST     79           200 AM
 AVERAGE    85

..........................................................


THE DANVILLE VA CLIMATE NORMALS FOR TODAY
                         NORMAL    RECORD    YEAR
 MAXIMUM TEMPERATURE (F)   76        94      1970
 MINIMUM TEMPERATURE (F)   56        38      1950


SUNRISE AND SUNSET
SEPTEMBER 26 2016.....SUNRISE   709 AM EDT   SUNSET   707 PM EDT
SEPTEMBER 27 2016.....SUNRISE   710 AM EDT   SUNSET   706 PM EDT


-  INDICATES NEGATIVE NUMBERS.
R  INDICATES RECORD WAS SET OR TIED.
MM INDICATES DATA IS MISSING.
T  INDICATES TRACE AMOUNT.




$$
