000
CDUS41 KRNK 262104
CLIDAN


CLIMATE REPORT
NATIONAL WEATHER SERVICE BLACKSBURG VA
503 PM EDT MON JUN 26 2017


...................................

...THE DANVILLE VA CLIMATE SUMMARY FOR JUNE 26 2017...
VALID TODAY AS OF 0500 PM LOCAL TIME.

CLIMATE NORMAL PERIOD 1981 TO 2010
CLIMATE RECORD PERIOD 1948 TO 2017


WEATHER ITEM   OBSERVED TIME   RECORD YEAR NORMAL DEPARTURE LAST
                VALUE   (LST)  VALUE       VALUE  FROM      YEAR
                                                  NORMAL
..................................................................
TEMPERATURE (F)
 TODAY
  MAXIMUM         81    256 PM 101    1952  87     -6       84
  MINIMUM         54    537 AM  50    1979  67    -13       63
  AVERAGE         68                        77     -9       74

PRECIPITATION (IN)
  TODAY            0.00          3.46 1980   0.12  -0.12     0.00
  MONTH TO DATE    4.37                      3.38   0.99     7.35
  SINCE JUN 1      4.37                      3.38   0.99     7.35
  SINCE JAN 1     25.37                     21.26   4.11    26.90

SNOWFALL (IN)
  TODAY            0.0                                       0.0
  MONTH TO DATE    0.0                                       0.0
  SINCE JUN 1      0.0                                       0.0
  SINCE JUL 1      8.8                                      11.1
  SNOW DEPTH       0

DEGREE DAYS
 HEATING
  TODAY            0                         0      0        0
  MONTH TO DATE    3                         0      3        0
  SINCE JUN 1      3                         0      3        0
  SINCE JUL 1   3145                      3811   -666     3061

 COOLING
  TODAY            3                        12     -9        9
  MONTH TO DATE  221                       246    -25      238
  SINCE JUN 1    221                       246    -25      238
  SINCE JAN 1    417                       390     27      377
..................................................................


WIND (MPH)
  HIGHEST WIND SPEED    12   HIGHEST WIND DIRECTION    SW (230)
  HIGHEST GUST SPEED    26   HIGHEST GUST DIRECTION    NW (330)
  AVERAGE WIND SPEED     5.5


SKY COVER
  AVERAGE SKY COVER 0.0


WEATHER CONDITIONS
 THE FOLLOWING WEATHER WAS RECORDED TODAY.
  NO SIGNIFICANT WEATHER WAS OBSERVED.


RELATIVE HUMIDITY (PERCENT)
 HIGHEST   100          1200 AM
 LOWEST     39          1100 AM
 AVERAGE    70

..........................................................


THE DANVILLE VA CLIMATE NORMALS FOR TOMORROW
                         NORMAL    RECORD    YEAR
 MAXIMUM TEMPERATURE (F)   87       102      1954
 MINIMUM TEMPERATURE (F)   67        52      2012


SUNRISE AND SUNSET
JUNE 26 2017..........SUNRISE   601 AM EDT   SUNSET   840 PM EDT
JUNE 27 2017..........SUNRISE   601 AM EDT   SUNSET   840 PM EDT


-  INDICATES NEGATIVE NUMBERS.
R  INDICATES RECORD WAS SET OR TIED.
MM INDICATES DATA IS MISSING.
T  INDICATES TRACE AMOUNT.




$$
