000
CDUS41 KILN 300531
CLIDAY


CLIMATE REPORT
NATIONAL WEATHER SERVICE WILMINGTON OH
130 AM EDT THU MAR 30 2017


...................................

...THE DAYTON OH CLIMATE SUMMARY FOR MARCH 29 2017...

CLIMATE NORMAL PERIOD 1981 TO 2010
CLIMATE RECORD PERIOD 1869 TO 2017


WEATHER ITEM   OBSERVED TIME   RECORD YEAR NORMAL DEPARTURE LAST
                VALUE   (LST)  VALUE       VALUE  FROM      YEAR
                                                  NORMAL
..................................................................
TEMPERATURE (F)
 YESTERDAY
  MAXIMUM         61    435 PM  82    1910  55      6       55
  MINIMUM         37    720 AM  18    1923  35      2       31
  AVERAGE         49                        45      4       43

PRECIPITATION (IN)
  YESTERDAY        T             1.36 1985   0.12  -0.12     0.00
  MONTH TO DATE    4.51                      3.08   1.43     4.06
  SINCE MAR 1      4.51                      3.08   1.43     4.06
  SINCE JAN 1      9.45                      8.03   1.42     8.88

SNOWFALL (IN)
  YESTERDAY        0.0           2.2  1970   0.1   -0.1      0.0
  MONTH TO DATE    1.3                       3.3   -2.0      1.4
  SINCE MAR 1      1.3                       3.3   -2.0      1.4
  SINCE JUL 1      8.5                      22.6  -14.1     12.0
  SNOW DEPTH       0

DEGREE DAYS
 HEATING
  YESTERDAY       16                        20     -4       22
  MONTH TO DATE  712                       726    -14      520
  SINCE MAR 1    712                       726    -14      520
  SINCE JUL 1   4142                      5001   -859     4061

 COOLING
  YESTERDAY        0                         0      0        0
  MONTH TO DATE    2                         0      2        0
  SINCE MAR 1      2                         0      2        0
  SINCE JAN 1      2                         0      2        0
..................................................................


WIND (MPH)
  RESULTANT WIND SPEED  10   RESULTANT WIND DIRECTION   E (70)
  HIGHEST WIND SPEED    18   HIGHEST WIND DIRECTION     E (80)
  HIGHEST GUST SPEED    23   HIGHEST GUST DIRECTION     N (20)
  AVERAGE WIND SPEED    11.0



WEATHER CONDITIONS
 THE FOLLOWING WEATHER WAS RECORDED YESTERDAY.
  LIGHT RAIN
  FOG


RELATIVE HUMIDITY (PERCENT)
 HIGHEST    92           500 AM
 LOWEST     42           500 PM
 AVERAGE    67

..........................................................


THE DAYTON OH CLIMATE NORMALS FOR TODAY
                         NORMAL    RECORD    YEAR
 MAXIMUM TEMPERATURE (F)   55        83      1910
 MINIMUM TEMPERATURE (F)   36        18      1964
                                             1923
                                             1915


SUNRISE AND SUNSET
MARCH 30 2017.........SUNRISE   724 AM EDT   SUNSET   759 PM EDT
MARCH 31 2017.........SUNRISE   722 AM EDT   SUNSET   800 PM EDT


-  INDICATES NEGATIVE NUMBERS.
R  INDICATES RECORD WAS SET OR TIED.
MM INDICATES DATA IS MISSING.
T  INDICATES TRACE AMOUNT.




$$
