000
CDUS41 KILN 250609
CLIDAY


CLIMATE REPORT
NATIONAL WEATHER SERVICE WILMINGTON OH
208 AM EDT SUN JUN 25 2017


...................................

...THE DAYTON OH CLIMATE SUMMARY FOR JUNE 24 2017...

CLIMATE NORMAL PERIOD 1981 TO 2010
CLIMATE RECORD PERIOD 1869 TO 2017


WEATHER ITEM   OBSERVED TIME   RECORD YEAR NORMAL DEPARTURE LAST
                VALUE   (LST)  VALUE       VALUE  FROM      YEAR
                                                  NORMAL
..................................................................
TEMPERATURE (F)
 YESTERDAY
  MAXIMUM         78    447 PM  96    1943  83     -5       84
                                      1914
                                      1911
  MINIMUM         60    354 AM  46    1972  63     -3       64
  AVERAGE         69                        73     -4       74

PRECIPITATION (IN)
  YESTERDAY        0.00          1.09 2004   0.14  -0.14     0.00
  MONTH TO DATE    6.27                      3.36   2.91     2.64
  SINCE JUN 1      6.27                      3.36   2.91     2.64
  SINCE JAN 1     28.12                     20.40   7.72    18.86

SNOWFALL (IN)
  YESTERDAY        0.0                       0.0    0.0      0.0
  MONTH TO DATE    0.0                       0.0    0.0      0.0
  SINCE JUN 1      0.0                       0.0    0.0      0.0
  SINCE JUL 1      8.5                      23.3  -14.8     12.7
  SNOW DEPTH       0

DEGREE DAYS
 HEATING
  YESTERDAY        0                         0      0        0
  MONTH TO DATE   10                        22    -12        4
  SINCE JUN 1     10                        22    -12        4
  SINCE JUL 1   4565                      5642  -1077     4681

 COOLING
  YESTERDAY        4                         8     -4        9
  MONTH TO DATE  165                       139     26      190
  SINCE JUN 1    165                       139     26      190
  SINCE JAN 1    257                       209     48      269
..................................................................


WIND (MPH)
  RESULTANT WIND SPEED  11   RESULTANT WIND DIRECTION   W (280)
  HIGHEST WIND SPEED    21   HIGHEST WIND DIRECTION    NW (300)
  HIGHEST GUST SPEED    26   HIGHEST GUST DIRECTION     W (280)
  AVERAGE WIND SPEED    11.6



WEATHER CONDITIONS
 THE FOLLOWING WEATHER WAS RECORDED YESTERDAY.
  HAZE


RELATIVE HUMIDITY (PERCENT)
 HIGHEST   100          1200 AM
 LOWEST     43           400 PM
 AVERAGE    72

..........................................................


THE DAYTON OH CLIMATE NORMALS FOR TODAY
                         NORMAL    RECORD    YEAR
 MAXIMUM TEMPERATURE (F)   83       102      1988
 MINIMUM TEMPERATURE (F)   63        42      1979


SUNRISE AND SUNSET
JUNE 25 2017..........SUNRISE   610 AM EDT   SUNSET   909 PM EDT
JUNE 26 2017..........SUNRISE   610 AM EDT   SUNSET   909 PM EDT


-  INDICATES NEGATIVE NUMBERS.
R  INDICATES RECORD WAS SET OR TIED.
MM INDICATES DATA IS MISSING.
T  INDICATES TRACE AMOUNT.




$$
