000
CDUS41 KILN 300545
CLIDAY


CLIMATE REPORT
NATIONAL WEATHER SERVICE WILMINGTON OH
138 AM EDT TUE SEP 30 2014


...................................

...THE DAYTON OH CLIMATE SUMMARY FOR SEPTEMBER 29 2014...

CLIMATE NORMAL PERIOD 1981 TO 2010
CLIMATE RECORD PERIOD 1869 TO 2014


WEATHER ITEM   OBSERVED TIME   RECORD YEAR NORMAL DEPARTURE LAST
                VALUE   (LST)  VALUE       VALUE  FROM      YEAR
                                                  NORMAL
..................................................................
TEMPERATURE (F)
 YESTERDAY
  MAXIMUM         84    351 PM  94    1953  70     14       67
  MINIMUM         53    630 AM  34    1951  50      3       60
  AVERAGE         69                        60      9       64

PRECIPITATION (IN)
  YESTERDAY        0.00          1.16 1936   0.10  -0.10     0.09
  MONTH TO DATE    0.88                      3.20  -2.32     2.23
  SINCE SEP 1      0.88                      3.20  -2.32     2.23
  SINCE JAN 1     28.78                     31.51  -2.73    24.61

SNOWFALL (IN)
  YESTERDAY        0.0                       0.0    0.0      0.0
  MONTH TO DATE    0.0                       0.0    0.0      0.0
  SINCE SEP 1      0.0                       0.0    0.0      0.0
  SINCE JUL 1      0.0                       0.0    0.0      0.0
  SNOW DEPTH       0

DEGREE DAYS
 HEATING
  YESTERDAY        0                         6     -6        1
  MONTH TO DATE   65                        81    -16       55
  SINCE SEP 1     65                        81    -16       55
  SINCE JUL 1     72                        83    -11       67

 COOLING
  YESTERDAY        4                         1      3        0
  MONTH TO DATE   98                        98      0      139
  SINCE SEP 1     98                        98      0      139
  SINCE JAN 1    968                       880     88     1026
..................................................................


WIND (MPH)
  RESULTANT WIND SPEED   4   RESULTANT WIND DIRECTION  NW (320)
  HIGHEST WIND SPEED    13   HIGHEST WIND DIRECTION    NW (300)
  HIGHEST GUST SPEED    18   HIGHEST GUST DIRECTION    NW (310)
  AVERAGE WIND SPEED     4.7



WEATHER CONDITIONS
 THE FOLLOWING WEATHER WAS RECORDED YESTERDAY.
  NO SIGNIFICANT WEATHER WAS OBSERVED.


RELATIVE HUMIDITY (PERCENT)
 HIGHEST    86           600 AM
 LOWEST     26           300 PM
 AVERAGE    56

..........................................................


THE DAYTON OH CLIMATE NORMALS FOR TODAY
                         NORMAL    RECORD    YEAR
 MAXIMUM TEMPERATURE (F)   70        94      1897
 MINIMUM TEMPERATURE (F)   49        30      1899


SUNRISE AND SUNSET
SEPTEMBER 30 2014.....SUNRISE   732 AM EDT   SUNSET   721 PM EDT
OCTOBER  1 2014.......SUNRISE   733 AM EDT   SUNSET   719 PM EDT


-  INDICATES NEGATIVE NUMBERS.
R  INDICATES RECORD WAS SET OR TIED.
MM INDICATES DATA IS MISSING.
T  INDICATES TRACE AMOUNT.




$$
