000
CDUS43 KDVN 290923
CLIDBQ


CLIMATE REPORT
NATIONAL WEATHER SERVICE QUAD CITIES IA IL
421 AM CDT WED MAR 29 2017


...................................

...THE DUBUQUE IA CLIMATE SUMMARY FOR MARCH 28 2017...

CLIMATE NORMAL PERIOD 1981 TO 2010
CLIMATE RECORD PERIOD 1873 TO 2017


WEATHER ITEM   OBSERVED TIME   RECORD YEAR NORMAL DEPARTURE LAST
                VALUE   (LST)  VALUE       VALUE  FROM      YEAR
                                                  NORMAL
..................................................................
TEMPERATURE (F)
 YESTERDAY
  MAXIMUM         51    219 PM  78    1910  50      1       57
  MINIMUM         36    926 PM   3    1970  31      5       32
  AVERAGE         44                        41      3       45

PRECIPITATION (IN)
  YESTERDAY        0.03          1.65 1977   0.09  -0.06     0.00
  MONTH TO DATE    1.27                      2.12  -0.85     2.76
  SINCE MAR 1      1.27                      2.12  -0.85     2.76
  SINCE JAN 1      5.08                      4.73   0.35     3.84

SNOWFALL (IN)
  YESTERDAY        0.0          MM      MM   0.2   -0.2      0.0
  MONTH TO DATE    4.5                       5.9   -1.4      2.8
  SINCE MAR 1      4.5                       5.9   -1.4      2.8
  SINCE JUL 1     27.1                      39.5  -12.4     34.3
  SNOW DEPTH       0

DEGREE DAYS
 HEATING
  YESTERDAY       21                        24     -3       20
  MONTH TO DATE  813                       847    -34      697
  SINCE MAR 1    813                       847    -34      697
  SINCE JUL 1   5294                      6240   -946     5174

 COOLING
  YESTERDAY        0                         0      0        0
  MONTH TO DATE    0                         0      0        0
  SINCE MAR 1      0                         0      0        0
  SINCE JAN 1      0                         0      0        0
..................................................................


WIND (MPH)
  HIGHEST WIND SPEED    13   HIGHEST WIND DIRECTION    NE (50)
  HIGHEST GUST SPEED    16   HIGHEST GUST DIRECTION    NE (50)
  AVERAGE WIND SPEED     5.6


SKY COVER
  POSSIBLE SUNSHINE  MM
  AVERAGE SKY COVER 0.7


WEATHER CONDITIONS
 THE FOLLOWING WEATHER WAS RECORDED YESTERDAY.
  LIGHT RAIN
  FOG
  FOG W/VISIBILITY <= 1/4 MILE


RELATIVE HUMIDITY (PERCENT)
 HIGHEST   100           100 AM
 LOWEST     66           200 PM
 AVERAGE    83

..........................................................


THE DUBUQUE IA CLIMATE NORMALS FOR TODAY
                         NORMAL    RECORD    YEAR
 MAXIMUM TEMPERATURE (F)   51        86      1895
 MINIMUM TEMPERATURE (F)   31         2      1887


SUNRISE AND SUNSET
MARCH 29 2017.........SUNRISE   650 AM CDT   SUNSET   726 PM CDT
MARCH 30 2017.........SUNRISE   648 AM CDT   SUNSET   727 PM CDT


-  INDICATES NEGATIVE NUMBERS.
R  INDICATES RECORD WAS SET OR TIED.
MM INDICATES DATA IS MISSING.
T  INDICATES TRACE AMOUNT.




$$
