000
CDUS43 KDVN 091011
CLIDBQ


CLIMATE REPORT
NATIONAL WEATHER SERVICE QUAD CITIES IA IL
410 AM CST TUE FEB 9 2016


...................................

...THE DUBUQUE IA CLIMATE SUMMARY FOR FEBRUARY 8 2016...

CLIMATE NORMAL PERIOD 1981 TO 2010
CLIMATE RECORD PERIOD 1873 TO 2016


WEATHER ITEM   OBSERVED TIME   RECORD YEAR NORMAL DEPARTURE LAST
                VALUE   (LST)  VALUE       VALUE  FROM      YEAR
                                                  NORMAL
..................................................................
TEMPERATURE (F)
 YESTERDAY
  MAXIMUM         31   1206 AM  55    1925  30      1       36
  MINIMUM         14   1159 PM -21    1899  14      0       22
  AVERAGE         23                        22      1       29

PRECIPITATION (IN)
  YESTERDAY        T             1.22 1966   0.05  -0.05     0.00
  MONTH TO DATE    0.32                      0.35  -0.03     1.09
  SINCE DEC 1      4.97                      3.36   1.61     2.95
  SINCE JAN 1      0.78                      1.52  -0.74     2.02

SNOWFALL (IN)
  YESTERDAY        0.2          MM      MM   0.4   -0.2       T
  MONTH TO DATE    3.4                       2.9    0.5     10.6
  SINCE DEC 1     15.5                      24.7   -9.2     21.3
  SINCE JUL 1     27.3                      27.5   -0.2     24.8
  SNOW DEPTH       2

DEGREE DAYS
 HEATING
  YESTERDAY       42                        43     -1       36
  MONTH TO DATE  307                       354    -47      404
  SINCE DEC 1   2485                      3091   -606     2950
  SINCE JUL 1   3692                      4591   -899     4732

 COOLING
  YESTERDAY        0                         0      0        0
  MONTH TO DATE    0                         0      0        0
  SINCE DEC 1      0                         0      0        0
  SINCE JAN 1      0                         0      0        0
..................................................................


WIND (MPH)
  HIGHEST WIND SPEED    26   HIGHEST WIND DIRECTION    NW (300)
  HIGHEST GUST SPEED    32   HIGHEST GUST DIRECTION    NW (320)
  AVERAGE WIND SPEED    16.9


SKY COVER
  POSSIBLE SUNSHINE  MM
  AVERAGE SKY COVER 1.0


WEATHER CONDITIONS
 THE FOLLOWING WEATHER WAS RECORDED YESTERDAY.
  LIGHT SNOW
  FOG
  HAZE


RELATIVE HUMIDITY (PERCENT)
 HIGHEST    85          1200 AM
 LOWEST     67           400 PM
 AVERAGE    76

..........................................................


THE DUBUQUE IA CLIMATE NORMALS FOR TODAY
                         NORMAL    RECORD    YEAR
 MAXIMUM TEMPERATURE (F)   30        51      2009
                                             1966
                                             1938
 MINIMUM TEMPERATURE (F)   14       -31      1875


SUNRISE AND SUNSET
FEBRUARY  9 2016......SUNRISE   708 AM CST   SUNSET   527 PM CST
FEBRUARY 10 2016......SUNRISE   707 AM CST   SUNSET   528 PM CST


-  INDICATES NEGATIVE NUMBERS.
R  INDICATES RECORD WAS SET OR TIED.
MM INDICATES DATA IS MISSING.
T  INDICATES TRACE AMOUNT.




$$
