000
CDUS43 KDVN 252126
CLIDBQ


CLIMATE REPORT
NATIONAL WEATHER SERVICE QUAD CITIES IA IL
424 PM CDT MON MAY 25 2015


...................................

...THE DUBUQUE IA CLIMATE SUMMARY FOR MAY 25 2015...
VALID TODAY AS OF 0400 PM LOCAL TIME.

CLIMATE NORMAL PERIOD 1981 TO 2010
CLIMATE RECORD PERIOD 1873 TO 2015


WEATHER ITEM   OBSERVED TIME   RECORD YEAR NORMAL DEPARTURE LAST
                VALUE   (LST)  VALUE       VALUE  FROM      YEAR
                                                  NORMAL
..................................................................
TEMPERATURE (F)
 TODAY
  MAXIMUM         77    245 PM  91    1911  72      5       78
                                      1880
  MINIMUM         63    830 AM  34    1925  51     12       55
  AVERAGE         70                        62      8       67

PRECIPITATION (IN)
  TODAY            0.27          2.80 1896   0.14   0.13     0.00
  MONTH TO DATE    4.28                      3.36   0.92     2.22
  SINCE MAR 1      6.98                      9.43  -2.45     9.35
  SINCE JAN 1      9.27                     12.04  -2.77    11.83

SNOWFALL (IN)
  TODAY            0.0          MM      MM   0.0    0.0      0.0
  MONTH TO DATE    0.0                       0.1   -0.1       T
  SINCE MAR 1      4.1                       8.4   -4.3     11.6
  SINCE JUL 1     33.7                      42.0   -8.3     63.3
  SNOW DEPTH       0

DEGREE DAYS
 HEATING
  TODAY            0                         5     -5        0
  MONTH TO DATE  163                       200    -37      224
  SINCE MAR 1   1518                      1628   -110     1948
  SINCE JUL 1   7366                      7021    345     8324

 COOLING
  TODAY            5                         2      3        2
  MONTH TO DATE   24                        20      4       20
  SINCE MAR 1     24                        25     -1       20
  SINCE JAN 1     24                        25     -1       20
..................................................................


WIND (MPH)
  HIGHEST WIND SPEED    25   HIGHEST WIND DIRECTION    SW (220)
  HIGHEST GUST SPEED    32   HIGHEST GUST DIRECTION    SW (220)
  AVERAGE WIND SPEED    14.7


SKY COVER
  POSSIBLE SUNSHINE  MM
  AVERAGE SKY COVER 0.8


WEATHER CONDITIONS
 THE FOLLOWING WEATHER WAS RECORDED TODAY.
  RAIN
  LIGHT RAIN
  FOG


RELATIVE HUMIDITY (PERCENT)
 HIGHEST   100           300 AM
 LOWEST     64           200 PM
 AVERAGE    82

..........................................................


THE DUBUQUE IA CLIMATE NORMALS FOR TOMORROW
                         NORMAL    RECORD    YEAR
 MAXIMUM TEMPERATURE (F)   72        91      1914
 MINIMUM TEMPERATURE (F)   52        33      1961


SUNRISE AND SUNSET
MAY 25 2015...........SUNRISE   533 AM CDT   SUNSET   827 PM CDT
MAY 26 2015...........SUNRISE   532 AM CDT   SUNSET   828 PM CDT


-  INDICATES NEGATIVE NUMBERS.
R  INDICATES RECORD WAS SET OR TIED.
MM INDICATES DATA IS MISSING.
T  INDICATES TRACE AMOUNT.




$$
