000
CDUS43 KDVN 240937
CLIDBQ


CLIMATE REPORT
NATIONAL WEATHER SERVICE QUAD CITIES IA IL
437 AM CDT FRI OCT 24 2014


...................................

...THE DUBUQUE IA CLIMATE SUMMARY FOR OCTOBER 23 2014...

CLIMATE NORMAL PERIOD 1981 TO 2010
CLIMATE RECORD PERIOD 1873 TO 2014


WEATHER ITEM   OBSERVED TIME   RECORD YEAR NORMAL DEPARTURE LAST
                VALUE   (LST)  VALUE       VALUE  FROM      YEAR
                                                  NORMAL
..................................................................
TEMPERATURE (F)
 YESTERDAY
  MAXIMUM         52   1117 PM  85    1899  57     -5       40
  MINIMUM         43    645 AM  21    1895  38      5       26
  AVERAGE         48                        48      0       33

PRECIPITATION (IN)
  YESTERDAY        0.27          2.58 1959   0.09   0.18     0.00
  MONTH TO DATE    3.05                      1.97   1.08     1.40
  SINCE SEP 1      5.19                      5.43  -0.24     3.77
  SINCE JAN 1     35.34                     31.41   3.93    34.46

SNOWFALL (IN)
  YESTERDAY        0.0          MM      MM   0.0    0.0      0.0
  MONTH TO DATE    T                         0.0    0.0       T
  SINCE SEP 1      T                         0.0    0.0       T
  SINCE JUL 1      T                         0.0    0.0       T
  SNOW DEPTH       0

DEGREE DAYS
 HEATING
  YESTERDAY       17                        17      0       32
  MONTH TO DATE  361                       317     44      312
  SINCE SEP 1    532                       468     64      418
  SINCE JUL 1    561                       495     66      450

 COOLING
  YESTERDAY        0                         0      0        0
  MONTH TO DATE    0                         4     -4        8
  SINCE SEP 1     44                        65    -21      104
  SINCE JAN 1    526                       641   -115      640
..................................................................


WIND (MPH)
  HIGHEST WIND SPEED    17   HIGHEST WIND DIRECTION     S (190)
  HIGHEST GUST SPEED    21   HIGHEST GUST DIRECTION     S (180)
  AVERAGE WIND SPEED     8.0


SKY COVER
  POSSIBLE SUNSHINE  MM
  AVERAGE SKY COVER 0.9


WEATHER CONDITIONS
 THE FOLLOWING WEATHER WAS RECORDED YESTERDAY.
  HEAVY RAIN
  RAIN
  LIGHT RAIN
  FOG


RELATIVE HUMIDITY (PERCENT)
 HIGHEST   100           600 PM
 LOWEST     70           200 AM
 AVERAGE    85

..........................................................


THE DUBUQUE IA CLIMATE NORMALS FOR TODAY
                         NORMAL    RECORD    YEAR
 MAXIMUM TEMPERATURE (F)   57        78      2012
                                             1963
                                             1899
 MINIMUM TEMPERATURE (F)   38        20      1981


SUNRISE AND SUNSET
OCTOBER 24 2014.......SUNRISE   726 AM CDT   SUNSET   607 PM CDT
OCTOBER 25 2014.......SUNRISE   728 AM CDT   SUNSET   606 PM CDT


-  INDICATES NEGATIVE NUMBERS.
R  INDICATES RECORD WAS SET OR TIED.
MM INDICATES DATA IS MISSING.
T  INDICATES TRACE AMOUNT.




$$
