000
CDUS43 KDVN 201020
CLIDBQ


CLIMATE REPORT
NATIONAL WEATHER SERVICE QUAD CITIES IA IL
418 AM CST TUE FEB 20 2018


...................................

...THE DUBUQUE IA CLIMATE SUMMARY FOR FEBRUARY 19 2018...

CLIMATE NORMAL PERIOD 1981 TO 2010
CLIMATE RECORD PERIOD 1873 TO 2018


WEATHER ITEM   OBSERVED TIME   RECORD YEAR NORMAL DEPARTURE LAST
                VALUE   (LST)  VALUE       VALUE  FROM      YEAR
                                                  NORMAL
..................................................................
TEMPERATURE (F)
 YESTERDAY
  MAXIMUM         39   1242 PM  64    2017  33      6       64
  MINIMUM         34   1159 PM -13    2006  17     17       31
                                      1979
  AVERAGE         37                        25     12       48

PRECIPITATION (IN)
  YESTERDAY        0.40          1.30 1953   0.06   0.34     0.00
  MONTH TO DATE    1.53                      0.91   0.62     0.99
  SINCE DEC 1      3.43                      3.92  -0.49     4.54
  SINCE JAN 1      2.72                      2.08   0.64     3.00

SNOWFALL (IN)
  YESTERDAY        0.0          MM      MM   0.3   -0.3      0.0
  MONTH TO DATE   12.8                       6.5    6.3       T
  SINCE DEC 1     22.0                      28.3   -6.3     21.2
  SINCE JUL 1     22.0                      31.1   -9.1     21.2
  SNOW DEPTH       0

DEGREE DAYS
 HEATING
  YESTERDAY       28                        40    -12       17
  MONTH TO DATE  921                       812    109      650
  SINCE DEC 1   3648                      3549     99     3275
  SINCE JUL 1   5013                      5049    -36     4267

 COOLING
  YESTERDAY        0                         0      0        0
  MONTH TO DATE    0                         0      0        0
  SINCE DEC 1      0                         0      0        0
  SINCE JAN 1      0                         0      0        0
..................................................................


WIND (MPH)
  HIGHEST WIND SPEED    15   HIGHEST WIND DIRECTION     S (160)
  HIGHEST GUST SPEED    18   HIGHEST GUST DIRECTION     S (160)
  AVERAGE WIND SPEED     7.3


SKY COVER
  POSSIBLE SUNSHINE  MM
  AVERAGE SKY COVER 0.9


WEATHER CONDITIONS
 THE FOLLOWING WEATHER WAS RECORDED YESTERDAY.
  HEAVY RAIN
  RAIN
  LIGHT RAIN
  FOG
  FOG W/VISIBILITY <= 1/4 MILE


RELATIVE HUMIDITY (PERCENT)
 HIGHEST   100           700 PM
 LOWEST     75          1200 AM
 AVERAGE    88

..........................................................


THE DUBUQUE IA CLIMATE NORMALS FOR TODAY
                         NORMAL    RECORD    YEAR
 MAXIMUM TEMPERATURE (F)   33        61      1981
 MINIMUM TEMPERATURE (F)   17       -24      1929


SUNRISE AND SUNSET
FEBRUARY 20 2018......SUNRISE   652 AM CST   SUNSET   542 PM CST
FEBRUARY 21 2018......SUNRISE   651 AM CST   SUNSET   543 PM CST


-  INDICATES NEGATIVE NUMBERS.
R  INDICATES RECORD WAS SET OR TIED.
MM INDICATES DATA IS MISSING.
T  INDICATES TRACE AMOUNT.




$$
