000
CDUS43 KDVN 290925
CLIDBQ


CLIMATE REPORT
NATIONAL WEATHER SERVICE QUAD CITIES IA IL
423 AM CDT TUE JUL 29 2014


...................................

...THE DUBUQUE IA CLIMATE SUMMARY FOR JULY 28 2014...

CLIMATE NORMAL PERIOD 1981 TO 2010
CLIMATE RECORD PERIOD 1873 TO 2014


WEATHER ITEM   OBSERVED TIME   RECORD YEAR NORMAL DEPARTURE LAST
                VALUE   (LST)  VALUE       VALUE  FROM      YEAR
                                                  NORMAL
..................................................................
TEMPERATURE (F)
 YESTERDAY
  MAXIMUM         71    434 PM 100    1916  81    -10       68
  MINIMUM         55   1144 PM  50    2013  62     -7       50
  AVERAGE         63                        72     -9       59

PRECIPITATION (IN)
  YESTERDAY        0.00          3.27 2011   0.14  -0.14      T
  MONTH TO DATE    2.08                      3.89  -1.81     2.47
  SINCE JUN 1     14.65                      8.29   6.36     6.10
  SINCE JAN 1     27.03                     21.16   5.87    27.68

SNOWFALL (IN)
  YESTERDAY        0.0          MM      MM   0.0    0.0      0.0
  MONTH TO DATE    0.0                       0.0    0.0      0.0
  SINCE JUN 1      0.0                       0.0    0.0      0.0
  SINCE JUL 1      0.0                       0.0    0.0      0.0
  SNOW DEPTH       0

DEGREE DAYS
 HEATING
  YESTERDAY        2                         0      2        6
  MONTH TO DATE   27                         0     27       16
  SINCE JUN 1     37                        40     -3       55
  SINCE JUL 1     27                         0     27       16

 COOLING
  YESTERDAY        0                         7     -7        0
  MONTH TO DATE   99                       197    -98      193
  SINCE JUN 1    253                       336    -83      302
  SINCE JAN 1    307                       373    -66      347
..................................................................


WIND (MPH)
  HIGHEST WIND SPEED    21   HIGHEST WIND DIRECTION     N (20)
  HIGHEST GUST SPEED    27   HIGHEST GUST DIRECTION     N (20)
  AVERAGE WIND SPEED     9.2


SKY COVER
  POSSIBLE SUNSHINE  MM
  AVERAGE SKY COVER 0.3


WEATHER CONDITIONS
 THE FOLLOWING WEATHER WAS RECORDED YESTERDAY.
  NO SIGNIFICANT WEATHER WAS OBSERVED.


RELATIVE HUMIDITY (PERCENT)
 HIGHEST    93           500 AM
 LOWEST     47          1200 PM
 AVERAGE    70

..........................................................


THE DUBUQUE IA CLIMATE NORMALS FOR TODAY
                         NORMAL    RECORD    YEAR
 MAXIMUM TEMPERATURE (F)   81       100      1941
                                             1916
 MINIMUM TEMPERATURE (F)   62        45      1971


SUNRISE AND SUNSET
JULY 29 2014..........SUNRISE   552 AM CDT   SUNSET   826 PM CDT
JULY 30 2014..........SUNRISE   553 AM CDT   SUNSET   825 PM CDT


-  INDICATES NEGATIVE NUMBERS.
R  INDICATES RECORD WAS SET OR TIED.
MM INDICATES DATA IS MISSING.
T  INDICATES TRACE AMOUNT.




$$
