000
CDUS43 KDVN 220946
CLIDBQ


CLIMATE REPORT
NATIONAL WEATHER SERVICE QUAD CITIES IA IL
443 AM CDT SAT JUL 22 2017


...................................

...THE DUBUQUE IA CLIMATE SUMMARY FOR JULY 21 2017...

CLIMATE NORMAL PERIOD 1981 TO 2010
CLIMATE RECORD PERIOD 1873 TO 2017


WEATHER ITEM   OBSERVED TIME   RECORD YEAR NORMAL DEPARTURE LAST
                VALUE   (LST)  VALUE       VALUE  FROM      YEAR
                                                  NORMAL
..................................................................
TEMPERATURE (F)
 YESTERDAY
  MAXIMUM         78    304 PM 106    1901  82     -4       91
  MINIMUM         68   1124 PM  50    1882  62      6       68
  AVERAGE         73                        72      1       80

PRECIPITATION (IN)
  YESTERDAY        2.52R         2.42 2009   0.13   2.39     1.42
  MONTH TO DATE    6.69                      2.94   3.75     5.87
  SINCE JUN 1      9.75                      7.34   2.41    13.16
  SINCE JAN 1     23.46                     20.21   3.25    24.11

SNOWFALL (IN)
  YESTERDAY        0.0          MM      MM   0.0    0.0      0.0
  MONTH TO DATE    0.0                       0.0    0.0      0.0
  SINCE JUN 1      0.0                       0.0    0.0      0.0
  SINCE JUL 1      0.0                       0.0    0.0      0.0
  SNOW DEPTH       0

DEGREE DAYS
 HEATING
  YESTERDAY        0                         0      0        0
  MONTH TO DATE    2                         0      2        5
  SINCE JUN 1     28                        40    -12       18
  SINCE JUL 1      2                         0      2        5

 COOLING
  YESTERDAY        8                         7      1       15
  MONTH TO DATE  148                       148      0      140
  SINCE JUN 1    319                       287     32      314
  SINCE JAN 1    343                       324     19      365
..................................................................


WIND (MPH)
  HIGHEST WIND SPEED    32   HIGHEST WIND DIRECTION     N (360)
  HIGHEST GUST SPEED    40   HIGHEST GUST DIRECTION     N (350)
  AVERAGE WIND SPEED     9.6


SKY COVER
  POSSIBLE SUNSHINE  MM
  AVERAGE SKY COVER 0.5


WEATHER CONDITIONS
 THE FOLLOWING WEATHER WAS RECORDED YESTERDAY.
  THUNDERSTORM
  HEAVY RAIN
  RAIN
  LIGHT RAIN
  FOG


RELATIVE HUMIDITY (PERCENT)
 HIGHEST    97           500 AM
 LOWEST     79           300 PM
 AVERAGE    88

..........................................................


THE DUBUQUE IA CLIMATE NORMALS FOR TODAY
                         NORMAL    RECORD    YEAR
 MAXIMUM TEMPERATURE (F)   82       103      1934
 MINIMUM TEMPERATURE (F)   62        51      1947


SUNRISE AND SUNSET
JULY 22 2017..........SUNRISE   546 AM CDT   SUNSET   832 PM CDT
JULY 23 2017..........SUNRISE   547 AM CDT   SUNSET   831 PM CDT


-  INDICATES NEGATIVE NUMBERS.
R  INDICATES RECORD WAS SET OR TIED.
MM INDICATES DATA IS MISSING.
T  INDICATES TRACE AMOUNT.




$$
