519
CDUS43 KDVN 101024
CLIDBQ


CLIMATE REPORT
NATIONAL WEATHER SERVICE QUAD CITIES IA IL
423 AM CST SAT DEC 10 2016


...................................

...THE DUBUQUE IA CLIMATE SUMMARY FOR DECEMBER 9 2016...

CLIMATE NORMAL PERIOD 1981 TO 2010
CLIMATE RECORD PERIOD 1873 TO 2016


WEATHER ITEM   OBSERVED TIME   RECORD YEAR NORMAL DEPARTURE LAST
                VALUE   (LST)  VALUE       VALUE  FROM      YEAR
                                                  NORMAL
..................................................................
TEMPERATURE (F)
 YESTERDAY
  MAXIMUM         19    321 PM  59    1946  32    -13       48
  MINIMUM         12    801 AM -18    1958  17     -5       30
                                      1876
  AVERAGE         16                        25     -9       39

PRECIPITATION (IN)
  YESTERDAY        0.00          1.03 1953   0.07  -0.07     0.00
  MONTH TO DATE    0.49                      0.66  -0.17     0.04
  SINCE DEC 1      0.49                      0.66  -0.17     0.04
  SINCE JAN 1     39.92                     35.11   4.81    35.03

SNOWFALL (IN)
  YESTERDAY        0.0          MM      MM   0.4   -0.4      0.0
  MONTH TO DATE    5.6                       3.2    2.4      0.9
  SINCE DEC 1      5.6                       3.2    2.4      0.9
  SINCE JUL 1      5.6                       6.0   -0.4     12.7
  SNOW DEPTH       2

DEGREE DAYS
 HEATING
  YESTERDAY       49                        40      9       26
  MONTH TO DATE  345                       348     -3      270
  SINCE DEC 1    345                       348     -3      270
  SINCE JUL 1   1337                      1848   -511     1477

 COOLING
  YESTERDAY        0                         0      0        0
  MONTH TO DATE    0                         0      0        0
  SINCE DEC 1      0                         0      0        0
  SINCE JAN 1    781                       643    138      637
..................................................................


WIND (MPH)
  HIGHEST WIND SPEED    15   HIGHEST WIND DIRECTION    NW (300)
  HIGHEST GUST SPEED    18   HIGHEST GUST DIRECTION    NW (300)
  AVERAGE WIND SPEED     7.9


SKY COVER
  POSSIBLE SUNSHINE  MM
  AVERAGE SKY COVER 0.5


WEATHER CONDITIONS
 THE FOLLOWING WEATHER WAS RECORDED YESTERDAY.
  NO SIGNIFICANT WEATHER WAS OBSERVED.


RELATIVE HUMIDITY (PERCENT)
 HIGHEST    88           300 AM
 LOWEST     73          1200 PM
 AVERAGE    81

..........................................................


THE DUBUQUE IA CLIMATE NORMALS FOR TODAY
                         NORMAL    RECORD    YEAR
 MAXIMUM TEMPERATURE (F)   32        57      1911
 MINIMUM TEMPERATURE (F)   17       -18      1919


SUNRISE AND SUNSET
DECEMBER 10 2016......SUNRISE   722 AM CST   SUNSET   430 PM CST
DECEMBER 11 2016......SUNRISE   722 AM CST   SUNSET   430 PM CST


-  INDICATES NEGATIVE NUMBERS.
R  INDICATES RECORD WAS SET OR TIED.
MM INDICATES DATA IS MISSING.
T  INDICATES TRACE AMOUNT.




$$
