000
CDUS43 KDVN 292126
CLIDBQ


CLIMATE REPORT
NATIONAL WEATHER SERVICE QUAD CITIES IA IL
424 PM CDT FRI APR 29 2016


...................................

...THE DUBUQUE IA CLIMATE SUMMARY FOR APRIL 29 2016...
VALID TODAY AS OF 0400 PM LOCAL TIME.

CLIMATE NORMAL PERIOD 1981 TO 2010
CLIMATE RECORD PERIOD 1873 TO 2016


WEATHER ITEM   OBSERVED TIME   RECORD YEAR NORMAL DEPARTURE LAST
                VALUE   (LST)  VALUE       VALUE  FROM      YEAR
                                                  NORMAL
..................................................................
TEMPERATURE (F)
 TODAY
  MAXIMUM         49    259 PM  89    1952  64    -15       71
  MINIMUM         40    611 AM  23    1958  43     -3       44
  AVERAGE         45                        53     -8       58

PRECIPITATION (IN)
  TODAY            0.00          1.60 1984   0.14  -0.14     0.00
  MONTH TO DATE    1.83                      3.52  -1.69     1.90
  SINCE MAR 1      4.85                      5.93  -1.08     2.70
  SINCE JAN 1      5.93                      8.54  -2.61     4.99

SNOWFALL (IN)
  TODAY            0.0          MM      MM   0.0    0.0      0.0
  MONTH TO DATE    0.5                       2.0   -1.5      0.0
  SINCE MAR 1      3.3                       8.3   -5.0      4.1
  SINCE JUL 1     34.8                      41.9   -7.1     33.7
  SNOW DEPTH       0

DEGREE DAYS
 HEATING
  TODAY           20                        12      8        7
  MONTH TO DATE  496                       498     -2      428
  SINCE MAR 1   1241                      1416   -175     1340
  SINCE JUL 1   5718                      6809  -1091     7188

 COOLING
  TODAY            0                         0      0        0
  MONTH TO DATE    3                         0      3        0
  SINCE MAR 1      3                         0      3        0
  SINCE JAN 1      3                         0      3        0
..................................................................


WIND (MPH)
  HIGHEST WIND SPEED    17   HIGHEST WIND DIRECTION    NE (30)
  HIGHEST GUST SPEED    20   HIGHEST GUST DIRECTION    NE (40)
  AVERAGE WIND SPEED     7.9


SKY COVER
  POSSIBLE SUNSHINE  MM
  AVERAGE SKY COVER 1.0


WEATHER CONDITIONS
 THE FOLLOWING WEATHER WAS RECORDED TODAY.
  FOG


RELATIVE HUMIDITY (PERCENT)
 HIGHEST   100          1200 AM
 LOWEST     71          1200 PM
 AVERAGE    86

..........................................................


THE DUBUQUE IA CLIMATE NORMALS FOR TOMORROW
                         NORMAL    RECORD    YEAR
 MAXIMUM TEMPERATURE (F)   64        89      1952
 MINIMUM TEMPERATURE (F)   43        28      1956
                                             1903


SUNRISE AND SUNSET
APRIL 29 2016.........SUNRISE   600 AM CDT   SUNSET   801 PM CDT
APRIL 30 2016.........SUNRISE   559 AM CDT   SUNSET   802 PM CDT


-  INDICATES NEGATIVE NUMBERS.
R  INDICATES RECORD WAS SET OR TIED.
MM INDICATES DATA IS MISSING.
T  INDICATES TRACE AMOUNT.




$$
