170
CDUS43 KDVN 262119
CLIDBQ


CLIMATE REPORT
NATIONAL WEATHER SERVICE QUAD CITIES IA IL
419 PM CDT MON SEP 26 2016


...................................

...THE DUBUQUE IA CLIMATE SUMMARY FOR SEPTEMBER 26 2016...
VALID TODAY AS OF 0400 PM LOCAL TIME.

CLIMATE NORMAL PERIOD 1981 TO 2010
CLIMATE RECORD PERIOD 1873 TO 2016


WEATHER ITEM   OBSERVED TIME   RECORD YEAR NORMAL DEPARTURE LAST
                VALUE   (LST)  VALUE       VALUE  FROM      YEAR
                                                  NORMAL
..................................................................
TEMPERATURE (F)
 TODAY
  MAXIMUM         68   1248 PM  89    1891  68      0       76
  MINIMUM         48    606 AM  31    1926  47      1       55
  AVERAGE         58                        58      0       66

PRECIPITATION (IN)
  TODAY            0.00          4.01 1881   0.11  -0.11     0.00
  MONTH TO DATE    5.15                      3.06   2.09     2.91
  SINCE SEP 1      5.15                      3.06   2.09     2.91
  SINCE JAN 1     34.31                     29.04   5.27    25.74

SNOWFALL (IN)
  TODAY            0.0          MM      MM   0.0    0.0      0.0
  MONTH TO DATE    0.0                       0.0    0.0      0.0
  SINCE SEP 1      0.0                       0.0    0.0      0.0
  SINCE JUL 1      0.0                       0.0    0.0      0.0
  SNOW DEPTH       0

DEGREE DAYS
 HEATING
  TODAY            7                         8     -1        0
  MONTH TO DATE   17                       115    -98       40
  SINCE SEP 1     17                       115    -98       40
  SINCE JUL 1     24                       142   -118       73

 COOLING
  TODAY            0                         1     -1        1
  MONTH TO DATE   87                        58     29      140
  SINCE SEP 1     87                        58     29      140
  SINCE JAN 1    767                       634    133      633
..................................................................


WIND (MPH)
  HIGHEST WIND SPEED    28   HIGHEST WIND DIRECTION     W (270)
  HIGHEST GUST SPEED    37   HIGHEST GUST DIRECTION     W (290)
  AVERAGE WIND SPEED    16.0


SKY COVER
  POSSIBLE SUNSHINE  MM
  AVERAGE SKY COVER 0.0


WEATHER CONDITIONS
 THE FOLLOWING WEATHER WAS RECORDED TODAY.
  NO SIGNIFICANT WEATHER WAS OBSERVED.


RELATIVE HUMIDITY (PERCENT)
 HIGHEST    86           400 AM
 LOWEST     28           300 PM
 AVERAGE    57

..........................................................


THE DUBUQUE IA CLIMATE NORMALS FOR TOMORROW
                         NORMAL    RECORD    YEAR
 MAXIMUM TEMPERATURE (F)   68        88      1954
                                             1891
 MINIMUM TEMPERATURE (F)   47        31      1889


SUNRISE AND SUNSET
SEPTEMBER 26 2016.....SUNRISE   655 AM CDT   SUNSET   652 PM CDT
SEPTEMBER 27 2016.....SUNRISE   656 AM CDT   SUNSET   650 PM CDT


-  INDICATES NEGATIVE NUMBERS.
R  INDICATES RECORD WAS SET OR TIED.
MM INDICATES DATA IS MISSING.
T  INDICATES TRACE AMOUNT.




$$
