000
CDUS41 KLWX 062128
CLIDCA


CLIMATE REPORT
NATIONAL WEATHER SERVICE BALTIMORE MD/WASHINGTON DC
427 PM EST FRI MAR 6 2015


...................................

...THE WASHINGTON NATIONAL DC CLIMATE SUMMARY FOR MARCH 6 2015...
VALID TODAY AS OF 0400 PM LOCAL TIME.

CLIMATE NORMAL PERIOD 1981 TO 2010
CLIMATE RECORD PERIOD 1871 TO 2015


WEATHER ITEM   OBSERVED TIME   RECORD YEAR NORMAL DEPARTURE LAST
                VALUE   (LST)  VALUE       VALUE  FROM      YEAR
                                                  NORMAL
..................................................................
TEMPERATURE (F)
 TODAY
  MAXIMUM         30    308 PM  81    1961  52    -22       36
  MINIMUM         15    658 AM  10    1888  35    -20       26
  AVERAGE         23                        44    -21       31

PRECIPITATION (IN)
  TODAY            0.00          1.52 1932   0.10  -0.10     0.00
  MONTH TO DATE    1.76                      0.57   1.19     0.78
  SINCE MAR 1      1.76                      0.57   1.19     0.78
  SINCE JAN 1      7.17                      6.00   1.17     7.38

SNOWFALL (IN)
  TODAY            0.0           5.2  1923   0.1   -0.1
  MONTH TO DATE    4.9                       0.5    4.4
  SINCE JUL 1     18.3                      14.6    3.7
  SNOW DEPTH       5

DEGREE DAYS
 HEATING
  TODAY           42                        21     21       34
  MONTH TO DATE  183                       133     50      192
  SINCE MAR 1    183                       133     50      192
  SINCE JUL 1   3307                      3241     66     3358

 COOLING
  TODAY            0                         0      0        0
  MONTH TO DATE    0                         0      0        0
  SINCE MAR 1      0                         0      0        0
  SINCE JAN 1      0                         0      0        0
..................................................................


WIND (MPH)
  HIGHEST WIND SPEED    21   HIGHEST WIND DIRECTION    NW (330)
  HIGHEST GUST SPEED    25   HIGHEST GUST DIRECTION    NW (330)
  AVERAGE WIND SPEED     8.9


SKY COVER
  POSSIBLE SUNSHINE  MM
  AVERAGE SKY COVER 0.0


WEATHER CONDITIONS
 THE FOLLOWING WEATHER WAS RECORDED TODAY.
  NO SIGNIFICANT WEATHER WAS OBSERVED.


RELATIVE HUMIDITY (PERCENT)
 HIGHEST    54          1200 AM
 LOWEST     39          1100 AM
 AVERAGE    47

..........................................................


THE WASHINGTON NATIONAL DC CLIMATE NORMALS FOR TOMORROW
                         NORMAL    RECORD    YEAR
 MAXIMUM TEMPERATURE (F)   53        77      1961
 MINIMUM TEMPERATURE (F)   35        13      1890


SUNRISE AND SUNSET
MARCH  6 2015.........SUNRISE   634 AM EST   SUNSET   606 PM EST
MARCH  7 2015.........SUNRISE   632 AM EST   SUNSET   607 PM EST


-  INDICATES NEGATIVE NUMBERS.
R  INDICATES RECORD WAS SET OR TIED.
MM INDICATES DATA IS MISSING.
T  INDICATES TRACE AMOUNT.




$$
