000
CDUS41 KALY 310624
CLIDDH


CLIMATE REPORT
NATIONAL WEATHER SERVICE ALBANY NY
224 AM EDT MON AUG 31 2015


...................................

...THE BENNINGTON VT CLIMATE SUMMARY FOR AUGUST 30 2015...

CLIMATE NORMAL PERIOD 1981 TO 2010
CLIMATE RECORD PERIOD 9999 TO 9999


WEATHER ITEM   OBSERVED TIME   NORMAL DEPARTURE LAST
                VALUE   (LST)  VALUE  FROM      YEAR
                                      NORMAL
......................................................
TEMPERATURE (F)
 YESTERDAY
  MAXIMUM         80    415 PM  76      4       78
  MINIMUM         54    555 AM  53      1       54
  AVERAGE         67            64      3       66

PRECIPITATION (IN)
  YESTERDAY        0.00          0.12  -0.12     0.00
  MONTH TO DATE    1.73          3.89  -2.16     1.84
  SINCE JUN 1      6.67         12.36  -5.69    13.12
  SINCE JAN 1     14.23         27.43 -13.20    25.95

DEGREE DAYS
 HEATING
  YESTERDAY        0             3     -3        0
  MONTH TO DATE   12            41    -29       42
  SINCE JUN 1    134           162    -28      100
  SINCE JUL 1     39            65    -26       53

 COOLING
  YESTERDAY        2             2      0        1
  MONTH TO DATE  115            93     22       45
  SINCE JUN 1    299           274     25      231
  SINCE JAN 1    363           288     75      247
......................................................


WIND (MPH)
  HIGHEST WIND SPEED     8   HIGHEST WIND DIRECTION     S (180)
  HIGHEST GUST SPEED    11   HIGHEST GUST DIRECTION    SW (220)
  AVERAGE WIND SPEED     1.8


SKY COVER
  AVERAGE SKY COVER 0.4



RELATIVE HUMIDITY (PERCENT)
 HIGHEST   100           600 AM
 LOWEST     51           100 PM
 AVERAGE    76

..........................................................


THE BENNINGTON VT CLIMATE NORMALS FOR TODAY
                         NORMAL
 MAXIMUM TEMPERATURE (F)   75
 MINIMUM TEMPERATURE (F)   53


SUNRISE AND SUNSET
AUGUST 31 2015........SUNRISE   616 AM EDT   SUNSET   730 PM EDT
SEPTEMBER  1 2015.....SUNRISE   617 AM EDT   SUNSET   728 PM EDT


-  INDICATES NEGATIVE NUMBERS.
R  INDICATES RECORD WAS SET OR TIED.
MM INDICATES DATA IS MISSING.
T  INDICATES TRACE AMOUNT.




$$
