000
CDUS43 KILX 210708
CLIDEC


CLIMATE REPORT
NATIONAL WEATHER SERVICE LINCOLN IL
103 AM CST WED FEB 21 2018


...................................

...THE DECATUR IL AIRPORT CLIMATE SUMMARY FOR FEBRUARY 20 2018...

CLIMATE NORMAL PERIOD 1981 TO 2010
CLIMATE RECORD PERIOD 9999 TO 9999


WEATHER ITEM   OBSERVED TIME   RECORD YEAR NORMAL DEPARTURE LAST
                VALUE   (LST)  VALUE       VALUE  FROM      YEAR
                                                  NORMAL
..................................................................
TEMPERATURE (F)
 YESTERDAY
  MAXIMUM         66    114 PM  MM      MM  41     25       73
  MINIMUM         33   1159 PM  MM      MM  24      9       48
  AVERAGE         50                        32     18       61

PRECIPITATION (IN)
  YESTERDAY        1.84         MM      MM   0.07   1.77     0.00
  MONTH TO DATE    3.30                      1.37   1.93     0.29
  SINCE DEC 1      4.45                      5.65  -1.20     2.63
  SINCE JAN 1      4.33                      3.11   1.22     1.94

DEGREE DAYS
 HEATING
  YESTERDAY       15                        32    -17        4
  MONTH TO DATE  708                       702      6      505
  SINCE DEC 1   3027                      2928     99     2525
  SINCE JUL 1   3969                      4009    -40     3221

 COOLING
  YESTERDAY        0                         0      0        0
  MONTH TO DATE    0                         0      0        0
  SINCE DEC 1      0                         0      0        0
  SINCE JAN 1      0                         0      0        0
..................................................................


WIND (MPH)
  HIGHEST WIND SPEED    32   HIGHEST WIND DIRECTION     S (190)
  HIGHEST GUST SPEED    44   HIGHEST GUST DIRECTION     S (180)
  AVERAGE WIND SPEED    17.8


SKY COVER
  POSSIBLE SUNSHINE  MM
  AVERAGE SKY COVER 0.9


WEATHER CONDITIONS
 THE FOLLOWING WEATHER WAS RECORDED YESTERDAY.
  THUNDERSTORM
  HEAVY RAIN
  RAIN
  LIGHT RAIN
  FOG


RELATIVE HUMIDITY (PERCENT)
 HIGHEST   100           100 AM
 LOWEST     84           200 AM
 AVERAGE    92

..........................................................


THE DECATUR IL AIRPORT CLIMATE NORMALS FOR TODAY
                         NORMAL    RECORD    YEAR
 MAXIMUM TEMPERATURE (F)   41        MM        MM
 MINIMUM TEMPERATURE (F)   25        MM        MM


SUNRISE AND SUNSET
FEBRUARY 21 2018......SUNRISE   640 AM CST   SUNSET   539 PM CST
FEBRUARY 22 2018......SUNRISE   639 AM CST   SUNSET   540 PM CST


-  INDICATES NEGATIVE NUMBERS.
R  INDICATES RECORD WAS SET OR TIED.
MM INDICATES DATA IS MISSING.
T  INDICATES TRACE AMOUNT.




$$
