000
CDUS43 KILX 270644
CLIDEC


CLIMATE REPORT
NATIONAL WEATHER SERVICE LINCOLN IL
134 AM CDT THU JUL 27 2017


...................................

...THE DECATUR IL AIRPORT CLIMATE SUMMARY FOR JULY 26 2017...

CLIMATE NORMAL PERIOD 1981 TO 2010
CLIMATE RECORD PERIOD 9999 TO 9999


WEATHER ITEM   OBSERVED TIME   RECORD YEAR NORMAL DEPARTURE LAST
                VALUE   (LST)  VALUE       VALUE  FROM      YEAR
                                                  NORMAL
..................................................................
TEMPERATURE (F)
 YESTERDAY
  MAXIMUM         89    420 PM  MM      MM  86      3       85
  MINIMUM         63    452 AM  MM      MM  64     -1       67
  AVERAGE         76                        75      1       76

PRECIPITATION (IN)
  YESTERDAY        0.19         MM      MM   0.11   0.08     0.00
  MONTH TO DATE    3.19                      3.30  -0.11     4.45
  SINCE JUN 1      4.61                      7.65  -3.04     6.61
  SINCE JAN 1     23.54                     22.10   1.44    17.47

DEGREE DAYS
 HEATING
  YESTERDAY        0                         0      0        0
  MONTH TO DATE    0                         0      0        5
  SINCE JUN 1      4                        17    -13        5
  SINCE JUL 1      0                         0      0        5

 COOLING
  YESTERDAY       11                        10      1       11
  MONTH TO DATE  333                       282     51      303
  SINCE JUN 1    588                       511     77      626
  SINCE JAN 1    685                       598     87      716
..................................................................


WIND (MPH)
  HIGHEST WIND SPEED    24   HIGHEST WIND DIRECTION     N (340)
  HIGHEST GUST SPEED    31   HIGHEST GUST DIRECTION     N (340)
  AVERAGE WIND SPEED     4.7


SKY COVER
  POSSIBLE SUNSHINE  MM
  AVERAGE SKY COVER 0.2


WEATHER CONDITIONS
 THE FOLLOWING WEATHER WAS RECORDED YESTERDAY.
  THUNDERSTORM
  HEAVY RAIN
  RAIN
  LIGHT RAIN
  FOG


RELATIVE HUMIDITY (PERCENT)
 HIGHEST    94           900 PM
 LOWEST     63           300 PM
 AVERAGE    79

..........................................................


THE DECATUR IL AIRPORT CLIMATE NORMALS FOR TODAY
                         NORMAL    RECORD    YEAR
 MAXIMUM TEMPERATURE (F)   86        MM        MM
 MINIMUM TEMPERATURE (F)   64        MM        MM


SUNRISE AND SUNSET
JULY 27 2017..........SUNRISE   550 AM CDT   SUNSET   813 PM CDT
JULY 28 2017..........SUNRISE   551 AM CDT   SUNSET   812 PM CDT


-  INDICATES NEGATIVE NUMBERS.
R  INDICATES RECORD WAS SET OR TIED.
MM INDICATES DATA IS MISSING.
T  INDICATES TRACE AMOUNT.




$$
