000
CDUS43 KILX 160632
CLIDEC


CLIMATE REPORT
NATIONAL WEATHER SERVICE LINCOLN IL
130 AM CDT WED APR 16 2014


...................................

...THE DECATUR IL AIRPORT CLIMATE SUMMARY FOR APRIL 15 2014...

CLIMATE NORMAL PERIOD 1981 TO 2010
CLIMATE RECORD PERIOD 9999 TO 9999


WEATHER ITEM   OBSERVED TIME   RECORD YEAR NORMAL DEPARTURE LAST
                VALUE   (LST)  VALUE       VALUE  FROM      YEAR
                                                  NORMAL
..................................................................
TEMPERATURE (F)
 YESTERDAY
  MAXIMUM         44    427 PM  MM      MM  64    -20       66
  MINIMUM         29    530 AM  MM      MM  42    -13       48
  AVERAGE         37                        53    -16       57

PRECIPITATION (IN)
  YESTERDAY        0.00         MM      MM   0.11  -0.11     0.20
  MONTH TO DATE    2.84                      1.62   1.22     1.90
  SINCE MAR 1      4.33                      4.26   0.07     2.34
  SINCE JAN 1      5.45                      7.98  -2.53     6.98

DEGREE DAYS
 HEATING
  YESTERDAY       28                        13     15        8
  MONTH TO DATE  203                       230    -27      204
  SINCE MAR 1   1089                       957    132     1111
  SINCE JUL 1   5901                      5214    687     5081

 COOLING
  YESTERDAY        0                         0      0        0
  MONTH TO DATE    1                         0      1        4
  SINCE MAR 1      1                         1      0        4
  SINCE JAN 1      1                         1      0        4
..................................................................


WIND (MPH)
  HIGHEST WIND SPEED    20   HIGHEST WIND DIRECTION    NW (330)
  HIGHEST GUST SPEED    27   HIGHEST GUST DIRECTION    NW (330)
  AVERAGE WIND SPEED    10.5


SKY COVER
  POSSIBLE SUNSHINE  MM
  AVERAGE SKY COVER 0.3


WEATHER CONDITIONS
 THE FOLLOWING WEATHER WAS RECORDED YESTERDAY.
  NO SIGNIFICANT WEATHER WAS OBSERVED.


RELATIVE HUMIDITY (PERCENT)
 HIGHEST    85           300 AM
 LOWEST     36           400 PM
 AVERAGE    61

..........................................................


THE DECATUR IL AIRPORT CLIMATE NORMALS FOR TODAY
                         NORMAL    RECORD    YEAR
 MAXIMUM TEMPERATURE (F)   64        MM        MM
 MINIMUM TEMPERATURE (F)   42        MM        MM


SUNRISE AND SUNSET
APRIL 16 2014.........SUNRISE   616 AM CDT   SUNSET   735 PM CDT
APRIL 17 2014.........SUNRISE   615 AM CDT   SUNSET   736 PM CDT


-  INDICATES NEGATIVE NUMBERS.
R  INDICATES RECORD WAS SET OR TIED.
MM INDICATES DATA IS MISSING.
T  INDICATES TRACE AMOUNT.




$$
