000
CDUS43 KILX 070646
CLIDEC


CLIMATE REPORT
NATIONAL WEATHER SERVICE LINCOLN IL
145 AM CDT TUE JUL 7 2015


...................................

...THE DECATUR IL AIRPORT CLIMATE SUMMARY FOR JULY 6 2015...

CLIMATE NORMAL PERIOD 1981 TO 2010
CLIMATE RECORD PERIOD 9999 TO 9999


WEATHER ITEM   OBSERVED TIME   RECORD YEAR NORMAL DEPARTURE LAST
                VALUE   (LST)  VALUE       VALUE  FROM      YEAR
                                                  NORMAL
..................................................................
TEMPERATURE (F)
 YESTERDAY
  MAXIMUM         86    400 PM  MM      MM  87     -1       84
  MINIMUM         62    347 AM  MM      MM  66     -4       67
  AVERAGE         74                        76     -2       76

PRECIPITATION (IN)
  YESTERDAY        0.00         MM      MM   0.12  -0.12     0.00
  MONTH TO DATE    0.11                      0.76  -0.65     0.52
  SINCE JUN 1      5.37                      5.11   0.26     7.42
  SINCE JAN 1     16.07                     19.56  -3.49    17.08

DEGREE DAYS
 HEATING
  YESTERDAY        0                         0      0        0
  MONTH TO DATE    0                         0      0        0
  SINCE JUN 1      7                        17    -10        1
  SINCE JUL 1      0                         0      0        0

 COOLING
  YESTERDAY        9                        11     -2       11
  MONTH TO DATE   32                        66    -34       33
  SINCE JUN 1    290                       295     -5      309
  SINCE JAN 1    434                       382     52      454
..................................................................


WIND (MPH)
  HIGHEST WIND SPEED    20   HIGHEST WIND DIRECTION     S (200)
  HIGHEST GUST SPEED    33   HIGHEST GUST DIRECTION     W (250)
  AVERAGE WIND SPEED    10.7


SKY COVER
  POSSIBLE SUNSHINE  MM
  AVERAGE SKY COVER 0.1


WEATHER CONDITIONS
 THE FOLLOWING WEATHER WAS RECORDED YESTERDAY.
  FOG
  HAZE


RELATIVE HUMIDITY (PERCENT)
 HIGHEST    94          1000 PM
 LOWEST     65           500 PM
 AVERAGE    80

..........................................................


THE DECATUR IL AIRPORT CLIMATE NORMALS FOR TODAY
                         NORMAL    RECORD    YEAR
 MAXIMUM TEMPERATURE (F)   87        MM        MM
 MINIMUM TEMPERATURE (F)   66        MM        MM


SUNRISE AND SUNSET
JULY  7 2015..........SUNRISE   534 AM CDT   SUNSET   826 PM CDT
JULY  8 2015..........SUNRISE   535 AM CDT   SUNSET   826 PM CDT


-  INDICATES NEGATIVE NUMBERS.
R  INDICATES RECORD WAS SET OR TIED.
MM INDICATES DATA IS MISSING.
T  INDICATES TRACE AMOUNT.




$$
