000
CDUS43 KILX 020655
CLIDEC


CLIMATE REPORT
NATIONAL WEATHER SERVICE LINCOLN IL
154 AM CDT THU OCT 2 2014


...................................

...THE DECATUR IL AIRPORT CLIMATE SUMMARY FOR OCTOBER 1 2014...

CLIMATE NORMAL PERIOD 1981 TO 2010
CLIMATE RECORD PERIOD 9999 TO 9999


WEATHER ITEM   OBSERVED TIME   RECORD YEAR NORMAL DEPARTURE LAST
                VALUE   (LST)  VALUE       VALUE  FROM      YEAR
                                                  NORMAL
..................................................................
TEMPERATURE (F)
 YESTERDAY
  MAXIMUM         83    254 PM  MM      MM  72     11       78
  MINIMUM         50    517 AM  MM      MM  47      3       62
  AVERAGE         67                        60      7       70

PRECIPITATION (IN)
  YESTERDAY        0.35         MM      MM   0.10   0.25     0.00
  MONTH TO DATE    0.35                      0.10   0.25     0.00
  SINCE SEP 1      4.27                      2.99   1.28     0.59
  SINCE JAN 1     28.20                     29.30  -1.10    26.96

DEGREE DAYS
 HEATING
  YESTERDAY        0                         7     -7        0
  MONTH TO DATE    0                         7     -7        0
  SINCE SEP 1     87                        74     13       43
  SINCE JUL 1     89                        80      9       53

 COOLING
  YESTERDAY        2                         2      0        5
  MONTH TO DATE    2                         2      0        5
  SINCE SEP 1     95                       113    -18      172
  SINCE JAN 1    999                      1031    -32     1044
..................................................................


WIND (MPH)
  HIGHEST WIND SPEED    17   HIGHEST WIND DIRECTION     W (260)
  HIGHEST GUST SPEED    23   HIGHEST GUST DIRECTION     W (250)
  AVERAGE WIND SPEED     8.7


SKY COVER
  POSSIBLE SUNSHINE  MM
  AVERAGE SKY COVER 0.2


WEATHER CONDITIONS
 THE FOLLOWING WEATHER WAS RECORDED YESTERDAY.
  RAIN
  LIGHT RAIN
  FOG


RELATIVE HUMIDITY (PERCENT)
 HIGHEST    93           400 AM
 LOWEST     43           100 PM
 AVERAGE    68

..........................................................


THE DECATUR IL AIRPORT CLIMATE NORMALS FOR TODAY
                         NORMAL    RECORD    YEAR
 MAXIMUM TEMPERATURE (F)   72        MM        MM
 MINIMUM TEMPERATURE (F)   47        MM        MM


SUNRISE AND SUNSET
OCTOBER  2 2014.......SUNRISE   653 AM CDT   SUNSET   636 PM CDT
OCTOBER  3 2014.......SUNRISE   654 AM CDT   SUNSET   635 PM CDT


-  INDICATES NEGATIVE NUMBERS.
R  INDICATES RECORD WAS SET OR TIED.
MM INDICATES DATA IS MISSING.
T  INDICATES TRACE AMOUNT.




$$
