000
CDUS45 KBOU 200739
CLIDEN


CLIMATE REPORT
NATIONAL WEATHER SERVICE DENVER/BOULDER CO
1236 AM MST TUE FEB 20 2018


...................................

...THE DENVER CO CLIMATE SUMMARY FOR FEBRUARY 19 2018...

CLIMATE NORMAL PERIOD 1981 TO 2010
CLIMATE RECORD PERIOD 1872 TO 2018


WEATHER ITEM   OBSERVED TIME   RECORD YEAR NORMAL DEPARTURE LAST
                VALUE   (LST)  VALUE       VALUE  FROM      YEAR
                                                  NORMAL
..................................................................
TEMPERATURE (F)
 YESTERDAY
  MAXIMUM         20   1234 AM  71    1981  47    -27       64
  MINIMUM          3   1159 PM  -4    2006  20    -17       35
  AVERAGE         12                        33    -21       50

PRECIPITATION (IN)
  YESTERDAY        0.11          1.01 1953   0.02   0.09      T
  MONTH TO DATE    0.29                      0.24   0.05      T
  SINCE DEC 1      1.04                      1.00   0.04     1.32
  SINCE JAN 1      0.83                      0.65   0.18     0.54

SNOWFALL (IN)
  YESTERDAY        2.9
  MONTH TO DATE    5.3
  SINCE DEC 1     15.7
  SINCE JUL 1     18.5
  SNOW DEPTH       T

DEGREE DAYS
 HEATING
  YESTERDAY       53                        32     21       15
  MONTH TO DATE  609                       634    -25      410
  SINCE DEC 1   2520                      2783   -263     2631
  SINCE JUL 1   3691                      4165   -474     3527

 COOLING
  YESTERDAY        0                         0      0        0
  MONTH TO DATE    0                         0      0        0
  SINCE DEC 1      0                         0      0        0
  SINCE JAN 1      0                         0      0        0
..................................................................


WIND (MPH)
  HIGHEST WIND SPEED    18   HIGHEST WIND DIRECTION    NE (40)
  HIGHEST GUST SPEED    22   HIGHEST GUST DIRECTION     E (80)
  AVERAGE WIND SPEED    11.3


SKY COVER
  POSSIBLE SUNSHINE  MM
  AVERAGE SKY COVER 1.0


WEATHER CONDITIONS
 THE FOLLOWING WEATHER WAS RECORDED YESTERDAY.
  LT FREEZING RAIN
  HEAVY SNOW
  SNOW
  LIGHT SNOW
  FOG
  FOG W/VISIBILITY <= 1/4 MILE
  HAZE


RELATIVE HUMIDITY (PERCENT)
 HIGHEST    96           300 AM
 LOWEST     80           700 PM
 AVERAGE    88

..........................................................


THE DENVER CO CLIMATE NORMALS FOR TODAY
                         NORMAL    RECORD    YEAR
 MAXIMUM TEMPERATURE (F)   47        75      1935
 MINIMUM TEMPERATURE (F)   20        -5      1955


SUNRISE AND SUNSET
FEBRUARY 20 2018......SUNRISE   645 AM MST   SUNSET   541 PM MST
FEBRUARY 21 2018......SUNRISE   643 AM MST   SUNSET   542 PM MST


-  INDICATES NEGATIVE NUMBERS.
R  INDICATES RECORD WAS SET OR TIED.
MM INDICATES DATA IS MISSING.
T  INDICATES TRACE AMOUNT.




$$
