000
CDUS45 KBOU 302330
CLIDEN


CLIMATE REPORT
NATIONAL WEATHER SERVICE DENVER CO
529 PM MDT WED JUL 30 2014


...................................

...THE DENVER CO CLIMATE SUMMARY FOR JULY 30 2014...
VALID TODAY AS OF 0500 PM LOCAL TIME.

CLIMATE NORMAL PERIOD 1981 TO 2010
CLIMATE RECORD PERIOD 1872 TO 2014


WEATHER ITEM   OBSERVED TIME   RECORD YEAR NORMAL DEPARTURE LAST
                VALUE   (LST)  VALUE       VALUE  FROM      YEAR
                                                  NORMAL
..................................................................
TEMPERATURE (F)
 TODAY
  MAXIMUM         62    303 PM 101    2005  90    -28       88
  MINIMUM         57   1200 PM  43    1971  60     -3       56
  AVERAGE         60                        75    -15       72

PRECIPITATION (IN)
  TODAY            0.96          2.71 1997   0.08   0.88     0.02
  MONTH TO DATE    3.68                      2.08   1.60     1.98
  SINCE JUN 1      5.50                      4.06   1.44     2.73
  SINCE JAN 1     12.21                      9.59   2.62     7.97

DEGREE DAYS
 HEATING
  TODAY            5                         0      5        0
  MONTH TO DATE    5                         1      4        0
  SINCE JUN 1     35                        63    -28       29
  SINCE JUL 1      5                         1      4        0

 COOLING
  TODAY            0                        10    -10        7
  MONTH TO DATE  301                       279     22      284
  SINCE JUN 1    407                       412     -5      505
  SINCE JAN 1    428                       434     -6      547
..................................................................


WIND (MPH)
  HIGHEST WIND SPEED    17   HIGHEST WIND DIRECTION    NE (50)
  HIGHEST GUST SPEED    20   HIGHEST GUST DIRECTION    NE (50)
  AVERAGE WIND SPEED     8.3


SKY COVER **
  POSSIBLE SUNSHINE  MM
  AVERAGE SKY COVER 0.9


WEATHER CONDITIONS
 THE FOLLOWING WEATHER WAS RECORDED TODAY.
  HEAVY RAIN
  RAIN
  LIGHT RAIN
  FOG


RELATIVE HUMIDITY (PERCENT)
 HIGHEST   100           300 AM
 LOWEST     84           100 PM
 AVERAGE    92

..........................................................


THE DENVER CO CLIMATE NORMALS FOR TOMORROW
                         NORMAL    RECORD    YEAR
 MAXIMUM TEMPERATURE (F)   90       100      1889
 MINIMUM TEMPERATURE (F)   60        42      1873


SUNRISE AND SUNSET
JULY 30 2014..........SUNRISE   556 AM MDT   SUNSET   815 PM MDT
JULY 31 2014..........SUNRISE   557 AM MDT   SUNSET   814 PM MDT


-  INDICATES NEGATIVE NUMBERS.
R  INDICATES RECORD WAS SET OR TIED.
MM INDICATES DATA IS MISSING.
T  INDICATES TRACE AMOUNT.




$$
