000
CDUS45 KBOU 070807
CLIDEN


CLIMATE REPORT
NATIONAL WEATHER SERVICE DENVER CO
206 AM MDT TUE JUL 7 2015


...................................

...THE DENVER CO CLIMATE SUMMARY FOR JULY 6 2015...

CLIMATE NORMAL PERIOD 1981 TO 2010
CLIMATE RECORD PERIOD 1872 TO 2015


WEATHER ITEM   OBSERVED TIME   RECORD YEAR NORMAL DEPARTURE LAST
                VALUE   (LST)  VALUE       VALUE  FROM      YEAR
                                                  NORMAL
..................................................................
TEMPERATURE (F)
 YESTERDAY
  MAXIMUM         65    523 PM 103    1973  89    -24       98
  MINIMUM         59   1159 PM  44    1908  58      1       66
  AVERAGE         62                        73    -11       82

PRECIPITATION (IN)
  YESTERDAY        0.04          1.01 2001   0.06  -0.02     0.00
  MONTH TO DATE    0.17                      0.34  -0.17      T
  SINCE JUN 1      2.70                      2.32   0.38     1.82
  SINCE JAN 1     11.53                      7.85   3.68     8.53

SNOWFALL (IN)
  YESTERDAY        0.0
  MONTH TO DATE      0
  SINCE JUN 1        0
  SINCE JUL 1        0
  SNOW DEPTH       0


DEGREE DAYS
 HEATING
  YESTERDAY        3                         0      3        0
  MONTH TO DATE    3                         1      2        0
  SINCE JUN 1     14                        63    -49       30
  SINCE JUL 1      3                         1      2        0

 COOLING
  YESTERDAY        0                         8     -8       17
  MONTH TO DATE   46                        47     -1       57
  SINCE JUN 1    200                       180     20      163
  SINCE JAN 1    204                       202      2      184
..................................................................


WIND (MPH)
  HIGHEST WIND SPEED    18   HIGHEST WIND DIRECTION     N (20)
  HIGHEST GUST SPEED    23   HIGHEST GUST DIRECTION     N (20)
  AVERAGE WIND SPEED     9.3


SKY COVER **
  POSSIBLE SUNSHINE  MM
  AVERAGE SKY COVER 0.9


WEATHER CONDITIONS
 THE FOLLOWING WEATHER WAS RECORDED YESTERDAY.
  LIGHT RAIN
  FOG
  HAZE


RELATIVE HUMIDITY (PERCENT)
 HIGHEST    93          1100 AM
 LOWEST     67           500 PM
 AVERAGE    80

..........................................................


THE DENVER CO CLIMATE NORMALS FOR TODAY
                         NORMAL    RECORD    YEAR
 MAXIMUM TEMPERATURE (F)   89       102      1989
 MINIMUM TEMPERATURE (F)   58        43      1952


SUNRISE AND SUNSET
JULY  7 2015..........SUNRISE   537 AM MST   SUNSET   830 PM MST
JULY  8 2015..........SUNRISE   538 AM MST   SUNSET   829 PM MST


-  INDICATES NEGATIVE NUMBERS.
R  INDICATES RECORD WAS SET OR TIED.
MM INDICATES DATA IS MISSING.
T  INDICATES TRACE AMOUNT.

&&

** SUNSHINE DATA WILL NO LONGER BE AVAILABLE EFFECTIVE OCTOBER 1ST 2009.




$$
