000
CDUS45 KBOU 302236
CLIDEN


CLIMATE REPORT
NATIONAL WEATHER SERVICE DENVER CO
435 PM MDT MON MAR 30 2015


...................................

...THE DENVER CO CLIMATE SUMMARY FOR MARCH 30 2015...
VALID TODAY AS OF 0400 PM LOCAL TIME.

CLIMATE NORMAL PERIOD 1981 TO 2010
CLIMATE RECORD PERIOD 1872 TO 2015


WEATHER ITEM   OBSERVED TIME   RECORD YEAR NORMAL DEPARTURE LAST
                VALUE   (LST)  VALUE       VALUE  FROM      YEAR
                                                  NORMAL
..................................................................
TEMPERATURE (F)
 TODAY
  MAXIMUM         73    106 PM  82    2010  58     15       71
  MINIMUM         34    542 AM  10    1987  30      4       40
  AVERAGE         54                        44     10       56

PRECIPITATION (IN)
  TODAY            0.00          0.93 1953   0.04  -0.04      T
  MONTH TO DATE    0.79                      0.88  -0.09     0.83
  SINCE MAR 1      0.79                      0.88  -0.09     0.83
  SINCE JAN 1      2.42                      1.66   0.76     1.96

DEGREE DAYS
 HEATING
  TODAY           11                        21    -10        9
  MONTH TO DATE  604                       741   -137      719
  SINCE MAR 1    604                       741   -137      719
  SINCE JUL 1   4717                      5180   -463     5238

 COOLING
  TODAY            0                         0      0        0
  MONTH TO DATE    0                         0      0        0
  SINCE MAR 1      0                         0      0        0
  SINCE JAN 1      0                         0      0        0
..................................................................


WIND (MPH)
  HIGHEST WIND SPEED    18   HIGHEST WIND DIRECTION    NE (50)
  HIGHEST GUST SPEED    24   HIGHEST GUST DIRECTION    NE (40)
  AVERAGE WIND SPEED     6.8


SKY COVER **
  POSSIBLE SUNSHINE  MM
  AVERAGE SKY COVER 0.2


WEATHER CONDITIONS
 THE FOLLOWING WEATHER WAS RECORDED TODAY.
  NO SIGNIFICANT WEATHER WAS OBSERVED.


RELATIVE HUMIDITY (PERCENT)
 HIGHEST    59           400 AM
 LOWEST     14           100 PM
 AVERAGE    37

..........................................................


THE DENVER CO CLIMATE NORMALS FOR TOMORROW
                         NORMAL    RECORD    YEAR
 MAXIMUM TEMPERATURE (F)   58        81      2012
 MINIMUM TEMPERATURE (F)   30         5      1954
                                             1899


SUNRISE AND SUNSET
MARCH 30 2015.........SUNRISE   646 AM MST   SUNSET   720 PM MST
MARCH 31 2015.........SUNRISE   645 AM MST   SUNSET   721 PM MST


-  INDICATES NEGATIVE NUMBERS.
R  INDICATES RECORD WAS SET OR TIED.
MM INDICATES DATA IS MISSING.
T  INDICATES TRACE AMOUNT.




$$
