000
CDUS45 KBOU 051245
CLIDEN


CLIMATE REPORT
NATIONAL WEATHER SERVICE DENVER CO
645 AM MDT SAT SEP 5 2015


...................................

...THE DENVER CO CLIMATE SUMMARY FOR SEPTEMBER 5 2015...
VALID AS OF 0600 AM LOCAL TIME.

CLIMATE NORMAL PERIOD 1981 TO 2010
CLIMATE RECORD PERIOD 1872 TO 2015


WEATHER ITEM   OBSERVED TIME   RECORD YEAR NORMAL DEPARTURE LAST
                VALUE   (LST)  VALUE       VALUE  FROM      YEAR
                                                  NORMAL
..................................................................
TEMPERATURE (F)
 TODAY
  MAXIMUM         68    128 AM  97    2013  83    -15       65
                                      1899
  MINIMUM         60    359 AM  38    1962  53      7       50
  AVERAGE         64                        68     -4       58

PRECIPITATION (IN)
  TODAY            0.00          1.02 1918   0.03  -0.03     0.19
  MONTH TO DATE    0.03                      0.16  -0.13     0.43
  SINCE SEP 1      0.03                      0.16  -0.13     0.43
  SINCE JAN 1     13.63                     11.52   2.11    15.54

..................................................................


WIND (MPH)
  HIGHEST WIND SPEED    12   HIGHEST WIND DIRECTION    SW (230)
  HIGHEST GUST SPEED    13   HIGHEST GUST DIRECTION    SW (230)
  AVERAGE WIND SPEED     7.1




RELATIVE HUMIDITY (PERCENT)
 HIGHEST    63          1200 AM
 LOWEST     52           200 AM
 AVERAGE    58

..........................................................


THE DENVER CO CLIMATE NORMALS FOR TOMORROW
                         NORMAL    RECORD    YEAR
 MAXIMUM TEMPERATURE (F)   82        97      2013
 MINIMUM TEMPERATURE (F)   52        34      1929


SUNRISE AND SUNSET
SEPTEMBER  5 2015.....SUNRISE   630 AM MST   SUNSET   725 PM MST
SEPTEMBER  6 2015.....SUNRISE   631 AM MST   SUNSET   724 PM MST


-  INDICATES NEGATIVE NUMBERS.
R  INDICATES RECORD WAS SET OR TIED.
MM INDICATES DATA IS MISSING.
T  INDICATES TRACE AMOUNT.




$$
