000
CDUS45 KBOU 240759
CLIDEN


CLIMATE REPORT
NATIONAL WEATHER SERVICE DENVER/BOULDER CO
157 AM MDT WED AUG 24 2016


...................................

...THE DENVER CO CLIMATE SUMMARY FOR AUGUST 23 2016...

CLIMATE NORMAL PERIOD 1981 TO 2010
CLIMATE RECORD PERIOD 1872 TO 2016


WEATHER ITEM   OBSERVED TIME   RECORD YEAR NORMAL DEPARTURE LAST
                VALUE   (LST)  VALUE       VALUE  FROM      YEAR
                                                  NORMAL
..................................................................
TEMPERATURE (F)
 YESTERDAY
  MAXIMUM         87    143 PM  98    2011  86      1       80
                                      2009
                                      1878
  MINIMUM         61    525 AM  41    1964  57      4       43
  AVERAGE         74                        71      3       62

PRECIPITATION (IN)
  YESTERDAY        T             2.93 1921   0.04  -0.04     0.00
  MONTH TO DATE    0.05                      1.37  -1.32     1.06
  SINCE JUN 1      2.74                      5.51  -2.77     4.65
  SINCE JAN 1      9.84                     11.04  -1.20    13.48

SNOWFALL (IN)
  YESTERDAY        0.0
  MONTH TO DATE      0
  SINCE JUN 1        0
  SINCE JUL 1        0
  SNOW DEPTH       0


DEGREE DAYS
 HEATING
  YESTERDAY        0                         0      0        3
  MONTH TO DATE    3                         0      3       13
  SINCE JUN 1      7                        68    -61       29
  SINCE JUL 1      3                         6     -3       18

 COOLING
  YESTERDAY        9                         7      2        0
  MONTH TO DATE  196                       197     -1      224
  SINCE JUN 1    737                       619    118      629
  SINCE JAN 1    740                       641     99      633
..................................................................


WIND (MPH)
  HIGHEST WIND SPEED    25   HIGHEST WIND DIRECTION    NW (300)
  HIGHEST GUST SPEED    31   HIGHEST GUST DIRECTION    NW (300)
  AVERAGE WIND SPEED    12.2


SKY COVER **
  POSSIBLE SUNSHINE  MM
  AVERAGE SKY COVER 0.6


WEATHER CONDITIONS
 THE FOLLOWING WEATHER WAS RECORDED YESTERDAY.
  NO SIGNIFICANT WEATHER WAS OBSERVED.


RELATIVE HUMIDITY (PERCENT)
 HIGHEST    43           500 AM
 LOWEST     16           100 PM
 AVERAGE    30

..........................................................


THE DENVER CO CLIMATE NORMALS FOR TODAY
                         NORMAL    RECORD    YEAR
 MAXIMUM TEMPERATURE (F)   86        98      2011
 MINIMUM TEMPERATURE (F)   57        40      1910


SUNRISE AND SUNSET
AUGUST 24 2016........SUNRISE   620 AM MDT   SUNSET   742 PM MDT
AUGUST 25 2016........SUNRISE   621 AM MDT   SUNSET   740 PM MDT


-  INDICATES NEGATIVE NUMBERS.
R  INDICATES RECORD WAS SET OR TIED.
MM INDICATES DATA IS MISSING.
T  INDICATES TRACE AMOUNT.

&&

** SUNSHINE DATA WILL NO LONGER BE AVAILABLE EFFECTIVE OCTOBER 1ST 2009.




$$
