000
CDUS45 KBOU 222329
CLIDEN


CLIMATE REPORT
NATIONAL WEATHER SERVICE DENVER CO
529 PM MDT FRI AUG 22 2014


...................................

...THE DENVER CO CLIMATE SUMMARY FOR AUGUST 22 2014...
VALID TODAY AS OF 0500 PM LOCAL TIME.

CLIMATE NORMAL PERIOD 1981 TO 2010
CLIMATE RECORD PERIOD 1872 TO 2014


WEATHER ITEM   OBSERVED TIME   RECORD YEAR NORMAL DEPARTURE LAST
                VALUE   (LST)  VALUE       VALUE  FROM      YEAR
                                                  NORMAL
..................................................................
TEMPERATURE (F)
 TODAY
  MAXIMUM         71    121 PM  98    1960  86    -15       85
  MINIMUM         61    545 AM  40    1904  57      4       58
  AVERAGE         66                        72     -6       72

PRECIPITATION (IN)
  TODAY            0.03          1.94 2013   0.04  -0.01     1.94
  MONTH TO DATE    1.09                      1.33  -0.24     2.72
  SINCE JUN 1      6.76                      5.47   1.29     5.45
  SINCE JAN 1     13.47                     11.00   2.47    10.69

DEGREE DAYS
 HEATING
  TODAY            0                         0      0        0
  MONTH TO DATE    0                         0      0        0
  SINCE JUN 1     35                        68    -33       29
  SINCE JUL 1      5                         6     -1        0

 COOLING
  TODAY            1                         7     -6        7
  MONTH TO DATE  166                       190    -24      195
  SINCE JUN 1    576                       612    -36      711
  SINCE JAN 1    597                       634    -37      753
..................................................................


WIND (MPH)
  HIGHEST WIND SPEED    15   HIGHEST WIND DIRECTION     E (110)
  HIGHEST GUST SPEED    19   HIGHEST GUST DIRECTION     E (110)
  AVERAGE WIND SPEED     5.6


SKY COVER **
  POSSIBLE SUNSHINE  MM
  AVERAGE SKY COVER 0.8


WEATHER CONDITIONS
 THE FOLLOWING WEATHER WAS RECORDED TODAY.
  LIGHT RAIN
  FOG


RELATIVE HUMIDITY (PERCENT)
 HIGHEST    90           400 AM
 LOWEST     57          1100 AM
 AVERAGE    74

..........................................................


THE DENVER CO CLIMATE NORMALS FOR TOMORROW
                         NORMAL    RECORD    YEAR
 MAXIMUM TEMPERATURE (F)   86        98      2011
                                             2009
                                             1878
 MINIMUM TEMPERATURE (F)   57        41      1964


SUNRISE AND SUNSET
AUGUST 22 2014........SUNRISE   617 AM MDT   SUNSET   746 PM MDT
AUGUST 23 2014........SUNRISE   618 AM MDT   SUNSET   745 PM MDT


-  INDICATES NEGATIVE NUMBERS.
R  INDICATES RECORD WAS SET OR TIED.
MM INDICATES DATA IS MISSING.
T  INDICATES TRACE AMOUNT.




$$
