000
CDUS45 KBOU 242336
CLIDEN


CLIMATE REPORT
NATIONAL WEATHER SERVICE DENVER/BOULDER CO
436 PM MST FRI NOV 24 2017


...................................

...THE DENVER CO CLIMATE SUMMARY FOR NOVEMBER 24 2017...
VALID TODAY AS OF 0400 PM LOCAL TIME.

CLIMATE NORMAL PERIOD 1981 TO 2010
CLIMATE RECORD PERIOD 1872 TO 2017


WEATHER ITEM   OBSERVED TIME   RECORD YEAR NORMAL DEPARTURE LAST
                VALUE   (LST)  VALUE       VALUE  FROM      YEAR
                                                  NORMAL
..................................................................
TEMPERATURE (F)
 TODAY
  MAXIMUM         71    122 PM  74    1990  48     23       49
  MINIMUM         47    426 AM  -8    1993  21     26       23
  AVERAGE         59                        34     25       36

PRECIPITATION (IN)
  TODAY            0.00          0.42 1946   0.01  -0.01     0.00
  MONTH TO DATE    0.29                      0.51  -0.22     0.52
  SINCE SEP 1      2.51                      2.49   0.02     1.06
  SINCE JAN 1     11.48                     13.85  -2.37    11.07

DEGREE DAYS
 HEATING
  TODAY            6                        31    -25       29
  MONTH TO DATE  473                       610   -137      415
  SINCE SEP 1   1050                      1175   -125      710
  SINCE JUL 1   1058                      1191   -133      725

 COOLING
  TODAY            0                         0      0        0
  MONTH TO DATE    0                         0      0        0
  SINCE SEP 1    132                        81     51      116
  SINCE JAN 1    881                       769    112      878
..................................................................


WIND (MPH)
  HIGHEST WIND SPEED    33   HIGHEST WIND DIRECTION    NE (40)
  HIGHEST GUST SPEED    40   HIGHEST GUST DIRECTION    NE (40)
  AVERAGE WIND SPEED    13.4


SKY COVER
  POSSIBLE SUNSHINE  MM
  AVERAGE SKY COVER 0.6


WEATHER CONDITIONS
 THE FOLLOWING WEATHER WAS RECORDED TODAY.
  NO SIGNIFICANT WEATHER WAS OBSERVED.


RELATIVE HUMIDITY (PERCENT)
 HIGHEST    43           400 PM
 LOWEST     16          1100 AM
 AVERAGE    30

..........................................................


THE DENVER CO CLIMATE NORMALS FOR TOMORROW
                         NORMAL    RECORD    YEAR
 MAXIMUM TEMPERATURE (F)   48        77      1990
 MINIMUM TEMPERATURE (F)   21        -7      1952


SUNRISE AND SUNSET
NOVEMBER 24 2017......SUNRISE   654 AM MST   SUNSET   437 PM MST
NOVEMBER 25 2017......SUNRISE   655 AM MST   SUNSET   436 PM MST


-  INDICATES NEGATIVE NUMBERS.
R  INDICATES RECORD WAS SET OR TIED.
MM INDICATES DATA IS MISSING.
T  INDICATES TRACE AMOUNT.




$$
