013
CDUS45 KBOU 292330
CLIDEN


CLIMATE REPORT
NATIONAL WEATHER SERVICE DENVER/BOULDER CO
529 PM MDT FRI JUL 29 2016


...................................

...THE DENVER CO CLIMATE SUMMARY FOR JULY 29 2016...
VALID TODAY AS OF 0500 PM LOCAL TIME.

CLIMATE NORMAL PERIOD 1981 TO 2010
CLIMATE RECORD PERIOD 1872 TO 2016


WEATHER ITEM   OBSERVED TIME   RECORD YEAR NORMAL DEPARTURE LAST
                VALUE   (LST)  VALUE       VALUE  FROM      YEAR
                                                  NORMAL
..................................................................
TEMPERATURE (F)
 TODAY
  MAXIMUM         89    359 PM  99    2005  90     -1       85
                                      1995
  MINIMUM         60    547 AM  47    1971  60      0       55
  AVERAGE         75                        75      0       70

PRECIPITATION (IN)
  TODAY            0.00          1.80 2014   0.08  -0.08     0.00
  MONTH TO DATE    1.06                      2.00  -0.94     1.06
  SINCE JUN 1      2.68                      3.98  -1.30     3.59
  SINCE JAN 1      9.78                      9.51   0.27    12.42

DEGREE DAYS
 HEATING
  TODAY            0                         0      0        0
  MONTH TO DATE    0                         1     -1        5
  SINCE JUN 1      4                        63    -59       16
  SINCE JUL 1      0                         1     -1        5

 COOLING
  TODAY           10                        10      0        5
  MONTH TO DATE  327                       269     58      230
  SINCE JUN 1    512                       402    110      384
  SINCE JAN 1    515                       424     91      388
..................................................................


WIND (MPH)
  HIGHEST WIND SPEED    16   HIGHEST WIND DIRECTION    NE (60)
  HIGHEST GUST SPEED    19   HIGHEST GUST DIRECTION    NE (50)
  AVERAGE WIND SPEED     7.3


SKY COVER **
  POSSIBLE SUNSHINE  MM
  AVERAGE SKY COVER 0.5


WEATHER CONDITIONS
 THE FOLLOWING WEATHER WAS RECORDED TODAY.
  NO SIGNIFICANT WEATHER WAS OBSERVED.


RELATIVE HUMIDITY (PERCENT)
 HIGHEST    90           400 AM
 LOWEST     21           400 PM
 AVERAGE    56

..........................................................


THE DENVER CO CLIMATE NORMALS FOR TOMORROW
                         NORMAL    RECORD    YEAR
 MAXIMUM TEMPERATURE (F)   90       101      2005
 MINIMUM TEMPERATURE (F)   60        43      1971


SUNRISE AND SUNSET
JULY 29 2016..........SUNRISE   555 AM MDT   SUNSET   815 PM MDT
JULY 30 2016..........SUNRISE   556 AM MDT   SUNSET   814 PM MDT


-  INDICATES NEGATIVE NUMBERS.
R  INDICATES RECORD WAS SET OR TIED.
MM INDICATES DATA IS MISSING.
T  INDICATES TRACE AMOUNT.




$$
