000
CDUS45 KBOU 032234
CLIDEN


CLIMATE REPORT
NATIONAL WEATHER SERVICE DENVER CO
434 PM MDT MON AUG 3 2015


...................................

...THE DENVER CO CLIMATE SUMMARY FOR AUGUST 3 2015...
VALID TODAY AS OF 0400 PM LOCAL TIME.

CLIMATE NORMAL PERIOD 1981 TO 2010
CLIMATE RECORD PERIOD 1872 TO 2015


WEATHER ITEM   OBSERVED TIME   RECORD YEAR NORMAL DEPARTURE LAST
                VALUE   (LST)  VALUE       VALUE  FROM      YEAR
                                                  NORMAL
..................................................................
TEMPERATURE (F)
 TODAY
  MAXIMUM         88    222 PM 100    1878  89     -1       88
  MINIMUM         63    311 AM  48    1911  60      3       56
  AVERAGE         76                        74      2       72

PRECIPITATION (IN)
  TODAY            0.00          1.93 1951   0.08  -0.08     0.00
  MONTH TO DATE    0.00                      0.22  -0.22     0.00
  SINCE JUN 1      3.59                      4.36  -0.77     5.67
  SINCE JAN 1     12.42                      9.89   2.53    12.38

DEGREE DAYS
 HEATING
  TODAY            0                         0      0        0
  MONTH TO DATE    0                         0      0        0
  SINCE JUN 1     16                        68    -52       35
  SINCE JUL 1      5                         6     -1        5

 COOLING
  TODAY           11                        10      1        7
  MONTH TO DATE   40                        30     10       15
  SINCE JUN 1    445                       452     -7      425
  SINCE JAN 1    449                       474    -25      446
..................................................................


WIND (MPH)
  HIGHEST WIND SPEED    28   HIGHEST WIND DIRECTION     S (180)
  HIGHEST GUST SPEED    36   HIGHEST GUST DIRECTION     S (170)
  AVERAGE WIND SPEED     9.9


SKY COVER **
  POSSIBLE SUNSHINE  MM
  AVERAGE SKY COVER 0.8


WEATHER CONDITIONS
 THE FOLLOWING WEATHER WAS RECORDED TODAY.
  NO SIGNIFICANT WEATHER WAS OBSERVED.


RELATIVE HUMIDITY (PERCENT)
 HIGHEST    65           300 AM
 LOWEST     12          1200 PM
 AVERAGE    39

..........................................................


THE DENVER CO CLIMATE NORMALS FOR TOMORROW
                         NORMAL    RECORD    YEAR
 MAXIMUM TEMPERATURE (F)   89        98      1981
                                             1979
 MINIMUM TEMPERATURE (F)   60        50      1978


SUNRISE AND SUNSET
AUGUST  3 2015........SUNRISE   559 AM MST   SUNSET   811 PM MST
AUGUST  4 2015........SUNRISE   600 AM MST   SUNSET   810 PM MST


-  INDICATES NEGATIVE NUMBERS.
R  INDICATES RECORD WAS SET OR TIED.
MM INDICATES DATA IS MISSING.
T  INDICATES TRACE AMOUNT.




$$
