000
CDUS44 KSHV 022132
CLIDEQ


CLIMATE REPORT
NATIONAL WEATHER SERVICE SHREVEPORT, LA
432 PM CDT SUN AUG 2 2015


...................................

...THE DE QUEEN CLIMATE SUMMARY FOR AUGUST 2 2015...
VALID TODAY AS OF 0400 PM LOCAL TIME.

CLIMATE NORMAL PERIOD 1981 TO 2010
CLIMATE RECORD PERIOD 1902 TO 2015


WEATHER ITEM   OBSERVED TIME   RECORD YEAR NORMAL DEPARTURE LAST
                VALUE   (LST)  VALUE       VALUE  FROM      YEAR
                                                  NORMAL
..................................................................
TEMPERATURE (F)
 TODAY
  MAXIMUM         97    252 PM 110    2011  93      4       87
  MINIMUM         65    603 AM  58    1965  70     -5       65
  AVERAGE         81                        81      0       76

PRECIPITATION (IN)
  TODAY            0.00          1.69 1976   0.06  -0.06     0.00
  MONTH TO DATE    0.00                      0.13  -0.13     0.03
  SINCE DEC 1     37.53                     33.91   3.62    26.78
  SINCE JAN 1     35.81                     29.55   6.26    24.85

DEGREE DAYS
 HEATING
  TODAY            0                         0      0        0
  MONTH TO DATE    0                         0      0        0
  SINCE JUN 1      0                         0      0        0
  SINCE JUL 1      0                         0      0        0

 COOLING
  TODAY           16                        16      0       11
  MONTH TO DATE   31                        32     -1       17
  SINCE JUN 1   1008                       907    101      696
  SINCE JAN 1   1242                      1124    118      903
..................................................................


WIND (MPH)
  HIGHEST WIND SPEED    10   HIGHEST WIND DIRECTION     S (190)
  HIGHEST GUST SPEED    15   HIGHEST GUST DIRECTION     S (180)
  AVERAGE WIND SPEED     2.4


SKY COVER
  POSSIBLE SUNSHINE  MM
  AVERAGE SKY COVER 0.0


WEATHER CONDITIONS
 THE FOLLOWING WEATHER WAS RECORDED TODAY.
  FOG


RELATIVE HUMIDITY (PERCENT)
 HIGHEST   100           100 AM
 LOWEST     30           100 PM
 AVERAGE    65

..........................................................


THE DE QUEEN CLIMATE NORMALS FOR TOMORROW
                         NORMAL    RECORD    YEAR
 MAXIMUM TEMPERATURE (F)   94       111      2011
 MINIMUM TEMPERATURE (F)   69        57      1950


SUNRISE AND SUNSET
AUGUST  2 2015........SUNRISE   630 AM CDT   SUNSET   818 PM CDT
AUGUST  3 2015........SUNRISE   630 AM CDT   SUNSET   817 PM CDT


-  INDICATES NEGATIVE NUMBERS.
R  INDICATES RECORD WAS SET OR TIED.
MM INDICATES DATA IS MISSING.
T  INDICATES TRACE AMOUNT.




$$
