000
CDUS44 KSHV 102241
CLIDEQ


CLIMATE REPORT
NATIONAL WEATHER SERVICE SHREVEPORT, LA
441 PM CST SUN DEC 10 2017


...................................

...THE DE QUEEN CLIMATE SUMMARY FOR DECEMBER 10 2017...
VALID TODAY AS OF 0400 PM LOCAL TIME.

CLIMATE NORMAL PERIOD 1981 TO 2010
CLIMATE RECORD PERIOD 1902 TO 2017


WEATHER ITEM   OBSERVED TIME   RECORD YEAR NORMAL DEPARTURE LAST
                VALUE   (LST)  VALUE       VALUE  FROM      YEAR
                                                  NORMAL
..................................................................
TEMPERATURE (F)
 TODAY
  MAXIMUM         68    341 PM  74    1970  56     12       45
  MINIMUM         21    703 AM  12    1977  31    -10       35
  AVERAGE         45                        43      2       40

PRECIPITATION (IN)
  TODAY            0.00          3.25 1971   0.12  -0.12     0.00
  MONTH TO DATE    0.90                      1.21  -0.31     0.87
  SINCE DEC 1      0.90                      1.21  -0.31     0.87
  SINCE JAN 1     36.42                     45.84  -9.42    35.69

SNOWFALL (IN)
  TODAY            0.0
  MONTH TO DATE    0.0
  SINCE DEC 1      0.0
  SINCE JUL 1      0.0
  SNOW DEPTH       0

DEGREE DAYS
 HEATING
  TODAY           20                        22     -2       25
  MONTH TO DATE  170                       205    -35      218
  SINCE DEC 1    170                       205    -35      218
  SINCE JUL 1    633                       731    -98      532

 COOLING
  TODAY            0                         0      0        0
  MONTH TO DATE    1                         0      1        0
  SINCE DEC 1      1                         0      1        0
  SINCE JAN 1   2089                      1941    148     2239
..................................................................


WIND (MPH)
  HIGHEST WIND SPEED    18   HIGHEST WIND DIRECTION     W (260)
  HIGHEST GUST SPEED    22   HIGHEST GUST DIRECTION     W (260)
  AVERAGE WIND SPEED     4.7


SKY COVER
  POSSIBLE SUNSHINE  MM
  AVERAGE SKY COVER 0.0


WEATHER CONDITIONS
 THE FOLLOWING WEATHER WAS RECORDED TODAY.
  NO SIGNIFICANT WEATHER WAS OBSERVED.


RELATIVE HUMIDITY (PERCENT)
 HIGHEST   100           100 AM
 LOWEST     20           300 PM
 AVERAGE    60

..........................................................


THE DE QUEEN CLIMATE NORMALS FOR TOMORROW
                         NORMAL    RECORD    YEAR
 MAXIMUM TEMPERATURE (F)   56        77      2007
 MINIMUM TEMPERATURE (F)   31        14      1995


SUNRISE AND SUNSET
DECEMBER 10 2017......SUNRISE   712 AM CST   SUNSET   509 PM CST
DECEMBER 11 2017......SUNRISE   713 AM CST   SUNSET   509 PM CST


-  INDICATES NEGATIVE NUMBERS.
R  INDICATES RECORD WAS SET OR TIED.
MM INDICATES DATA IS MISSING.
T  INDICATES TRACE AMOUNT.




$$
