000
CDUS44 KSHV 220737
CLIDEQ


CLIMATE REPORT
NATIONAL WEATHER SERVICE SHREVEPORT, LA
237 AM CDT MON MAY 22 2017


...................................

...THE DE QUEEN CLIMATE SUMMARY FOR MAY 21 2017...

CLIMATE NORMAL PERIOD 1981 TO 2010
CLIMATE RECORD PERIOD 1902 TO 2017


WEATHER ITEM   OBSERVED TIME   RECORD YEAR NORMAL DEPARTURE LAST
                VALUE   (LST)  VALUE       VALUE  FROM      YEAR
                                                  NORMAL
..................................................................
TEMPERATURE (F)
 YESTERDAY
  MAXIMUM         81    411 PM  91    2005  82     -1       84
                                      1964
  MINIMUM         57    343 AM  43    1981  60     -3       53
  AVERAGE         69                        71     -2       69

PRECIPITATION (IN)
  YESTERDAY        0.00          2.05 1985   0.14  -0.14     0.00
  MONTH TO DATE    2.58                      4.21  -1.63     1.11
  SINCE DEC 1     21.83                     24.14  -2.31    28.59
  SINCE JAN 1     19.12                     19.78  -0.66    18.31

SNOWFALL (IN)
  YESTERDAY        0.0
  MONTH TO DATE    0.0
  SINCE MAR 1      0.0
  SINCE JUL 1      0.3
  SNOW DEPTH       0

DEGREE DAYS
 HEATING
  YESTERDAY        0                         0      0        0
  MONTH TO DATE   19                        21     -2       27
  SINCE MAR 1    327                       551   -224      370
  SINCE JUL 1   2096                      3042   -946     2322

 COOLING
  YESTERDAY        4                         6     -2        4
  MONTH TO DATE   97                        93      4       52
  SINCE MAR 1    194                       138     56      102
  SINCE JAN 1    204                       140     64      102
..................................................................


WIND (MPH)
  HIGHEST WIND SPEED    15   HIGHEST WIND DIRECTION    NE (30)
  HIGHEST GUST SPEED    20   HIGHEST GUST DIRECTION    NE (30)
  AVERAGE WIND SPEED     4.0


SKY COVER
  POSSIBLE SUNSHINE  MM
  AVERAGE SKY COVER 0.1


WEATHER CONDITIONS
 THE FOLLOWING WEATHER WAS RECORDED YESTERDAY.
  FOG


RELATIVE HUMIDITY (PERCENT)
 HIGHEST   100           100 AM
 LOWEST     35           100 PM
 AVERAGE    68

..........................................................


THE DE QUEEN CLIMATE NORMALS FOR TODAY
                         NORMAL    RECORD    YEAR
 MAXIMUM TEMPERATURE (F)   82        93      2005
 MINIMUM TEMPERATURE (F)   61        44      1981


SUNRISE AND SUNSET
MAY 22 2017...........SUNRISE   611 AM CDT   SUNSET   818 PM CDT
MAY 23 2017...........SUNRISE   611 AM CDT   SUNSET   818 PM CDT


-  INDICATES NEGATIVE NUMBERS.
R  INDICATES RECORD WAS SET OR TIED.
MM INDICATES DATA IS MISSING.
T  INDICATES TRACE AMOUNT.




$$
