000
CDUS44 KSHV 262245
CLIDEQ


CLIMATE REPORT
NATIONAL WEATHER SERVICE SHREVEPORT, LA
445 PM CST WED NOV 26 2014


...................................

...THE DE QUEEN CLIMATE SUMMARY FOR NOVEMBER 26 2014...
VALID TODAY AS OF 0400 PM LOCAL TIME.

CLIMATE NORMAL PERIOD 1981 TO 2010
CLIMATE RECORD PERIOD 1902 TO 2014


WEATHER ITEM   OBSERVED TIME   RECORD YEAR NORMAL DEPARTURE LAST
                VALUE   (LST)  VALUE       VALUE  FROM      YEAR
                                                  NORMAL
..................................................................
TEMPERATURE (F)
 TODAY
  MAXIMUM         61    225 PM  85    1965  61      0       51
  MINIMUM         28    630 AM  17    1938  35     -7       34
  AVERAGE         45                        48     -3       43

PRECIPITATION (IN)
  TODAY            0.00          2.50 1988   0.15  -0.15     0.00
  MONTH TO DATE    2.15                      4.33  -2.18     3.88
  SINCE DEC 1     42.67                     48.41  -5.74    36.84
  SINCE JAN 1     40.74                     44.05  -3.31    32.79

SNOWFALL (IN)
  TODAY            0.0
  MONTH TO DATE    0.5
  SINCE SEP 1      0.5
  SINCE JUL 1      0.5
  SNOW DEPTH       0

DEGREE DAYS
 HEATING
  TODAY           20                        17      3       22
  MONTH TO DATE  493                       319    174      367
  SINCE SEP 1    574                       452    122      511
  SINCE JUL 1    574                       452    122      511

 COOLING
  TODAY            0                         0      0        0
  MONTH TO DATE    0                         5     -5        6
  SINCE SEP 1    380                       347     33      466
  SINCE JAN 1   1710                      1939   -229     2029
..................................................................


WIND (MPH)
  HIGHEST WIND SPEED    18   HIGHEST WIND DIRECTION    NW (310)
  HIGHEST GUST SPEED    25   HIGHEST GUST DIRECTION    NW (320)
  AVERAGE WIND SPEED     4.5


SKY COVER
  POSSIBLE SUNSHINE  MM
  AVERAGE SKY COVER 0.1


WEATHER CONDITIONS
 THE FOLLOWING WEATHER WAS RECORDED TODAY.
  FOG
  FOG W/VISIBILITY <= 1/4 MILE


RELATIVE HUMIDITY (PERCENT)
 HIGHEST   100           100 AM
 LOWEST     32           200 PM
 AVERAGE    66

..........................................................


THE DE QUEEN CLIMATE NORMALS FOR TOMORROW
                         NORMAL    RECORD    YEAR
 MAXIMUM TEMPERATURE (F)   60        80      1981
 MINIMUM TEMPERATURE (F)   34        13      1938


SUNRISE AND SUNSET
NOVEMBER 26 2014......SUNRISE   700 AM CST   SUNSET   509 PM CST
NOVEMBER 27 2014......SUNRISE   701 AM CST   SUNSET   509 PM CST


-  INDICATES NEGATIVE NUMBERS.
R  INDICATES RECORD WAS SET OR TIED.
MM INDICATES DATA IS MISSING.
T  INDICATES TRACE AMOUNT.




$$
