000
CDUS44 KSHV 250751
CLIDEQ


CLIMATE REPORT
NATIONAL WEATHER SERVICE SHREVEPORT, LA
251 AM CDT SAT MAR 25 2017


...................................

...THE DE QUEEN CLIMATE SUMMARY FOR MARCH 24 2017...

CLIMATE NORMAL PERIOD 1981 TO 2010
CLIMATE RECORD PERIOD 1902 TO 2017


WEATHER ITEM   OBSERVED TIME   RECORD YEAR NORMAL DEPARTURE LAST
                VALUE   (LST)  VALUE       VALUE  FROM      YEAR
                                                  NORMAL
..................................................................
TEMPERATURE (F)
 YESTERDAY
  MAXIMUM         76   1154 AM  88    1995  68      8       67
  MINIMUM         59    622 AM  23    1968  42     17       39
  AVERAGE         68                        55     13       53

PRECIPITATION (IN)
  YESTERDAY        0.73          1.43 1937   0.18   0.55     0.34
  MONTH TO DATE    2.43                      3.33  -0.90     3.53
  SINCE DEC 1      9.32                     14.69  -5.37    16.06
  SINCE JAN 1      6.61                     10.33  -3.72     5.78

SNOWFALL (IN)
  YESTERDAY        0.0
  MONTH TO DATE    0.0
  SINCE MAR 1      0.0
  SINCE JUL 1      0.3
  SNOW DEPTH       0

DEGREE DAYS
 HEATING
  YESTERDAY        0                        10    -10       12
  MONTH TO DATE  207                       310   -103      199
  SINCE MAR 1    207                       310   -103      199
  SINCE JUL 1   1976                      2801   -825     2151

 COOLING
  YESTERDAY        3                         0      3        0
  MONTH TO DATE   26                         0     26        5
  SINCE MAR 1     26                         0     26        5
  SINCE JAN 1     36                         2     34        5
..................................................................


WIND (MPH)
  HIGHEST WIND SPEED    29   HIGHEST WIND DIRECTION     W (250)
  HIGHEST GUST SPEED    39   HIGHEST GUST DIRECTION    SW (240)
  AVERAGE WIND SPEED     8.6


SKY COVER
  POSSIBLE SUNSHINE  MM
  AVERAGE SKY COVER 0.5


WEATHER CONDITIONS
 THE FOLLOWING WEATHER WAS RECORDED YESTERDAY.
  THUNDERSTORM
  HEAVY RAIN
  RAIN
  LIGHT RAIN
  FOG


RELATIVE HUMIDITY (PERCENT)
 HIGHEST   100           400 PM
 LOWEST     44          1200 AM
 AVERAGE    72

..........................................................


THE DE QUEEN CLIMATE NORMALS FOR TODAY
                         NORMAL    RECORD    YEAR
 MAXIMUM TEMPERATURE (F)   68        84      1963
 MINIMUM TEMPERATURE (F)   42        25      1966


SUNRISE AND SUNSET
MARCH 25 2017.........SUNRISE   714 AM CDT   SUNSET   733 PM CDT
MARCH 26 2017.........SUNRISE   713 AM CDT   SUNSET   734 PM CDT


-  INDICATES NEGATIVE NUMBERS.
R  INDICATES RECORD WAS SET OR TIED.
MM INDICATES DATA IS MISSING.
T  INDICATES TRACE AMOUNT.




$$
