000
CDUS44 KSHV 300741
CLIDEQ


CLIMATE REPORT
NATIONAL WEATHER SERVICE SHREVEPORT, LA
241 AM CDT SUN AUG 30 2015


...................................

...THE DE QUEEN CLIMATE SUMMARY FOR AUGUST 29 2015...

CLIMATE NORMAL PERIOD 1981 TO 2010
CLIMATE RECORD PERIOD 1902 TO 2015


WEATHER ITEM   OBSERVED TIME   RECORD YEAR NORMAL DEPARTURE LAST
                VALUE   (LST)  VALUE       VALUE  FROM      YEAR
                                                  NORMAL
..................................................................
TEMPERATURE (F)
 YESTERDAY
  MAXIMUM         89    331 PM 108    1954  93     -4       88
  MINIMUM         66    141 AM  52    1986  67     -1       71
  AVERAGE         78                        80     -2       80

PRECIPITATION (IN)
  YESTERDAY        0.01          2.18 1978   0.07  -0.06     0.11
  MONTH TO DATE    0.83                      2.00  -1.17     1.53
  SINCE DEC 1     38.36                     35.78   2.58    28.28
  SINCE JAN 1     36.64                     31.42   5.22    26.35

SNOWFALL (IN)
  YESTERDAY        0.0
  MONTH TO DATE    0.0
  SINCE JUN 1      0.0
  SINCE JUL 1      0.0
  SNOW DEPTH       0

DEGREE DAYS
 HEATING
  YESTERDAY        0                         0      0        0
  MONTH TO DATE    0                         0      0        0
  SINCE JUN 1      0                         0      0        0
  SINCE JUL 1      0                         0      0        0

 COOLING
  YESTERDAY       13                        15     -2       15
  MONTH TO DATE  451                       474    -23      413
  SINCE JUN 1   1428                      1349     79     1092
  SINCE JAN 1   1662                      1566     96     1299
..................................................................


WIND (MPH)
  HIGHEST WIND SPEED    10   HIGHEST WIND DIRECTION    SE (120)
  HIGHEST GUST SPEED    13   HIGHEST GUST DIRECTION     S (160)
  AVERAGE WIND SPEED     2.3


SKY COVER
  POSSIBLE SUNSHINE  MM
  AVERAGE SKY COVER 0.2


WEATHER CONDITIONS
 THE FOLLOWING WEATHER WAS RECORDED YESTERDAY.
  LIGHT RAIN
  FOG


RELATIVE HUMIDITY (PERCENT)
 HIGHEST   100           500 AM
 LOWEST     59           400 PM
 AVERAGE    80

..........................................................


THE DE QUEEN CLIMATE NORMALS FOR TODAY
                         NORMAL    RECORD    YEAR
 MAXIMUM TEMPERATURE (F)   93       109      1954
 MINIMUM TEMPERATURE (F)   67        52      1986


SUNRISE AND SUNSET
AUGUST 30 2015........SUNRISE   650 AM CDT   SUNSET   746 PM CDT
AUGUST 31 2015........SUNRISE   650 AM CDT   SUNSET   745 PM CDT


-  INDICATES NEGATIVE NUMBERS.
R  INDICATES RECORD WAS SET OR TIED.
MM INDICATES DATA IS MISSING.
T  INDICATES TRACE AMOUNT.




$$
