000
CDUS44 KSHV 230850
CLIDEQ


CLIMATE REPORT
NATIONAL WEATHER SERVICE SHREVEPORT, LA
249 AM CST FRI FEB 23 2018


...................................

...THE DE QUEEN CLIMATE SUMMARY FOR FEBRUARY 22 2018...

CLIMATE NORMAL PERIOD 1981 TO 2010
CLIMATE RECORD PERIOD 1902 TO 2018


WEATHER ITEM   OBSERVED TIME   RECORD YEAR NORMAL DEPARTURE LAST
                VALUE   (LST)  VALUE       VALUE  FROM      YEAR
                                                  NORMAL
..................................................................
TEMPERATURE (F)
 YESTERDAY
  MAXIMUM         49   1015 AM  88    1996  60    -11       75
  MINIMUM         46    742 AM  14    1963  34     12       44
  AVERAGE         48                        47      1       60

PRECIPITATION (IN)
  YESTERDAY        1.09          1.45 1994   0.11   0.98     0.00
  MONTH TO DATE    7.19                      3.08   4.11     1.09
  SINCE DEC 1     14.67                     10.76   3.91     6.41
  SINCE JAN 1      9.42                      6.40   3.02     3.70

SNOWFALL (IN)
  YESTERDAY       MM
  MONTH TO DATE    T
  SINCE DEC 1      0.1
  SINCE JUL 1      0.1
  SNOW DEPTH       0

DEGREE DAYS
 HEATING
  YESTERDAY       17                        18     -1        5
  MONTH TO DATE  412                       454    -42      254
  SINCE DEC 1   1849                      1864    -15     1391
  SINCE JUL 1   2312                      2390    -78     1705

 COOLING
  YESTERDAY        0                         0      0        0
  MONTH TO DATE    1                         0      1        4
  SINCE DEC 1      2                         1      1        9
  SINCE JAN 1      1                         1      0        7
..................................................................


WIND (MPH)
  HIGHEST WIND SPEED    20   HIGHEST WIND DIRECTION     E (110)
  HIGHEST GUST SPEED    25   HIGHEST GUST DIRECTION    SE (120)
  AVERAGE WIND SPEED     5.8


SKY COVER
  POSSIBLE SUNSHINE  MM
  AVERAGE SKY COVER 1.0


WEATHER CONDITIONS
 THE FOLLOWING WEATHER WAS RECORDED YESTERDAY.
  THUNDERSTORM
  HEAVY RAIN
  RAIN
  LIGHT RAIN
  FOG
  FOG W/VISIBILITY <= 1/4 MILE


RELATIVE HUMIDITY (PERCENT)
 HIGHEST   100          1200 AM
 LOWEST     93           300 AM
 AVERAGE    97

..........................................................


THE DE QUEEN CLIMATE NORMALS FOR TODAY
                         NORMAL    RECORD    YEAR
 MAXIMUM TEMPERATURE (F)   61        85      1982
 MINIMUM TEMPERATURE (F)   34        18      1967


SUNRISE AND SUNSET
FEBRUARY 23 2018......SUNRISE   653 AM CST   SUNSET   609 PM CST
FEBRUARY 24 2018......SUNRISE   652 AM CST   SUNSET   610 PM CST


-  INDICATES NEGATIVE NUMBERS.
R  INDICATES RECORD WAS SET OR TIED.
MM INDICATES DATA IS MISSING.
T  INDICATES TRACE AMOUNT.




$$
