708
CDUS44 KSHV 200851
CLIDEQ


CLIMATE REPORT
NATIONAL WEATHER SERVICE SHREVEPORT, LA
251 AM CST FRI JAN 20 2017


...................................

...THE DE QUEEN CLIMATE SUMMARY FOR JANUARY 19 2017...

CLIMATE NORMAL PERIOD 1981 TO 2010
CLIMATE RECORD PERIOD 1902 TO 2017


WEATHER ITEM   OBSERVED TIME   RECORD YEAR NORMAL DEPARTURE LAST
                VALUE   (LST)  VALUE       VALUE  FROM      YEAR
                                                  NORMAL
..................................................................
TEMPERATURE (F)
 YESTERDAY
  MAXIMUM         56   1106 PM  80    1952  54      2       44
  MINIMUM         48    106 AM   0    1940  29     19       25
  AVERAGE         52                        41     11       35

PRECIPITATION (IN)
  YESTERDAY        0.00          2.68 1990   0.09  -0.09     0.05
  MONTH TO DATE    2.59                      2.05   0.54     0.72
  SINCE DEC 1      5.30                      6.41  -1.11    11.00
  SINCE JAN 1      2.59                      2.05   0.54     0.72

SNOWFALL (IN)
  YESTERDAY        0.0
  MONTH TO DATE    0.3
  SINCE DEC 1      0.3
  SINCE JUL 1      0.3
  SNOW DEPTH       0

DEGREE DAYS
 HEATING
  YESTERDAY       13                        24    -11       30
  MONTH TO DATE  345                       450   -105      441
  SINCE DEC 1    936                      1133   -197      893
  SINCE JUL 1   1250                      1659   -409     1234

 COOLING
  YESTERDAY        0                         0      0        0
  MONTH TO DATE    3                         0      3        0
  SINCE DEC 1      5                         0      5        3
  SINCE JAN 1      3                         0      3        0
..................................................................


WIND (MPH)
  HIGHEST WIND SPEED     8   HIGHEST WIND DIRECTION     S (200)
  HIGHEST GUST SPEED    11   HIGHEST GUST DIRECTION     S (180)
  AVERAGE WIND SPEED     2.3


SKY COVER
  POSSIBLE SUNSHINE  MM
  AVERAGE SKY COVER 1.0


WEATHER CONDITIONS
 THE FOLLOWING WEATHER WAS RECORDED YESTERDAY.
  FOG


RELATIVE HUMIDITY (PERCENT)
 HIGHEST   100          1200 AM
 LOWEST     93          1000 PM
 AVERAGE    97

..........................................................


THE DE QUEEN CLIMATE NORMALS FOR TODAY
                         NORMAL    RECORD    YEAR
 MAXIMUM TEMPERATURE (F)   54        80      1954
 MINIMUM TEMPERATURE (F)   29         5      1985


SUNRISE AND SUNSET
JANUARY 20 2017.......SUNRISE   721 AM CST   SUNSET   537 PM CST
JANUARY 21 2017.......SUNRISE   721 AM CST   SUNSET   538 PM CST


-  INDICATES NEGATIVE NUMBERS.
R  INDICATES RECORD WAS SET OR TIED.
MM INDICATES DATA IS MISSING.
T  INDICATES TRACE AMOUNT.




$$
