781
CDUS44 KSHV 252132
CLIDEQ


CLIMATE REPORT
NATIONAL WEATHER SERVICE SHREVEPORT, LA
431 PM CDT SUN JUN 25 2017


...................................

...THE DE QUEEN CLIMATE SUMMARY FOR JUNE 25 2017...
VALID TODAY AS OF 0400 PM LOCAL TIME.

CLIMATE NORMAL PERIOD 1981 TO 2010
CLIMATE RECORD PERIOD 1902 TO 2017


WEATHER ITEM   OBSERVED TIME   RECORD YEAR NORMAL DEPARTURE LAST
                VALUE   (LST)  VALUE       VALUE  FROM      YEAR
                                                  NORMAL
..................................................................
TEMPERATURE (F)
 TODAY
  MAXIMUM         86    259 PM 106    2012  91     -5       93
  MINIMUM         63    530 AM  53    1974  69     -6       70
  AVERAGE         75                        80     -5       82

PRECIPITATION (IN)
  TODAY            0.00          2.10 1976   0.13  -0.13     0.00
  MONTH TO DATE    1.75                      3.80  -2.05     3.78
  SINCE DEC 1     24.21                     29.29  -5.08    32.63
  SINCE JAN 1     21.50                     24.93  -3.43    22.35

DEGREE DAYS
 HEATING
  TODAY            0                         0      0        0
  MONTH TO DATE    0                         0      0        0
  SINCE JUN 1      0                         0      0        0
  SINCE JUL 1   2101                      3042   -941     2322

 COOLING
  TODAY           10                        15     -5       17
  MONTH TO DATE  317                       302     15      356
  SINCE JUN 1    317                       302     15      356
  SINCE JAN 1    597                       519     78      553
..................................................................


WIND (MPH)
  HIGHEST WIND SPEED    16   HIGHEST WIND DIRECTION    SE (120)
  HIGHEST GUST SPEED    22   HIGHEST GUST DIRECTION    SE (130)
  AVERAGE WIND SPEED     4.0


SKY COVER
  POSSIBLE SUNSHINE  MM
  AVERAGE SKY COVER 0.3


WEATHER CONDITIONS
 THE FOLLOWING WEATHER WAS RECORDED TODAY.
  FOG


RELATIVE HUMIDITY (PERCENT)
 HIGHEST   100           100 AM
 LOWEST     42           300 PM
 AVERAGE    71

..........................................................


THE DE QUEEN CLIMATE NORMALS FOR TOMORROW
                         NORMAL    RECORD    YEAR
 MAXIMUM TEMPERATURE (F)   91       100      2012
                                             1956
 MINIMUM TEMPERATURE (F)   69        52      1974


SUNRISE AND SUNSET
JUNE 25 2017..........SUNRISE   608 AM CDT   SUNSET   833 PM CDT
JUNE 26 2017..........SUNRISE   608 AM CDT   SUNSET   833 PM CDT


-  INDICATES NEGATIVE NUMBERS.
R  INDICATES RECORD WAS SET OR TIED.
MM INDICATES DATA IS MISSING.
T  INDICATES TRACE AMOUNT.




$$
